000
CDUS43 KIND 230531
CLILAF


CLIMATE REPORT
NATIONAL WEATHER SERVICE INDIANAPOLIS IN
130 AM EDT TUE MAY 23 2017


...................................

...THE LAFAYETTE IN CLIMATE SUMMARY FOR MAY 22 2017...

CLIMATE NORMAL PERIOD 1981 TO 2010
CLIMATE RECORD PERIOD 9999 TO 9999


WEATHER ITEM   OBSERVED TIME   NORMAL DEPARTURE LAST
                VALUE   (LST)  VALUE  FROM      YEAR
                                      NORMAL
......................................................
TEMPERATURE (F)
 YESTERDAY
  MAXIMUM         71    426 PM  75     -4       81
  MINIMUM         46    531 AM  53     -7       43
  AVERAGE         59            64     -5       62

PRECIPITATION (IN)
  YESTERDAY        0.00          0.14  -0.14     0.00
  MONTH TO DATE    6.61          2.93   3.68     1.76
  SINCE MAR 1     14.88          9.14   5.74     9.19
  SINCE JAN 1     19.78         12.76   7.02    11.92

DEGREE DAYS
 HEATING
  YESTERDAY        6             4      2        3
  MONTH TO DATE  186           134     52      205
  SINCE MAR 1   1191          1290    -99     1208
  SINCE JUL 1   4879          5624   -745     5016

 COOLING
  YESTERDAY        0             3     -3        0
  MONTH TO DATE   36            35      1        4
  SINCE MAR 1     50            48      2        6
  SINCE JAN 1     50            48      2        6
......................................................


WIND (MPH)
  HIGHEST WIND SPEED    14   HIGHEST WIND DIRECTION    SW (230)
  HIGHEST GUST SPEED    20   HIGHEST GUST DIRECTION    SW (220)
  AVERAGE WIND SPEED     5.6


SKY COVER
  AVERAGE SKY COVER 0.2


WEATHER CONDITIONS
 THE FOLLOWING WEATHER WAS RECORDED YESTERDAY.
  NO SIGNIFICANT WEATHER WAS OBSERVED.


RELATIVE HUMIDITY (PERCENT)
 HIGHEST    93           300 AM
 LOWEST     44           300 PM
 AVERAGE    69

..........................................................


THE LAFAYETTE IN CLIMATE NORMALS FOR TODAY
                         NORMAL
 MAXIMUM TEMPERATURE (F)   75
 MINIMUM TEMPERATURE (F)   53


SUNRISE AND SUNSET
MAY 23 2017...........SUNRISE   625 AM EDT   SUNSET   905 PM EDT
MAY 24 2017...........SUNRISE   624 AM EDT   SUNSET   906 PM EDT


-  INDICATES NEGATIVE NUMBERS.
R  INDICATES RECORD WAS SET OR TIED.
MM INDICATES DATA IS MISSING.
T  INDICATES TRACE AMOUNT.




$$
