000
CDUS43 KIND 300534
CLILAF


CLIMATE REPORT
NATIONAL WEATHER SERVICE INDIANAPOLIS IN
133 AM EDT TUE AUG 30 2016


...................................

...THE LAFAYETTE IN CLIMATE SUMMARY FOR AUGUST 29 2016...

CLIMATE NORMAL PERIOD 1981 TO 2010
CLIMATE RECORD PERIOD 9999 TO 9999


WEATHER ITEM   OBSERVED TIME   NORMAL DEPARTURE LAST
                VALUE   (LST)  VALUE  FROM      YEAR
                                      NORMAL
......................................................
TEMPERATURE (F)
 YESTERDAY
  MAXIMUM         88    207 PM  83      5       80
  MINIMUM         69    655 AM  61      8       63
  AVERAGE         79            72      7       72

PRECIPITATION (IN)
  YESTERDAY        0.57          0.11   0.46      T
  MONTH TO DATE    5.20          3.26   1.94     0.74
  SINCE JUN 1     15.23         11.33   3.90    15.07
  SINCE JAN 1     27.34         25.35   1.99    24.01

DEGREE DAYS
 HEATING
  YESTERDAY        0             0      0        0
  MONTH TO DATE    0             0      0        3
  SINCE JUN 1     20            23     -3       29
  SINCE JUL 1     10             1      9        9

 COOLING
  YESTERDAY       14             7      7        7
  MONTH TO DATE  311           248     63      151
  SINCE JUN 1    823           762     61      551
  SINCE JAN 1    891           839     52      640
......................................................


WIND (MPH)
  HIGHEST WIND SPEED    12   HIGHEST WIND DIRECTION     S (200)
  HIGHEST GUST SPEED    16   HIGHEST GUST DIRECTION     S (180)
  AVERAGE WIND SPEED     2.9


SKY COVER
  AVERAGE SKY COVER 0.2


WEATHER CONDITIONS
 THE FOLLOWING WEATHER WAS RECORDED YESTERDAY.
  THUNDERSTORM
  HEAVY RAIN
  RAIN
  LIGHT RAIN
  FOG
  HAZE


RELATIVE HUMIDITY (PERCENT)
 HIGHEST   100           500 AM
 LOWEST     59           200 PM
 AVERAGE    80

..........................................................


THE LAFAYETTE IN CLIMATE NORMALS FOR TODAY
                         NORMAL
 MAXIMUM TEMPERATURE (F)   83
 MINIMUM TEMPERATURE (F)   61


SUNRISE AND SUNSET
AUGUST 30 2016........SUNRISE   714 AM EDT   SUNSET   822 PM EDT
AUGUST 31 2016........SUNRISE   715 AM EDT   SUNSET   820 PM EDT


-  INDICATES NEGATIVE NUMBERS.
R  INDICATES RECORD WAS SET OR TIED.
MM INDICATES DATA IS MISSING.
T  INDICATES TRACE AMOUNT.




$$
