000
CDUS43 KIND 010533
CLILAF


CLIMATE REPORT
NATIONAL WEATHER SERVICE INDIANAPOLIS IN
133 AM EDT WED JUL 1 2015


...................................

...THE LAFAYETTE IN CLIMATE SUMMARY FOR JUNE 30 2015...

CLIMATE NORMAL PERIOD 1981 TO 2010
CLIMATE RECORD PERIOD 9999 TO 9999


WEATHER ITEM   OBSERVED TIME   NORMAL DEPARTURE LAST
                VALUE   (LST)  VALUE  FROM      YEAR
                                      NORMAL
......................................................
TEMPERATURE (F)
 YESTERDAY
  MAXIMUM         80    345 PM  85     -5       86
  MINIMUM         60    339 AM  64     -4       70
  AVERAGE         70            74     -4       78

PRECIPITATION (IN)
  YESTERDAY        0.25          0.13   0.12     0.02
  MONTH TO DATE    7.66          4.10   3.56     4.47
  SINCE JUN 1      7.66          4.10   3.56     4.47
  SINCE JAN 1     16.60         18.12  -1.52    17.30

DEGREE DAYS
 HEATING
  YESTERDAY        0             0      0        0
  MONTH TO DATE   20            22     -2        6
  SINCE JUN 1     20            22     -2        6
  SINCE JUL 1   6503          5672    831     6552

 COOLING
  YESTERDAY        5            10     -5       13
  MONTH TO DATE  183           217    -34      225
  SINCE JUN 1    183           217    -34      225
  SINCE JAN 1    272           294    -22      322
......................................................


WIND (MPH)
  HIGHEST WIND SPEED    17   HIGHEST WIND DIRECTION     W (280)
  HIGHEST GUST SPEED    23   HIGHEST GUST DIRECTION    NW (320)
  AVERAGE WIND SPEED     6.8


SKY COVER
  AVERAGE SKY COVER 0.4


WEATHER CONDITIONS
 THE FOLLOWING WEATHER WAS RECORDED YESTERDAY.
  THUNDERSTORM
  HEAVY RAIN
  RAIN
  LIGHT RAIN
  FOG
  FOG W/VISIBILITY <= 1/4 MILE
  HAZE


RELATIVE HUMIDITY (PERCENT)
 HIGHEST   100          1200 AM
 LOWEST     58           200 PM
 AVERAGE    79

..........................................................


THE LAFAYETTE IN CLIMATE NORMALS FOR TODAY
                         NORMAL
 MAXIMUM TEMPERATURE (F)   85
 MINIMUM TEMPERATURE (F)   64


SUNRISE AND SUNSET
JULY  1 2015..........SUNRISE   621 AM EDT   SUNSET   922 PM EDT
JULY  2 2015..........SUNRISE   622 AM EDT   SUNSET   922 PM EDT


-  INDICATES NEGATIVE NUMBERS.
R  INDICATES RECORD WAS SET OR TIED.
MM INDICATES DATA IS MISSING.
T  INDICATES TRACE AMOUNT.




$$
