000
CDUS43 KIND 300536
CLILAF


CLIMATE REPORT
NATIONAL WEATHER SERVICE INDIANAPOLIS IN
1236 AM EST FRI JAN 30 2015


...................................

...THE LAFAYETTE IN CLIMATE SUMMARY FOR JANUARY 29 2015...

CLIMATE NORMAL PERIOD 1981 TO 2010
CLIMATE RECORD PERIOD 9999 TO 9999


WEATHER ITEM   OBSERVED TIME   NORMAL DEPARTURE LAST
                VALUE   (LST)  VALUE  FROM      YEAR
                                      NORMAL
......................................................
TEMPERATURE (F)
 YESTERDAY
  MAXIMUM         42    915 AM  35      7       25
  MINIMUM         32    635 PM  19     13       -1
  AVERAGE         37            27     10       12

PRECIPITATION (IN)
  YESTERDAY        0.00          0.06  -0.06     0.00
  MONTH TO DATE    1.25          1.75  -0.50     0.83
  SINCE DEC 1      3.04          4.26  -1.22     3.41
  SINCE JAN 1      1.25          1.75  -0.50     0.83

DEGREE DAYS
 HEATING
  YESTERDAY       28            38    -10       53
  MONTH TO DATE 1214          1121     93     1253
  SINCE DEC 1   2225          2195     30     2415
  SINCE JUL 1   3677          3296    381     3591

 COOLING
  YESTERDAY        0             0      0        0
  MONTH TO DATE    0             0      0        0
  SINCE DEC 1      0             0      0        0
  SINCE JAN 1      0             0      0        0
......................................................


WIND (MPH)
  HIGHEST WIND SPEED    23   HIGHEST WIND DIRECTION    NW (300)
  HIGHEST GUST SPEED    28   HIGHEST GUST DIRECTION     W (270)
  AVERAGE WIND SPEED    11.4


SKY COVER
  AVERAGE SKY COVER 0.8


WEATHER CONDITIONS
 THE FOLLOWING WEATHER WAS RECORDED YESTERDAY.
  FOG
  HAZE


RELATIVE HUMIDITY (PERCENT)
 HIGHEST    89           100 PM
 LOWEST     52           100 AM
 AVERAGE    71

..........................................................


THE LAFAYETTE IN CLIMATE NORMALS FOR TODAY
                         NORMAL
 MAXIMUM TEMPERATURE (F)   35
 MINIMUM TEMPERATURE (F)   19


SUNRISE AND SUNSET
JANUARY 30 2015.......SUNRISE   759 AM EST   SUNSET   603 PM EST
JANUARY 31 2015.......SUNRISE   758 AM EST   SUNSET   605 PM EST


-  INDICATES NEGATIVE NUMBERS.
R  INDICATES RECORD WAS SET OR TIED.
MM INDICATES DATA IS MISSING.
T  INDICATES TRACE AMOUNT.




$$
