000
CDUS45 KCYS 310728
CLILAR


CLIMATE REPORT
NATIONAL WEATHER SERVICE CHEYENNE WY
127 AM MDT TUE MAY 31 2016


...................................

...THE LARAMIE WY AIRPORT CLIMATE SUMMARY FOR MAY 30 2016...

CLIMATE NORMAL PERIOD 1981 TO 2010
CLIMATE RECORD PERIOD 1948 TO 2016


WEATHER ITEM   OBSERVED TIME   RECORD YEAR NORMAL DEPARTURE LAST
                VALUE   (LST)  VALUE       VALUE  FROM      YEAR
                                                  NORMAL
..................................................................
TEMPERATURE (F)
 YESTERDAY
  MAXIMUM         66    452 PM  84    2002  66      0       68
                                      1984
  MINIMUM         38    449 AM  24    1979  38      0       34
  AVERAGE         52                        52      0       51

PRECIPITATION (IN)
  YESTERDAY        0.00          0.49 2001   0.07  -0.07     0.00
  MONTH TO DATE    2.01                      1.63   0.38     2.70
  SINCE JAN 1      6.94                      3.89   3.05     5.39

DEGREE DAYS
 HEATING
  YESTERDAY       13                        13      0       14
  MONTH TO DATE  591                       527     64      592
  SINCE MAR 1   2474                      2400     74     2254
  SINCE JUL 1   8256                      8576   -320     7931

 COOLING
  YESTERDAY        0                         0      0        0
  MONTH TO DATE    0                         0      0        0
  SINCE MAR 1      0                         0      0        0
  SINCE JAN 1      0                         0      0        0
..................................................................


WIND (MPH)
  HIGHEST WIND SPEED    35   HIGHEST WIND DIRECTION    NW (310)
  HIGHEST GUST SPEED    42   HIGHEST GUST DIRECTION    NW (310)
  AVERAGE WIND SPEED    11.8


SKY COVER
  AVERAGE SKY COVER 0.2


WEATHER CONDITIONS
 THE FOLLOWING WEATHER WAS RECORDED YESTERDAY.
  THUNDERSTORM


RELATIVE HUMIDITY (PERCENT)
 HIGHEST    86          1100 PM
 LOWEST     28           400 PM
 AVERAGE    57

..........................................................


THE LARAMIE WY AIRPORT CLIMATE NORMALS FOR TODAY
                         NORMAL    RECORD    YEAR
 MAXIMUM TEMPERATURE (F)   67        85      2002
 MINIMUM TEMPERATURE (F)   38        30      1985
                                             1979


SUNRISE AND SUNSET
MAY 31 2016...........SUNRISE   532 AM MDT   SUNSET   829 PM MDT
JUNE  1 2016..........SUNRISE   532 AM MDT   SUNSET   830 PM MDT


-  INDICATES NEGATIVE NUMBERS.
R  INDICATES RECORD WAS SET OR TIED.
MM INDICATES DATA IS MISSING.
T  INDICATES TRACE AMOUNT.




$$
