000
CDUS45 KCYS 242227
CLILAR


CLIMATE REPORT
NATIONAL WEATHER SERVICE CHEYENNE WY
327 PM MST WED DEC 24 2014


...................................

...THE LARAMIE WY AIRPORT CLIMATE SUMMARY FOR DECEMBER 24 2014...
VALID AS OF 0300 PM LOCAL TIME.

CLIMATE NORMAL PERIOD 1981 TO 2010
CLIMATE RECORD PERIOD 1948 TO 2014


WEATHER ITEM   OBSERVED TIME   RECORD YEAR NORMAL DEPARTURE LAST
                VALUE   (LST)  VALUE       VALUE  FROM      YEAR
                                                  NORMAL
..................................................................
TEMPERATURE (F)
 TODAY
  MAXIMUM         34   1245 PM  56    1955  32      2       36
  MINIMUM          2   1239 AM -22    1983  10     -8        8
  AVERAGE         18                        21     -3       22

PRECIPITATION (IN)
  TODAY            0.00          1.15 1982   0.01  -0.01     0.05
  MONTH TO DATE    0.04                      0.26  -0.22     0.62
  SINCE JAN 1     13.74                     10.86   2.88    12.54

DEGREE DAYS
 HEATING
  TODAY           47                        44      3       43
  MONTH TO DATE  866                      1048   -182     1123
  SINCE DEC 1    866                      1048   -182     1123
  SINCE JUL 1   2994                      3360   -366     3245

 COOLING
  TODAY            0                         0      0        0
  MONTH TO DATE    0                         0      0        0
  SINCE DEC 1      0                         0      0        0
  SINCE JAN 1     67                        67      0      162
..................................................................


WIND (MPH)
  HIGHEST WIND SPEED    31   HIGHEST WIND DIRECTION    SW (240)
  HIGHEST GUST SPEED    37   HIGHEST GUST DIRECTION    SW (240)
  AVERAGE WIND SPEED    12.6


SKY COVER
  AVERAGE SKY COVER 0.0


WEATHER CONDITIONS
 THE FOLLOWING WEATHER WAS RECORDED TODAY.
  NO SIGNIFICANT WEATHER WAS OBSERVED.


RELATIVE HUMIDITY (PERCENT)
 HIGHEST    86          1200 AM
 LOWEST     49          1200 PM
 AVERAGE    68

..........................................................


THE LARAMIE WY AIRPORT CLIMATE NORMALS FOR TOMORROW
                         NORMAL    RECORD    YEAR
 MAXIMUM TEMPERATURE (F)   32        52      2005
 MINIMUM TEMPERATURE (F)   10       -30      1987


SUNRISE AND SUNSET
DECEMBER 24 2014......SUNRISE   726 AM MST   SUNSET   438 PM MST
DECEMBER 25 2014......SUNRISE   727 AM MST   SUNSET   439 PM MST


-  INDICATES NEGATIVE NUMBERS.
R  INDICATES RECORD WAS SET OR TIED.
MM INDICATES DATA IS MISSING.
T  INDICATES TRACE AMOUNT.




$$
