000
CDUS45 KCYS 030733
CLILAR


CLIMATE REPORT
NATIONAL WEATHER SERVICE CHEYENNE WY
1232 AM MST TUE MAR 3 2015


...................................

...THE LARAMIE WY AIRPORT CLIMATE SUMMARY FOR MARCH 2 2015...

CLIMATE NORMAL PERIOD 1981 TO 2010
CLIMATE RECORD PERIOD 1948 TO 2015


WEATHER ITEM   OBSERVED TIME   RECORD YEAR NORMAL DEPARTURE LAST
                VALUE   (LST)  VALUE       VALUE  FROM      YEAR
                                                  NORMAL
..................................................................
TEMPERATURE (F)
 YESTERDAY
  MAXIMUM         44    426 PM  63    2009  39      5       40
  MINIMUM         17    119 AM -25    2002  16      1       22
  AVERAGE         31                        27      4       31

PRECIPITATION (IN)
  YESTERDAY        0.04          0.34 1951   0.02   0.02     0.00
  MONTH TO DATE    0.04                      0.03   0.01     0.08
  SINCE JAN 1      0.42                      0.64  -0.22     1.27

DEGREE DAYS
 HEATING
  YESTERDAY       34                        38     -4       34
  MONTH TO DATE   88                        76     12       71
  SINCE MAR 1     88                        76     12       71
  SINCE JUL 1   5765                      6252   -487     6115

 COOLING
  YESTERDAY        0                         0      0        0
  MONTH TO DATE    0                         0      0        0
  SINCE MAR 1      0                         0      0        0
  SINCE JAN 1      0                         0      0        0
..................................................................


WIND (MPH)
  HIGHEST WIND SPEED    33   HIGHEST WIND DIRECTION     W (260)
  HIGHEST GUST SPEED    43   HIGHEST GUST DIRECTION     W (250)
  AVERAGE WIND SPEED    12.6


SKY COVER
  AVERAGE SKY COVER 0.6


WEATHER CONDITIONS
 THE FOLLOWING WEATHER WAS RECORDED YESTERDAY.
  LIGHT SNOW
  FOG


RELATIVE HUMIDITY (PERCENT)
 HIGHEST    92          1000 AM
 LOWEST     58           300 PM
 AVERAGE    75

..........................................................


THE LARAMIE WY AIRPORT CLIMATE NORMALS FOR TODAY
                         NORMAL    RECORD    YEAR
 MAXIMUM TEMPERATURE (F)   39        58      2009
 MINIMUM TEMPERATURE (F)   16       -17      1954


SUNRISE AND SUNSET
MARCH  3 2015.........SUNRISE   634 AM MST   SUNSET   556 PM MST
MARCH  4 2015.........SUNRISE   633 AM MST   SUNSET   557 PM MST


-  INDICATES NEGATIVE NUMBERS.
R  INDICATES RECORD WAS SET OR TIED.
MM INDICATES DATA IS MISSING.
T  INDICATES TRACE AMOUNT.




$$
