000
CDUS45 KCYS 310729
CLILAR


CLIMATE REPORT
NATIONAL WEATHER SERVICE CHEYENNE WY
128 AM MDT THU JUL 31 2014


...................................

...THE LARAMIE WY AIRPORT CLIMATE SUMMARY FOR JULY 30 2014...

CLIMATE NORMAL PERIOD 1981 TO 2010
CLIMATE RECORD PERIOD 1948 TO 2014


WEATHER ITEM   OBSERVED TIME   RECORD YEAR NORMAL DEPARTURE LAST
                VALUE   (LST)  VALUE       VALUE  FROM      YEAR
                                                  NORMAL
..................................................................
TEMPERATURE (F)
 YESTERDAY
  MAXIMUM         59    314 PM  92    2006  80    -21       80
  MINIMUM         53   1159 PM  35    1971  49      4       45
  AVERAGE         56                        65     -9       63

PRECIPITATION (IN)
  YESTERDAY        0.34          0.36 1956   0.05   0.29     0.00
  MONTH TO DATE    3.32                      1.38   1.94     1.88
  SINCE JAN 1      9.16                      6.87   2.29     5.29

DEGREE DAYS
 HEATING
  YESTERDAY        9                         2      7        2
  MONTH TO DATE   48                        70    -22       20
  SINCE JUN 1    290                       311    -21      123
  SINCE JUL 1     48                        70    -22       20

 COOLING
  YESTERDAY        0                         1     -1        0
  MONTH TO DATE   62                        36     26       58
  SINCE JUN 1     65                        43     22       94
  SINCE JAN 1     65                        43     22       94
..................................................................


WIND (MPH)
  HIGHEST WIND SPEED    14   HIGHEST WIND DIRECTION     S (180)
  HIGHEST GUST SPEED    17   HIGHEST GUST DIRECTION     S (180)
  AVERAGE WIND SPEED     4.3


SKY COVER
  AVERAGE SKY COVER 1.0


WEATHER CONDITIONS
 THE FOLLOWING WEATHER WAS RECORDED YESTERDAY.
  HEAVY RAIN
  RAIN
  LIGHT RAIN
  FOG


RELATIVE HUMIDITY (PERCENT)
 HIGHEST    93          1200 AM
 LOWEST     77           600 PM
 AVERAGE    85

..........................................................


THE LARAMIE WY AIRPORT CLIMATE NORMALS FOR TODAY
                         NORMAL    RECORD    YEAR
 MAXIMUM TEMPERATURE (F)   80        90      2002
 MINIMUM TEMPERATURE (F)   49        39      1950


SUNRISE AND SUNSET
JULY 31 2014..........SUNRISE   557 AM MDT   SUNSET   821 PM MDT
AUGUST  1 2014........SUNRISE   558 AM MDT   SUNSET   819 PM MDT


-  INDICATES NEGATIVE NUMBERS.
R  INDICATES RECORD WAS SET OR TIED.
MM INDICATES DATA IS MISSING.
T  INDICATES TRACE AMOUNT.




$$
