000
CDUS45 KCYS 120730
CLILAR


CLIMATE REPORT
NATIONAL WEATHER SERVICE CHEYENNE WY
1229 AM MST FRI FEB 12 2016


...................................

...THE LARAMIE WY AIRPORT CLIMATE SUMMARY FOR FEBRUARY 11 2016...

CLIMATE NORMAL PERIOD 1981 TO 2010
CLIMATE RECORD PERIOD 1948 TO 2016


WEATHER ITEM   OBSERVED TIME   RECORD YEAR NORMAL DEPARTURE LAST
                VALUE   (LST)  VALUE       VALUE  FROM      YEAR
                                                  NORMAL
..................................................................
TEMPERATURE (F)
 YESTERDAY
  MAXIMUM         51    124 PM  60    1962  34     17       44
  MINIMUM         27    208 AM -16    1986  11     16       23
                                      1963
  AVERAGE         39                        22     17       34

PRECIPITATION (IN)
  YESTERDAY        0.00          0.37 1994   0.01  -0.01     0.00
  MONTH TO DATE    0.01                      0.12  -0.11     0.27
  SINCE JAN 1      0.32                      0.39  -0.07     0.39

DEGREE DAYS
 HEATING
  YESTERDAY       26                        42    -16       31
  MONTH TO DATE  407                       472    -65      308
  SINCE DEC 1   3254                      3175     79     2806
  SINCE JUL 1   5178                      5487   -309     4934

 COOLING
  YESTERDAY        0                         0      0        0
  MONTH TO DATE    0                         0      0        0
  SINCE DEC 1      0                         0      0        0
  SINCE JAN 1      0                         0      0        0
..................................................................


WIND (MPH)
  HIGHEST WIND SPEED    25   HIGHEST WIND DIRECTION     W (280)
  HIGHEST GUST SPEED    32   HIGHEST GUST DIRECTION     W (250)
  AVERAGE WIND SPEED    11.7


SKY COVER
  AVERAGE SKY COVER 0.2


WEATHER CONDITIONS
 THE FOLLOWING WEATHER WAS RECORDED YESTERDAY.
  NO SIGNIFICANT WEATHER WAS OBSERVED.


RELATIVE HUMIDITY (PERCENT)
 HIGHEST    69           900 PM
 LOWEST     36          1000 AM
 AVERAGE    53

..........................................................


THE LARAMIE WY AIRPORT CLIMATE NORMALS FOR TODAY
                         NORMAL    RECORD    YEAR
 MAXIMUM TEMPERATURE (F)   34        56      1954
 MINIMUM TEMPERATURE (F)   11       -21      1986


SUNRISE AND SUNSET
FEBRUARY 12 2016......SUNRISE   702 AM MST   SUNSET   532 PM MST
FEBRUARY 13 2016......SUNRISE   701 AM MST   SUNSET   534 PM MST


-  INDICATES NEGATIVE NUMBERS.
R  INDICATES RECORD WAS SET OR TIED.
MM INDICATES DATA IS MISSING.
T  INDICATES TRACE AMOUNT.




$$
