000
CDUS45 KVEF 270829
CLILAS


CLIMATE REPORT
NATIONAL WEATHER SERVICE LAS VEGAS, NV
129 AM PDT TUE JUN 27 2017


...................................

...THE LAS VEGAS NV CLIMATE SUMMARY FOR JUNE 26 2017...

CLIMATE NORMAL PERIOD 1981 TO 2010
CLIMATE RECORD PERIOD 1937 TO 2017


WEATHER ITEM   OBSERVED TIME   RECORD YEAR NORMAL DEPARTURE LAST
                VALUE   (LST)  VALUE       VALUE  FROM      YEAR
                                                  NORMAL
..................................................................
TEMPERATURE (F)
 YESTERDAY
  MAXIMUM        109    236 PM 114    1970 102      7      110
  MINIMUM         90    440 AM  56    1944  78     12       83
  AVERAGE        100                        90     10       97

PRECIPITATION (IN)
  YESTERDAY        0.00          0.03 1964   0.00   0.00     0.00
  MONTH TO DATE    0.00                      0.06  -0.06     0.02
  SINCE OCT 1      2.65                      3.20  -0.55     4.28
  SINCE JAN 1      1.59                      2.07  -0.48     2.87

SNOWFALL (IN)
  YESTERDAY        0.0           0.0    MM   0.0    0.0      0.0
  MONTH TO DATE    0.0                       0.0    0.0      0.0
  SINCE JUN 1      0.0                       0.0    0.0      0.0
  SINCE JUL 1      0.0                       0.3   -0.3       T
  SNOW DEPTH       0

DEGREE DAYS
 HEATING
  YESTERDAY        0                         0      0        0
  MONTH TO DATE    0                         0      0        0
  SINCE JUN 1      0                         0      0        0
  SINCE JUL 1   1470                      1950   -480     1696

 COOLING
  YESTERDAY       35                        25     10       32
  MONTH TO DATE  695                       548    147      720
  SINCE JUN 1    695                       548    147      720
  SINCE JAN 1   1372                      1098    274     1256
..................................................................


WIND (MPH)
  RESULTANT WIND SPEED  13   RESULTANT WIND DIRECTION  SW (210)
  HIGHEST WIND SPEED    25   HIGHEST WIND DIRECTION     W (260)
  HIGHEST GUST SPEED    36   HIGHEST GUST DIRECTION    SW (230)
  AVERAGE WIND SPEED    13.8


SKY COVER
  POSSIBLE SUNSHINE  MM
  AVERAGE SKY COVER 0.0


WEATHER CONDITIONS
 THE FOLLOWING WEATHER WAS RECORDED YESTERDAY.
  NO SIGNIFICANT WEATHER WAS OBSERVED.


RELATIVE HUMIDITY (PERCENT)
 HIGHEST     8           600 AM
 LOWEST      1           400 PM
 AVERAGE     5

..........................................................


THE LAS VEGAS NV CLIMATE NORMALS FOR TODAY
                         NORMAL    RECORD    YEAR
 MAXIMUM TEMPERATURE (F)  102       114      1977
                                             1956
 MINIMUM TEMPERATURE (F)   78        59      1941


SUNRISE AND SUNSET
JUNE 27 2017..........SUNRISE   526 AM PDT   SUNSET   802 PM PDT
JUNE 28 2017..........SUNRISE   526 AM PDT   SUNSET   802 PM PDT


-  INDICATES NEGATIVE NUMBERS.
R  INDICATES RECORD WAS SET OR TIED.
MM INDICATES DATA IS MISSING.
T  INDICATES TRACE AMOUNT.




$$
