000
CDUS45 KVEF 240826
CLILAS


CLIMATE REPORT
NATIONAL WEATHER SERVICE LAS VEGAS, NV
126 AM PDT SUN JUL 24 2016


...................................

...THE LAS VEGAS NV CLIMATE SUMMARY FOR JULY 23 2016...

CLIMATE NORMAL PERIOD 1981 TO 2010
CLIMATE RECORD PERIOD 1937 TO 2016


WEATHER ITEM   OBSERVED TIME   RECORD YEAR NORMAL DEPARTURE LAST
                VALUE   (LST)  VALUE       VALUE  FROM      YEAR
                                                  NORMAL
..................................................................
TEMPERATURE (F)
 YESTERDAY
  MAXIMUM        113    241 PM 115    1942 105      8      101
  MINIMUM         84    425 AM  61    1938  82      2       77
  AVERAGE         99                        93      6       89

PRECIPITATION (IN)
  YESTERDAY        0.00          1.13 1955   0.02  -0.02     0.00
  MONTH TO DATE    0.17                      0.27  -0.10     0.19
  SINCE OCT 1      4.92                      3.48   1.44     2.68
  SINCE JAN 1      3.51                      2.35   1.16     2.38

SNOWFALL (IN)
  YESTERDAY        0.0           0.0    MM   0.0    0.0      0.0
  MONTH TO DATE    0.0                       0.0    0.0      0.0
  SINCE JUN 1      0.0                       0.0    0.0      0.0
  SINCE JUL 1      0.0                       0.0    0.0      0.0
  SNOW DEPTH       0

DEGREE DAYS
 HEATING
  YESTERDAY        0                         0      0        0
  MONTH TO DATE    0                         0      0        0
  SINCE JUN 1      0                         1     -1        0
  SINCE JUL 1      0                         0      0        0

 COOLING
  YESTERDAY       34                        28      6       24
  MONTH TO DATE  665                       631     34      579
  SINCE JUN 1   1508                      1281    227     1393
  SINCE JAN 1   2044                      1831    213     1996
..................................................................


WIND (MPH)
  RESULTANT WIND SPEED   4   RESULTANT WIND DIRECTION   S (200)
  HIGHEST WIND SPEED    16   HIGHEST WIND DIRECTION    SW (220)
  HIGHEST GUST SPEED    24   HIGHEST GUST DIRECTION    SW (240)
  AVERAGE WIND SPEED     6.7


SKY COVER
  POSSIBLE SUNSHINE  MM
  AVERAGE SKY COVER 0.1


WEATHER CONDITIONS
 THE FOLLOWING WEATHER WAS RECORDED YESTERDAY.
  NO SIGNIFICANT WEATHER WAS OBSERVED.


RELATIVE HUMIDITY (PERCENT)
 HIGHEST    15          1100 PM
 LOWEST      4           200 PM
 AVERAGE    10

..........................................................


THE LAS VEGAS NV CLIMATE NORMALS FOR TODAY
                         NORMAL    RECORD    YEAR
 MAXIMUM TEMPERATURE (F)  105       117      1942
 MINIMUM TEMPERATURE (F)   82        64      1957


SUNRISE AND SUNSET
JULY 24 2016..........SUNRISE   542 AM PDT   SUNSET   752 PM PDT
JULY 25 2016..........SUNRISE   543 AM PDT   SUNSET   751 PM PDT


-  INDICATES NEGATIVE NUMBERS.
R  INDICATES RECORD WAS SET OR TIED.
MM INDICATES DATA IS MISSING.
T  INDICATES TRACE AMOUNT.




$$
