000
CDUS45 KVEF 290826
CLILAS


CLIMATE REPORT
NATIONAL WEATHER SERVICE LAS VEGAS, NV
126 AM PDT WED MAR 29 2017


...................................

...THE LAS VEGAS NV CLIMATE SUMMARY FOR MARCH 28 2017...

CLIMATE NORMAL PERIOD 1981 TO 2010
CLIMATE RECORD PERIOD 1937 TO 2017


WEATHER ITEM   OBSERVED TIME   RECORD YEAR NORMAL DEPARTURE LAST
                VALUE   (LST)  VALUE       VALUE  FROM      YEAR
                                                  NORMAL
..................................................................
TEMPERATURE (F)
 YESTERDAY
  MAXIMUM         73    438 PM  91    2015  73      0       73
  MINIMUM         55    603 AM  31    1975  51      4       50
  AVERAGE         64                        62      2       62

PRECIPITATION (IN)
  YESTERDAY        0.00          0.39 1973   0.01  -0.01      T
  MONTH TO DATE    0.01                      0.41  -0.40      T
  SINCE OCT 1      2.53                      2.84  -0.31     1.96
  SINCE JAN 1      1.47                      1.71  -0.24     0.55

SNOWFALL (IN)
  YESTERDAY        0.0           T    1973   0.0    0.0      0.0
  MONTH TO DATE    0.0                       0.0    0.0      0.0
  SINCE MAR 1      0.0                       0.0    0.0      0.0
  SINCE JUL 1      0.0                       0.3   -0.3       T
  SNOW DEPTH       0

DEGREE DAYS
 HEATING
  YESTERDAY        1                         4     -3        3
  MONTH TO DATE   72                       177   -105       53
  SINCE MAR 1     72                       177   -105       53
  SINCE JUL 1   1444                      1868   -424     1632

 COOLING
  YESTERDAY        0                         2     -2        0
  MONTH TO DATE  108                        22     86       55
  SINCE MAR 1    108                        22     86       55
  SINCE JAN 1    111                        23     88       64
..................................................................


WIND (MPH)
  RESULTANT WIND SPEED  13   RESULTANT WIND DIRECTION   N (340)
  HIGHEST WIND SPEED    31   HIGHEST WIND DIRECTION    NW (330)
  HIGHEST GUST SPEED    37   HIGHEST GUST DIRECTION     N (340)
  AVERAGE WIND SPEED    14.2


SKY COVER
  POSSIBLE SUNSHINE  MM
  AVERAGE SKY COVER 0.1


WEATHER CONDITIONS
 THE FOLLOWING WEATHER WAS RECORDED YESTERDAY.
  NO SIGNIFICANT WEATHER WAS OBSERVED.


RELATIVE HUMIDITY (PERCENT)
 HIGHEST    26           300 AM
 LOWEST      9           300 PM
 AVERAGE    18

..........................................................


THE LAS VEGAS NV CLIMATE NORMALS FOR TODAY
                         NORMAL    RECORD    YEAR
 MAXIMUM TEMPERATURE (F)   74        89      2015
 MINIMUM TEMPERATURE (F)   52        33      1975
                                             1944


SUNRISE AND SUNSET
MARCH 29 2017.........SUNRISE   631 AM PDT   SUNSET   700 PM PDT
MARCH 30 2017.........SUNRISE   629 AM PDT   SUNSET   701 PM PDT


-  INDICATES NEGATIVE NUMBERS.
R  INDICATES RECORD WAS SET OR TIED.
MM INDICATES DATA IS MISSING.
T  INDICATES TRACE AMOUNT.




$$
