000
CDUS46 KLOX 270915
CLILAX


CLIMATE REPORT
NATIONAL WEATHER SERVICE LOS ANGELES/OXNARD CA
215 AM PDT SAT MAY 27 2017


...................................

...THE LOS ANGELES INTL AIRPORT CA CLIMATE SUMMARY FOR MAY 26 2017...

CLIMATE NORMAL PERIOD 1981 TO 2010
CLIMATE RECORD PERIOD 1944 TO 2017


WEATHER ITEM   OBSERVED TIME   RECORD YEAR NORMAL DEPARTURE LAST
                VALUE   (LST)  VALUE       VALUE  FROM      YEAR
                                                  NORMAL
..................................................................
TEMPERATURE (F)
 YESTERDAY
  MAXIMUM         69    254 PM  85    1968  68      1       69
  MINIMUM         59   1159 PM  49    1980  58      1       55
                                      1953
  AVERAGE         64                        63      1       62

PRECIPITATION (IN)
  YESTERDAY        0.00          T    2001   0.01  -0.01     0.00
                                      1992
                                      1985
  MONTH TO DATE    0.13                      0.20  -0.07     0.59
  SINCE OCT 1     16.32                     12.43   3.89     7.25
  SINCE JAN 1     12.07                      8.71   3.36     6.01

SNOWFALL (IN)
  YESTERDAY        0.0
  MONTH TO DATE    0.0
  SINCE MAR 1      0.0
  SINCE JUL 1      0.0

DEGREE DAYS
 HEATING
  YESTERDAY        1                         2     -1        3
  MONTH TO DATE   62                        76    -14       57
  SINCE MAR 1    241                       455   -214      259
  SINCE JUL 1   1014                      1384   -370      955

 COOLING
  YESTERDAY        0                         0      0        0
  MONTH TO DATE   23                         4     19        1
  SINCE MAR 1     58                        21     37       36
  SINCE JAN 1     58                        30     28       93
..................................................................


WIND (MPH)
  HIGHEST WIND SPEED    18   HIGHEST WIND DIRECTION     W (270)
  HIGHEST GUST SPEED    21   HIGHEST GUST DIRECTION     W (270)
  AVERAGE WIND SPEED     9.2


SKY COVER
  POSSIBLE SUNSHINE  MM
  AVERAGE SKY COVER 0.7


WEATHER CONDITIONS
 THE FOLLOWING WEATHER WAS RECORDED YESTERDAY.
  NO SIGNIFICANT WEATHER WAS OBSERVED.


RELATIVE HUMIDITY (PERCENT)
 HIGHEST    84           100 AM
 LOWEST     53           300 PM
 AVERAGE    69

..........................................................


THE LOS ANGELES INTL AIRPORT CA CLIMATE NORMALS FOR TODAY
                         NORMAL    RECORD    YEAR
 MAXIMUM TEMPERATURE (F)   68        83      1968
 MINIMUM TEMPERATURE (F)   58        50      1953
                                             1946
                                             1945


SUNRISE AND SUNSET
MAY 27 2017...........SUNRISE   545 AM PDT   SUNSET   757 PM PDT
MAY 28 2017...........SUNRISE   545 AM PDT   SUNSET   757 PM PDT


-  INDICATES NEGATIVE NUMBERS.
R  INDICATES RECORD WAS SET OR TIED.
MM INDICATES DATA IS MISSING.
T  INDICATES TRACE AMOUNT.




$$
