000
CDUS46 KLOX 190923
CLILAX


CLIMATE REPORT
NATIONAL WEATHER SERVICE LOS ANGELES/OXNARD CA
123 AM PST FRI JAN 19 2018


...................................

...THE LOS ANGELES INTL AIRPORT CA CLIMATE SUMMARY FOR JANUARY 18 2018...

CLIMATE NORMAL PERIOD 1981 TO 2010
CLIMATE RECORD PERIOD 1944 TO 2018


WEATHER ITEM   OBSERVED TIME   RECORD YEAR NORMAL DEPARTURE LAST
                VALUE   (LST)  VALUE       VALUE  FROM      YEAR
                                                  NORMAL
..................................................................
TEMPERATURE (F)
 YESTERDAY
  MAXIMUM         72   1141 AM  86    1971  65      7       59
  MINIMUM         54    613 AM  35    1947  49      5       48
  AVERAGE         63                        57      6       54

PRECIPITATION (IN)
  YESTERDAY        0.00          1.20 1952   0.08  -0.08     0.06
  MONTH TO DATE    1.40                      1.61  -0.21     2.42
  SINCE OCT 1      1.51                      5.33  -3.82     6.67
  SINCE JAN 1      1.40                      1.61  -0.21     2.42

SNOWFALL (IN)
  YESTERDAY        0.0
  MONTH TO DATE    0.0
  SINCE DEC 1      0.0
  SINCE JUL 1      0.0

DEGREE DAYS
 HEATING
  YESTERDAY        2                         8     -6       11
  MONTH TO DATE   56                       155    -99      151
  SINCE DEC 1    175                       415   -240      356
  SINCE JUL 1    206                       597   -391      435

 COOLING
  YESTERDAY        0                         0      0        0
  MONTH TO DATE   13                         0     13        0
  SINCE DEC 1     30                         1     29        2
  SINCE JAN 1     13                         0     13        0
..................................................................


WIND (MPH)
  HIGHEST WIND SPEED    13   HIGHEST WIND DIRECTION     W (270)
  HIGHEST GUST SPEED    16   HIGHEST GUST DIRECTION    SW (240)
  AVERAGE WIND SPEED     4.3


SKY COVER
  POSSIBLE SUNSHINE  MM
  AVERAGE SKY COVER 0.4


WEATHER CONDITIONS
 THE FOLLOWING WEATHER WAS RECORDED YESTERDAY.
  HAZE


RELATIVE HUMIDITY (PERCENT)
 HIGHEST   100           700 PM
 LOWEST     45          1000 AM
 AVERAGE    73

..........................................................


THE LOS ANGELES INTL AIRPORT CA CLIMATE NORMALS FOR TODAY
                         NORMAL    RECORD    YEAR
 MAXIMUM TEMPERATURE (F)   65        86      1975
 MINIMUM TEMPERATURE (F)   49        40      1955
                                             1948
                                             1947


SUNRISE AND SUNSET
JANUARY 19 2018.......SUNRISE   657 AM PST   SUNSET   512 PM PST
JANUARY 20 2018.......SUNRISE   657 AM PST   SUNSET   513 PM PST


-  INDICATES NEGATIVE NUMBERS.
R  INDICATES RECORD WAS SET OR TIED.
MM INDICATES DATA IS MISSING.
T  INDICATES TRACE AMOUNT.




$$
