000
CDUS46 KLOX 180926
CLILAX


CLIMATE REPORT
NATIONAL WEATHER SERVICE LOS ANGELES/OXNARD CA
126 AM PST SAT NOV 18 2017


...................................

...THE LOS ANGELES INTL AIRPORT CA CLIMATE SUMMARY FOR NOVEMBER 17 2017...

CLIMATE NORMAL PERIOD 1981 TO 2010
CLIMATE RECORD PERIOD 1944 TO 2017


WEATHER ITEM   OBSERVED TIME   RECORD YEAR NORMAL DEPARTURE LAST
                VALUE   (LST)  VALUE       VALUE  FROM      YEAR
                                                  NORMAL
..................................................................
TEMPERATURE (F)
 YESTERDAY
  MAXIMUM         70    148 PM  91    1949  69      1       72
  MINIMUM         60   1103 PM  41    1958  53      7       51
                                      1945
  AVERAGE         65                        61      4       62

PRECIPITATION (IN)
  YESTERDAY        T             1.12 1986   0.04  -0.04     0.00
  MONTH TO DATE    0.09                      0.54  -0.45     0.00
  SINCE OCT 1      0.09                      1.10  -1.01     0.36
  SINCE JAN 1     12.24                     10.20   2.04     6.38

SNOWFALL (IN)
  YESTERDAY        0.0
  MONTH TO DATE    0.0
  SINCE SEP 1      0.0
  SINCE JUL 1      0.0

DEGREE DAYS
 HEATING
  YESTERDAY        0                         5     -5        3
  MONTH TO DATE   16                        61    -45       12
  SINCE SEP 1     17                       101    -84       15
  SINCE JUL 1     17                       105    -88       15

 COOLING
  YESTERDAY        0                         1     -1        0
  MONTH TO DATE    8                        17     -9       77
  SINCE SEP 1    420                       202    218      378
  SINCE JAN 1    984                       548    436      960
..................................................................


WIND (MPH)
  HIGHEST WIND SPEED    20   HIGHEST WIND DIRECTION     W (270)
  HIGHEST GUST SPEED    22   HIGHEST GUST DIRECTION    SW (240)
  AVERAGE WIND SPEED     9.2


SKY COVER
  POSSIBLE SUNSHINE  MM
  AVERAGE SKY COVER 0.6


WEATHER CONDITIONS
 THE FOLLOWING WEATHER WAS RECORDED YESTERDAY.
  LIGHT RAIN


RELATIVE HUMIDITY (PERCENT)
 HIGHEST    93           800 AM
 LOWEST     68           100 AM
 AVERAGE    81

..........................................................


THE LOS ANGELES INTL AIRPORT CA CLIMATE NORMALS FOR TODAY
                         NORMAL    RECORD    YEAR
 MAXIMUM TEMPERATURE (F)   69        88      1989
 MINIMUM TEMPERATURE (F)   53        41      1964
                                             1945


SUNRISE AND SUNSET
NOVEMBER 18 2017......SUNRISE   629 AM PST   SUNSET   448 PM PST
NOVEMBER 19 2017......SUNRISE   630 AM PST   SUNSET   448 PM PST


-  INDICATES NEGATIVE NUMBERS.
R  INDICATES RECORD WAS SET OR TIED.
MM INDICATES DATA IS MISSING.
T  INDICATES TRACE AMOUNT.




$$
