901
CDUS46 KLOX 090902
CLILAX


CLIMATE REPORT
NATIONAL WEATHER SERVICE LOS ANGELES/OXNARD CA
102 AM PST TUE FEB 9 2016


...................................

...THE LOS ANGELES INTL AIRPORT CA CLIMATE SUMMARY FOR FEBRUARY 8 2016...

CLIMATE NORMAL PERIOD 1981 TO 2010
CLIMATE RECORD PERIOD 1944 TO 2016


WEATHER ITEM   OBSERVED TIME   RECORD YEAR NORMAL DEPARTURE LAST
                VALUE   (LST)  VALUE       VALUE  FROM      YEAR
                                                  NORMAL
..................................................................
TEMPERATURE (F)
 YESTERDAY
  MAXIMUM         89R   155 PM  87    2006  64     25       71
  MINIMUM         52    518 AM  38    1948  50      2       59
                                      1946
  AVERAGE         71                        57     14       65

PRECIPITATION (IN)
  YESTERDAY        0.00          3.91 1962   0.12  -0.12     0.00
  MONTH TO DATE    0.00                      0.87  -0.87      T
  SINCE OCT 1      4.18                      7.30  -3.12     5.95
  SINCE JAN 1      2.94                      3.58  -0.64     1.25

SNOWFALL (IN)
  YESTERDAY        0.0
  MONTH TO DATE    0.0
  SINCE DEC 1      0.0
  SINCE JUL 1      0.0

DEGREE DAYS
 HEATING
  YESTERDAY        0                         8     -8        0
  MONTH TO DATE   48                        64    -16       42
  SINCE DEC 1    527                       586    -59      409
  SINCE JUL 1    638                       768   -130      451

 COOLING
  YESTERDAY        6                         0      6        0
  MONTH TO DATE    8                         0      8        0
  SINCE DEC 1     14                         5      9        9
  SINCE JAN 1      8                         4      4        7
..................................................................


WIND (MPH)
  HIGHEST WIND SPEED    13   HIGHEST WIND DIRECTION     W (280)
  HIGHEST GUST SPEED    15   HIGHEST GUST DIRECTION     W (290)
  AVERAGE WIND SPEED     2.4


SKY COVER
  POSSIBLE SUNSHINE  MM
  AVERAGE SKY COVER 0.0


WEATHER CONDITIONS
 THE FOLLOWING WEATHER WAS RECORDED YESTERDAY.
  HAZE


RELATIVE HUMIDITY (PERCENT)
 HIGHEST    43           400 AM
 LOWEST     10           100 PM
 AVERAGE    27

..........................................................


THE LOS ANGELES INTL AIRPORT CA CLIMATE NORMALS FOR TODAY
                         NORMAL    RECORD    YEAR
 MAXIMUM TEMPERATURE (F)   64        85      2006
 MINIMUM TEMPERATURE (F)   50        39      2013
                                             1966


SUNRISE AND SUNSET
FEBRUARY  9 2016......SUNRISE   644 AM PST   SUNSET   532 PM PST
FEBRUARY 10 2016......SUNRISE   643 AM PST   SUNSET   533 PM PST


-  INDICATES NEGATIVE NUMBERS.
R  INDICATES RECORD WAS SET OR TIED.
MM INDICATES DATA IS MISSING.
T  INDICATES TRACE AMOUNT.




$$
