000
CDUS46 KLOX 210114
CLILAX


CLIMATE REPORT
NATIONAL WEATHER SERVICE LOS ANGELES/OXNARD CA
614 PM PDT MON OCT 20 2014


...................................

...THE LOS ANGELES AIRPORT CLIMATE SUMMARY FOR OCTOBER 20 2014...
VALID TODAY AS OF 0600 PM LOCAL TIME.

CLIMATE NORMAL PERIOD 1981 TO 2010
CLIMATE RECORD PERIOD 1944 TO 2014


WEATHER ITEM   OBSERVED TIME   RECORD YEAR NORMAL DEPARTURE LAST
                VALUE   (LST)  VALUE       VALUE  FROM      YEAR
                                                  NORMAL
..................................................................
TEMPERATURE (F)
 TODAY
  MAXIMUM         73   1228 PM  95    1999  72      1       68
  MINIMUM         65    304 AM  45    1949  59      6       56
  AVERAGE         69                        66      3       62

PRECIPITATION (IN)
  TODAY            0.00          1.14 2004   0.02  -0.02     0.00
  MONTH TO DATE    0.00                      0.30  -0.30     0.02
  SINCE JUL 1      0.19                      0.59  -0.40     0.05
  SINCE JAN 1      3.60                      9.40  -5.80     2.66

SNOWFALL (IN)
  TODAY            0.0
  MONTH TO DATE    0.0
  SINCE SEP 1      0.0
  SINCE JUL 1      0.0

DEGREE DAYS
 HEATING
  TODAY            0                         1     -1        3
  MONTH TO DATE    0                        17    -17       14
  SINCE SEP 1      0                        22    -22       14
  SINCE JUL 1      0                        26    -26       15

 COOLING
  TODAY            4                         2      2        0
  MONTH TO DATE  129                        47     82       71
  SINCE SEP 1    376                       169    207      232
  SINCE JAN 1   1094                       515    579      662
..................................................................


WIND (MPH)
  HIGHEST WIND SPEED    16   HIGHEST WIND DIRECTION     W (260)
  HIGHEST GUST SPEED    21   HIGHEST GUST DIRECTION    SW (230)
  AVERAGE WIND SPEED     6.4


SKY COVER
  POSSIBLE SUNSHINE  MM
  AVERAGE SKY COVER 0.6


WEATHER CONDITIONS
 THE FOLLOWING WEATHER WAS RECORDED TODAY.
  NO SIGNIFICANT WEATHER WAS OBSERVED.


RELATIVE HUMIDITY (PERCENT)
 HIGHEST    93           200 AM
 LOWEST     64          1200 PM
 AVERAGE    79

..........................................................


THE LOS ANGELES AIRPORT CLIMATE NORMALS FOR TOMORROW
                         NORMAL    RECORD    YEAR
 MAXIMUM TEMPERATURE (F)   72       100      1965
 MINIMUM TEMPERATURE (F)   59        45      1949


SUNRISE AND SUNSET
OCTOBER 20 2014.......SUNRISE   703 AM PDT   SUNSET   614 PM PDT
OCTOBER 21 2014.......SUNRISE   704 AM PDT   SUNSET   612 PM PDT


-  INDICATES NEGATIVE NUMBERS.
R  INDICATES RECORD WAS SET OR TIED.
MM INDICATES DATA IS MISSING.
T  INDICATES TRACE AMOUNT.




$$
