000
CDUS46 KLOX 241215
CLILAX


CLIMATE REPORT
NATIONAL WEATHER SERVICE LOS ANGELES/OXNARD CA
515 AM PDT FRI OCT 24 2014


...................................

...THE LOS ANGELES INTL AIRPORT CA CLIMATE SUMMARY FOR OCTOBER 23 2014...

CLIMATE NORMAL PERIOD 1981 TO 2010
CLIMATE RECORD PERIOD 1944 TO 2014


WEATHER ITEM   OBSERVED TIME   RECORD YEAR NORMAL DEPARTURE LAST
                VALUE   (LST)  VALUE       VALUE  FROM      YEAR
                                                  NORMAL
..................................................................
TEMPERATURE (F)
 YESTERDAY
  MAXIMUM         77   1225 PM  97    1965  72      5       66
  MINIMUM         61    541 AM  47    1949  58      3       61
  AVERAGE         69                        65      4       64

PRECIPITATION (IN)
  YESTERDAY        0.00          1.44 1976   0.01  -0.01     0.00
  MONTH TO DATE    0.00                      0.35  -0.35     0.02
  SINCE JUL 1      0.19                      0.64  -0.45     0.05
  SINCE JAN 1      3.60                      9.45  -5.85     2.66

SNOWFALL (IN)
  YESTERDAY        0.0
  MONTH TO DATE    0.0
  SINCE SEP 1      0.0
  SINCE JUL 1      0.0

DEGREE DAYS
 HEATING
  YESTERDAY        0                         1     -1        1
  MONTH TO DATE    0                        20    -20       20
  SINCE SEP 1      0                        25    -25       20
  SINCE JUL 1      0                        29    -29       21

 COOLING
  YESTERDAY        4                         2      2        0
  MONTH TO DATE  144                        53     91       71
  SINCE SEP 1    391                       175    216      232
  SINCE JAN 1   1109                       521    588      662
..................................................................


WIND (MPH)
  HIGHEST WIND SPEED    13   HIGHEST WIND DIRECTION     W (280)
  HIGHEST GUST SPEED    16   HIGHEST GUST DIRECTION     W (280)
  AVERAGE WIND SPEED     4.1


SKY COVER
  POSSIBLE SUNSHINE  MM
  AVERAGE SKY COVER 0.2


WEATHER CONDITIONS
 THE FOLLOWING WEATHER WAS RECORDED YESTERDAY.
  FOG


RELATIVE HUMIDITY (PERCENT)
 HIGHEST   100          1200 AM
 LOWEST     57           900 AM
 AVERAGE    79

..........................................................


THE LOS ANGELES INTL AIRPORT CA CLIMATE NORMALS FOR TODAY
                         NORMAL    RECORD    YEAR
 MAXIMUM TEMPERATURE (F)   72        96      1965
 MINIMUM TEMPERATURE (F)   58        48      1953


SUNRISE AND SUNSET
OCTOBER 24 2014.......SUNRISE   706 AM PDT   SUNSET   609 PM PDT
OCTOBER 25 2014.......SUNRISE   707 AM PDT   SUNSET   608 PM PDT


-  INDICATES NEGATIVE NUMBERS.
R  INDICATES RECORD WAS SET OR TIED.
MM INDICATES DATA IS MISSING.
T  INDICATES TRACE AMOUNT.




$$
