000
CDUS46 KLOX 230902
CLILAX


CLIMATE REPORT
NATIONAL WEATHER SERVICE LOS ANGELES/OXNARD CA
202 AM PDT TUE SEP 23 2014


...................................

...THE LOS ANGELES INTL AIRPORT CA CLIMATE SUMMARY FOR SEPTEMBER 22 2014...

CLIMATE NORMAL PERIOD 1981 TO 2010
CLIMATE RECORD PERIOD 1944 TO 2014


WEATHER ITEM   OBSERVED TIME   RECORD YEAR NORMAL DEPARTURE LAST
                VALUE   (LST)  VALUE       VALUE  FROM      YEAR
                                                  NORMAL
..................................................................
TEMPERATURE (F)
 YESTERDAY
  MAXIMUM         73        MM  94    1987  74     -1       73
  MINIMUM         64        MM  51    1944  63      1       61
  AVERAGE         69                        68      1       67

PRECIPITATION (IN)
  YESTERDAY        0.00          0.25 2007   0.01  -0.01     0.00
  MONTH TO DATE    0.02                      0.12  -0.10     0.00
  SINCE JUL 1      0.19                      0.20  -0.01     0.03
  SINCE JAN 1      3.60                      9.01  -5.41     2.64

SNOWFALL (IN)
  YESTERDAY        0.0
  MONTH TO DATE    0.0
  SINCE SEP 1      0.0
  SINCE JUL 1      0.0

DEGREE DAYS
 HEATING
  YESTERDAY        0                         0      0        0
  MONTH TO DATE    0                         0      0        0
  SINCE SEP 1      0                         0      0        0
  SINCE JUL 1      0                         4     -4        1

 COOLING
  YESTERDAY        4                         4      0        2
  MONTH TO DATE  207                        97    110      124
  SINCE SEP 1    207                        97    110      124
  SINCE JAN 1    925                       443    482      554
..................................................................


WIND (MPH)
  HIGHEST WIND SPEED    15   HIGHEST WIND DIRECTION     W (270)
  HIGHEST GUST SPEED    20   HIGHEST GUST DIRECTION     W (270)
  AVERAGE WIND SPEED     6.4


SKY COVER
  POSSIBLE SUNSHINE  MM
  AVERAGE SKY COVER 0.3


WEATHER CONDITIONS
 THE FOLLOWING WEATHER WAS RECORDED YESTERDAY.
  FOG


RELATIVE HUMIDITY (PERCENT)
 HIGHEST    93           700 AM
 LOWEST     68          1200 PM
 AVERAGE    81

..........................................................


THE LOS ANGELES INTL AIRPORT CA CLIMATE NORMALS FOR TODAY
                         NORMAL    RECORD    YEAR
 MAXIMUM TEMPERATURE (F)   74       104      1975
 MINIMUM TEMPERATURE (F)   63        52      1944


SUNRISE AND SUNSET
SEPTEMBER 23 2014.....SUNRISE   642 AM PDT   SUNSET   649 PM PDT
SEPTEMBER 24 2014.....SUNRISE   643 AM PDT   SUNSET   647 PM PDT


-  INDICATES NEGATIVE NUMBERS.
R  INDICATES RECORD WAS SET OR TIED.
MM INDICATES DATA IS MISSING.
T  INDICATES TRACE AMOUNT.




$$
