000
CDUS46 KLOX 190122
CLILAX


CLIMATE REPORT
NATIONAL WEATHER SERVICE LOS ANGELES/OXNARD CA
521 PM PST WED JAN 18 2017


...................................

...THE LOS ANGELES AIRPORT CLIMATE SUMMARY FOR JANUARY 18 2017...
VALID TODAY AS OF 0500 PM LOCAL TIME.

CLIMATE NORMAL PERIOD 1981 TO 2010
CLIMATE RECORD PERIOD 1944 TO 2017


WEATHER ITEM   OBSERVED TIME   RECORD YEAR NORMAL DEPARTURE LAST
                VALUE   (LST)  VALUE       VALUE  FROM      YEAR
                                                  NORMAL
..................................................................
TEMPERATURE (F)
 TODAY
  MAXIMUM         59    102 PM  86    1971  65     -6       62
  MINIMUM         48    710 AM  35    1947  49     -1       54
  AVERAGE         54                        57     -3       58

PRECIPITATION (IN)
  TODAY            0.00          1.20 1952   0.08  -0.08     0.01
  MONTH TO DATE    2.36                      1.61   0.75     2.74
  SINCE OCT 1      6.61                      5.33   1.28     3.98
  SINCE JAN 1      2.36                      1.61   0.75     2.74

SNOWFALL (IN)
  TODAY            0.0
  MONTH TO DATE    0.0
  SINCE DEC 1      0.0
  SINCE JUL 1      0.0

DEGREE DAYS
 HEATING
  TODAY           11                         8      3        7
  MONTH TO DATE  151                       155     -4      166
  SINCE DEC 1    356                       415    -59      404
  SINCE JUL 1    435                       597   -162      515

 COOLING
  TODAY            0                         0      0        0
  MONTH TO DATE    0                         0      0        0
  SINCE DEC 1      2                         1      1        6
  SINCE JAN 1      0                         0      0        0
..................................................................


WIND (MPH)
  HIGHEST WIND SPEED    17   HIGHEST WIND DIRECTION     W (260)
  HIGHEST GUST SPEED    21   HIGHEST GUST DIRECTION     W (260)
  AVERAGE WIND SPEED     6.4


SKY COVER
  POSSIBLE SUNSHINE  MM
  AVERAGE SKY COVER 0.6


WEATHER CONDITIONS
 THE FOLLOWING WEATHER WAS RECORDED TODAY.
  HAZE


RELATIVE HUMIDITY (PERCENT)
 HIGHEST    93          1200 AM
 LOWEST     67          1200 PM
 AVERAGE    80

..........................................................


THE LOS ANGELES AIRPORT CLIMATE NORMALS FOR TOMORROW
                         NORMAL    RECORD    YEAR
 MAXIMUM TEMPERATURE (F)   65        86      1975
 MINIMUM TEMPERATURE (F)   49        40      1955
                                             1948
                                             1947


SUNRISE AND SUNSET
JANUARY 18 2017.......SUNRISE   658 AM PST   SUNSET   511 PM PST
JANUARY 19 2017.......SUNRISE   657 AM PST   SUNSET   512 PM PST


-  INDICATES NEGATIVE NUMBERS.
R  INDICATES RECORD WAS SET OR TIED.
MM INDICATES DATA IS MISSING.
T  INDICATES TRACE AMOUNT.




$$
