000
CDUS44 KLUB 200629
CLILBB


CLIMATE REPORT
NATIONAL WEATHER SERVICE LUBBOCK, TX
1228 AM CST FRI JAN 20 2017


...................................

...THE LUBBOCK CLIMATE SUMMARY FOR JANUARY 19 2017...

CLIMATE NORMAL PERIOD 1981 TO 2010
CLIMATE RECORD PERIOD 1911 TO 2017


WEATHER ITEM   OBSERVED TIME   RECORD YEAR NORMAL DEPARTURE LAST
                VALUE   (LST)  VALUE       VALUE  FROM      YEAR
                                                  NORMAL
..................................................................
TEMPERATURE (F)
 YESTERDAY
  MAXIMUM         65    410 PM  80    2000  54     11       62
  MINIMUM         40    635 AM   0    1963  26     14       31
                                      1943
  AVERAGE         53                        40     13       47

PRECIPITATION (IN)
  YESTERDAY        0.00          0.43 2007   0.02  -0.02     0.00
  MONTH TO DATE    2.02                      0.36   1.66     0.30
  SINCE DEC 1      2.51                      1.12   1.39     1.87
  SINCE JAN 1      2.02                      0.36   1.66     0.30

SNOWFALL (IN)
  YESTERDAY        0.0           1.6  2007   0.1   -0.1      0.0
  MONTH TO DATE    0.2                       1.5   -1.3      2.1
  SINCE DEC 1      0.2                       3.8   -3.6     13.3
  SINCE JUL 1      0.2                       4.7   -4.5     13.3
  SNOW DEPTH       0

DEGREE DAYS
 HEATING
  YESTERDAY       12                        25    -13       18
  MONTH TO DATE  423                       479    -56      511
  SINCE DEC 1   1129                      1235   -106     1171
  SINCE JUL 1   1493                      1877   -384     1690

 COOLING
  YESTERDAY        0                         0      0        0
  MONTH TO DATE    0                         0      0        0
  SINCE DEC 1      0                         0      0        0
  SINCE JAN 1      0                         0      0        0
..................................................................


WIND (MPH)
  RESULTANT WIND SPEED  18   RESULTANT WIND DIRECTION   W (250)
  HIGHEST WIND SPEED    35   HIGHEST WIND DIRECTION     W (270)
  HIGHEST GUST SPEED    42   HIGHEST GUST DIRECTION     W (270)
  AVERAGE WIND SPEED    19.0


SKY COVER
  AVERAGE SKY COVER 0.3


WEATHER CONDITIONS
 THE FOLLOWING WEATHER WAS RECORDED YESTERDAY.
  NO SIGNIFICANT WEATHER WAS OBSERVED.


RELATIVE HUMIDITY (PERCENT)
 HIGHEST    83          1200 AM
 LOWEST     28           400 PM
 AVERAGE    56

..........................................................


THE LUBBOCK CLIMATE NORMALS FOR TODAY
                         NORMAL    RECORD    YEAR
 MAXIMUM TEMPERATURE (F)   54        78      1986
 MINIMUM TEMPERATURE (F)   27         7      1940


SUNRISE AND SUNSET
JANUARY 20 2017.......SUNRISE   750 AM CST   SUNSET   607 PM CST
JANUARY 21 2017.......SUNRISE   750 AM CST   SUNSET   608 PM CST


-  INDICATES NEGATIVE NUMBERS.
R  INDICATES RECORD WAS SET OR TIED.
MM INDICATES DATA IS MISSING.
T  INDICATES TRACE AMOUNT.




$$
