000
CDUS44 KLUB 020627
CLILBB


CLIMATE REPORT
NATIONAL WEATHER SERVICE LUBBOCK, TX
1227 AM CST MON MAR 2 2015


...................................

...THE LUBBOCK CLIMATE SUMMARY FOR MARCH 1 2015...

CLIMATE NORMAL PERIOD 1981 TO 2010
CLIMATE RECORD PERIOD 1911 TO 2015


WEATHER ITEM   OBSERVED TIME   RECORD YEAR NORMAL DEPARTURE LAST
                VALUE   (LST)  VALUE       VALUE  FROM      YEAR
                                                  NORMAL
..................................................................
TEMPERATURE (F)
 YESTERDAY
  MAXIMUM         32    847 PM  89    2006  63    -31       85
  MINIMUM         23    204 AM   5    1922  33    -10       31
  AVERAGE         28                        48    -20       58

PRECIPITATION (IN)
  YESTERDAY        T             1.16 1934   0.03  -0.03     0.00
  MONTH TO DATE    T                         0.03  -0.03     0.00
  SINCE MAR 1      T                         0.03  -0.03     0.00
  SINCE JAN 1      2.27                      1.43   0.84     0.16

SNOWFALL (IN)
  YESTERDAY       MM             7.0  1931   0.0   MM        0.0
  MONTH TO DATE   MM                         0.0   MM        0.0
  SINCE MAR 1     MM                         0.0   MM        0.0
  SINCE JUL 1     13.6                       7.4    6.2      4.2
  SNOW DEPTH       3

DEGREE DAYS
 HEATING
  YESTERDAY       37                        17     20        7
  MONTH TO DATE   37                        17     20        7
  SINCE MAR 1     37                        17     20        7
  SINCE JUL 1   2756                      2756      0     2859

 COOLING
  YESTERDAY        0                         0      0        0
  MONTH TO DATE    0                         0      0        0
  SINCE MAR 1      0                         0      0        0
  SINCE JAN 1      0                         0      0        0
..................................................................


WIND (MPH)
  RESULTANT WIND SPEED   4   RESULTANT WIND DIRECTION   E (90)
  HIGHEST WIND SPEED    14   HIGHEST WIND DIRECTION     E (70)
  HIGHEST GUST SPEED    17   HIGHEST GUST DIRECTION    NE (60)
  AVERAGE WIND SPEED     5.9


SKY COVER
  AVERAGE SKY COVER 1.0


WEATHER CONDITIONS
 THE FOLLOWING WEATHER WAS RECORDED YESTERDAY.
  FOG
  FOG W/VISIBILITY <= 1/4 MILE


RELATIVE HUMIDITY (PERCENT)
 HIGHEST   100           800 AM
 LOWEST     85           300 PM
 AVERAGE    93

..........................................................


THE LUBBOCK CLIMATE NORMALS FOR TODAY
                         NORMAL    RECORD    YEAR
 MAXIMUM TEMPERATURE (F)   63        86      1974
 MINIMUM TEMPERATURE (F)   34        -2      1922


SUNRISE AND SUNSET
MARCH  2 2015.........SUNRISE   715 AM CST   SUNSET   645 PM CST
MARCH  3 2015.........SUNRISE   713 AM CST   SUNSET   645 PM CST


-  INDICATES NEGATIVE NUMBERS.
R  INDICATES RECORD WAS SET OR TIED.
MM INDICATES DATA IS MISSING.
T  INDICATES TRACE AMOUNT.




$$
