000
CDUS44 KLUB 242331
CLILBB


CLIMATE REPORT
NATIONAL WEATHER SERVICE LUBBOCK, TX
527 PM CST FRI NOV 24 2017


...................................

...THE LUBBOCK CLIMATE SUMMARY FOR NOVEMBER 24 2017...
VALID TODAY AS OF 0500 PM LOCAL TIME.

CLIMATE NORMAL PERIOD 1981 TO 2010
CLIMATE RECORD PERIOD 1911 TO 2017


WEATHER ITEM   OBSERVED TIME   RECORD YEAR NORMAL DEPARTURE LAST
                VALUE   (LST)  VALUE       VALUE  FROM      YEAR
                                                  NORMAL
..................................................................
TEMPERATURE (F)
 TODAY
  MAXIMUM         84R   323 PM  82    1915  60     24       72
  MINIMUM         44    644 AM   7    1938  32     12       34
  AVERAGE         64                        46     18       53

PRECIPITATION (IN)
  TODAY            0.00          1.15 1940   0.02  -0.02     0.00
  MONTH TO DATE    0.03                      0.69  -0.66     0.54
  SINCE SEP 1      3.99                      5.13  -1.14     3.06
  SINCE JAN 1     21.95                     18.20   3.75    12.98

SNOWFALL (IN)
  TODAY            0.0           2.2  2013   0.0    0.0      0.0
  MONTH TO DATE    0.0                       0.6   -0.6      0.0
  SINCE SEP 1      0.0                       0.6   -0.6      0.0
  SINCE JUL 1      0.0                       0.6   -0.6      0.0
  SNOW DEPTH       0

DEGREE DAYS
 HEATING
  TODAY            1                        19    -18       12
  MONTH TO DATE  245                       339    -94      219
  SINCE SEP 1    433                       521    -88      265
  SINCE JUL 1    433                       521    -88      265

 COOLING
  TODAY            0                         0      0        0
  MONTH TO DATE   11                         0     11        7
  SINCE SEP 1    346                       275     71      388
  SINCE JAN 1   1991                      1801    190     2114
..................................................................


WIND (MPH)
  RESULTANT WIND SPEED  12   RESULTANT WIND DIRECTION   W (260)
  HIGHEST WIND SPEED    25   HIGHEST WIND DIRECTION     W (250)
  HIGHEST GUST SPEED    30   HIGHEST GUST DIRECTION     W (260)
  AVERAGE WIND SPEED    12.7


SKY COVER
  AVERAGE SKY COVER 0.4


WEATHER CONDITIONS
 THE FOLLOWING WEATHER WAS RECORDED TODAY.
  NO SIGNIFICANT WEATHER WAS OBSERVED.


RELATIVE HUMIDITY (PERCENT)
 HIGHEST    62           300 AM
 LOWEST     10           300 PM
 AVERAGE    36

..........................................................


THE LUBBOCK CLIMATE NORMALS FOR TOMORROW
                         NORMAL    RECORD    YEAR
 MAXIMUM TEMPERATURE (F)   59        86      1965
 MINIMUM TEMPERATURE (F)   32        15      1993


SUNRISE AND SUNSET
NOVEMBER 24 2017......SUNRISE   728 AM CST   SUNSET   540 PM CST
NOVEMBER 25 2017......SUNRISE   729 AM CST   SUNSET   540 PM CST


-  INDICATES NEGATIVE NUMBERS.
R  INDICATES RECORD WAS SET OR TIED.
MM INDICATES DATA IS MISSING.
T  INDICATES TRACE AMOUNT.




$$
