000
CDUS44 KLUB 280626
CLILBB


CLIMATE REPORT
NATIONAL WEATHER SERVICE LUBBOCK, TX
1226 AM CST SUN DEC 28 2014


...................................

...THE LUBBOCK CLIMATE SUMMARY FOR DECEMBER 27 2014...

CLIMATE NORMAL PERIOD 1981 TO 2010
CLIMATE RECORD PERIOD 1911 TO 2014


WEATHER ITEM   OBSERVED TIME   RECORD YEAR NORMAL DEPARTURE LAST
                VALUE   (LST)  VALUE       VALUE  FROM      YEAR
                                                  NORMAL
..................................................................
TEMPERATURE (F)
 YESTERDAY
  MAXIMUM         38    454 PM  76    2006  53    -15       55
                                      1976
  MINIMUM         23   1159 PM   3    1918  26     -3       22
  AVERAGE         31                        39     -8       39

PRECIPITATION (IN)
  YESTERDAY        0.08          0.43 1943   0.03   0.05     0.00
  MONTH TO DATE    0.21                      0.68  -0.47     0.60
  SINCE DEC 1      0.21                      0.68  -0.47     0.60
  SINCE JAN 1     22.38                     19.04   3.34    12.61

SNOWFALL (IN)
  YESTERDAY        1.3           4.5  1943   0.1    1.2      0.0
  MONTH TO DATE    1.3                       2.0   -0.7      0.2
  SINCE DEC 1      1.3                       2.0   -0.7      0.2
  SINCE JUL 1      1.8                       2.9   -1.1      2.4
  SNOW DEPTH       1

DEGREE DAYS
 HEATING
  YESTERDAY       34                        26      8       26
  MONTH TO DATE  516                       654   -138      687
  SINCE DEC 1    516                       654   -138      687
  SINCE JUL 1   1191                      1296   -105     1340

 COOLING
  YESTERDAY        0                         0      0        0
  MONTH TO DATE    0                         0      0        0
  SINCE DEC 1      0                         0      0        0
  SINCE JAN 1   1917                      1804    113     2123
..................................................................


WIND (MPH)
  RESULTANT WIND SPEED   9   RESULTANT WIND DIRECTION   N (10)
  HIGHEST WIND SPEED    17   HIGHEST WIND DIRECTION    NE (30)
  HIGHEST GUST SPEED    21   HIGHEST GUST DIRECTION     N (20)
  AVERAGE WIND SPEED     8.9


SKY COVER
  AVERAGE SKY COVER 0.7


WEATHER CONDITIONS
 THE FOLLOWING WEATHER WAS RECORDED YESTERDAY.
  SNOW
  LIGHT SNOW
  SLEET
  FOG


RELATIVE HUMIDITY (PERCENT)
 HIGHEST   100           300 AM
 LOWEST     48           500 PM
 AVERAGE    74

..........................................................


THE LUBBOCK CLIMATE NORMALS FOR TODAY
                         NORMAL    RECORD    YEAR
 MAXIMUM TEMPERATURE (F)   53        81      1928
 MINIMUM TEMPERATURE (F)   26        -2      1924


SUNRISE AND SUNSET
DECEMBER 28 2014......SUNRISE   751 AM CST   SUNSET   547 PM CST
DECEMBER 29 2014......SUNRISE   751 AM CST   SUNSET   548 PM CST


-  INDICATES NEGATIVE NUMBERS.
R  INDICATES RECORD WAS SET OR TIED.
MM INDICATES DATA IS MISSING.
T  INDICATES TRACE AMOUNT.




$$
