000
CDUS44 KLUB 030626
CLILBB


CLIMATE REPORT
NATIONAL WEATHER SERVICE LUBBOCK, TX
126 AM CDT WED SEP 3 2014


...................................

...THE LUBBOCK CLIMATE SUMMARY FOR SEPTEMBER 2 2014...

CLIMATE NORMAL PERIOD 1981 TO 2010
CLIMATE RECORD PERIOD 1911 TO 2014


WEATHER ITEM   OBSERVED TIME   RECORD YEAR NORMAL DEPARTURE LAST
                VALUE   (LST)  VALUE       VALUE  FROM      YEAR
                                                  NORMAL
..................................................................
TEMPERATURE (F)
 YESTERDAY
  MAXIMUM        100    428 PM 101    1947  89     11       92
  MINIMUM         71    648 AM  50    1955  64      7       71
                                      1950
                                      1915
  AVERAGE         86                        76     10       82

PRECIPITATION (IN)
  YESTERDAY        0.00          1.92 1946   0.07  -0.07      T
  MONTH TO DATE    0.00                      0.15  -0.15      T
  SINCE SEP 1      0.00                      0.15  -0.15      T
  SINCE JAN 1     11.90                     13.22  -1.32     9.78

SNOWFALL (IN)
  YESTERDAY        0.0                       0.0    0.0      0.0
  MONTH TO DATE    0.0                       0.0    0.0      0.0
  SINCE SEP 1      0.0                       0.0    0.0      0.0
  SINCE JUL 1      0.0                       0.0    0.0      0.0
  SNOW DEPTH       0

DEGREE DAYS
 HEATING
  YESTERDAY        0                         0      0        0
  MONTH TO DATE    0                         0      0        0
  SINCE SEP 1      0                         0      0        0
  SINCE JUL 1      0                         0      0        0

 COOLING
  YESTERDAY       21                        11     10       17
  MONTH TO DATE   46                        22     24       35
  SINCE SEP 1     46                        22     24       35
  SINCE JAN 1   1675                      1548    127     1763
..................................................................


WIND (MPH)
  RESULTANT WIND SPEED  13   RESULTANT WIND DIRECTION   S (170)
  HIGHEST WIND SPEED    24   HIGHEST WIND DIRECTION     S (190)
  HIGHEST GUST SPEED    30   HIGHEST GUST DIRECTION     S (190)
  AVERAGE WIND SPEED    13.7


SKY COVER
  AVERAGE SKY COVER 0.2


WEATHER CONDITIONS
 THE FOLLOWING WEATHER WAS RECORDED YESTERDAY.
  THUNDERSTORM


RELATIVE HUMIDITY (PERCENT)
 HIGHEST    68           600 AM
 LOWEST     27           500 PM
 AVERAGE    48

..........................................................


THE LUBBOCK CLIMATE NORMALS FOR TODAY
                         NORMAL    RECORD    YEAR
 MAXIMUM TEMPERATURE (F)   88       101      2000
                                             1939
 MINIMUM TEMPERATURE (F)   63        48      1974
                                             1915


SUNRISE AND SUNSET
SEPTEMBER  3 2014.....SUNRISE   723 AM CDT   SUNSET   810 PM CDT
SEPTEMBER  4 2014.....SUNRISE   723 AM CDT   SUNSET   809 PM CDT


-  INDICATES NEGATIVE NUMBERS.
R  INDICATES RECORD WAS SET OR TIED.
MM INDICATES DATA IS MISSING.
T  INDICATES TRACE AMOUNT.




$$
