000
CDUS44 KLUB 260125
CLILBB


CLIMATE REPORT
NATIONAL WEATHER SERVICE LUBBOCK, TX
825 PM CDT FRI JUL 25 2014


...................................

...THE LUBBOCK CLIMATE SUMMARY FOR JULY 25 2014...
VALID TODAY AS OF 0800 PM LOCAL TIME.

CLIMATE NORMAL PERIOD 1981 TO 2010
CLIMATE RECORD PERIOD 1911 TO 2014


WEATHER ITEM   OBSERVED TIME   RECORD YEAR NORMAL DEPARTURE LAST
                VALUE   (LST)  VALUE       VALUE  FROM      YEAR
                                                  NORMAL
..................................................................
TEMPERATURE (F)
 TODAY
  MAXIMUM        100    321 PM 104    1940  93      7       84
  MINIMUM         74    624 AM  59    1956  68      6       71
                                      1916
  AVERAGE         87                        80      7       78

PRECIPITATION (IN)
  TODAY            0.00          2.65 1985   0.05  -0.05     0.16
  MONTH TO DATE    2.46                      1.58   0.88     3.37
  SINCE JUN 1      5.05                      4.62   0.43     5.04
  SINCE JAN 1     11.18                     10.83   0.35     8.46

SNOWFALL (IN)
  TODAY            0.0           0.0  2002   0.0    0.0      0.0
  MONTH TO DATE    0.0                       0.0    0.0      0.0
  SINCE JUN 1      0.0                       0.0    0.0      0.0
  SINCE JUL 1      0.0                       0.0    0.0      0.0
  SNOW DEPTH       0

DEGREE DAYS
 HEATING
  TODAY            0                         0      0        0
  MONTH TO DATE    0                         0      0        0
  SINCE JUN 1      0                         2     -2        0
  SINCE JUL 1      0                         0      0        0

 COOLING
  TODAY           22                        15      7       13
  MONTH TO DATE  356                       375    -19      361
  SINCE JUN 1    763                       749     14      835
  SINCE JAN 1   1042                       995     47     1150
..................................................................


WIND (MPH)
  RESULTANT WIND SPEED  11   RESULTANT WIND DIRECTION   S (190)
  HIGHEST WIND SPEED    20   HIGHEST WIND DIRECTION    SW (220)
  HIGHEST GUST SPEED    24   HIGHEST GUST DIRECTION    SW (220)
  AVERAGE WIND SPEED    12.0


SKY COVER
  AVERAGE SKY COVER 0.2


WEATHER CONDITIONS
 THE FOLLOWING WEATHER WAS RECORDED TODAY.
  NO SIGNIFICANT WEATHER WAS OBSERVED.


RELATIVE HUMIDITY (PERCENT)
 HIGHEST    60           400 AM
 LOWEST     18           400 PM
 AVERAGE    39

..........................................................


THE LUBBOCK CLIMATE NORMALS FOR TOMORROW
                         NORMAL    RECORD    YEAR
 MAXIMUM TEMPERATURE (F)   93       105      1995
 MINIMUM TEMPERATURE (F)   68        58      1959
                                             1942


SUNRISE AND SUNSET
JULY 25 2014..........SUNRISE   655 AM CDT   SUNSET   853 PM CDT
JULY 26 2014..........SUNRISE   655 AM CDT   SUNSET   852 PM CDT


-  INDICATES NEGATIVE NUMBERS.
R  INDICATES RECORD WAS SET OR TIED.
MM INDICATES DATA IS MISSING.
T  INDICATES TRACE AMOUNT.




$$
