000
CDUS44 KLUB 250631
CLILBB


CLIMATE REPORT
NATIONAL WEATHER SERVICE LUBBOCK, TX
130 AM CDT MON MAY 25 2015


...................................

...THE LUBBOCK CLIMATE SUMMARY FOR MAY 24 2015...

CLIMATE NORMAL PERIOD 1981 TO 2010
CLIMATE RECORD PERIOD 1911 TO 2015


WEATHER ITEM   OBSERVED TIME   RECORD YEAR NORMAL DEPARTURE LAST
                VALUE   (LST)  VALUE       VALUE  FROM      YEAR
                                                  NORMAL
..................................................................
TEMPERATURE (F)
 YESTERDAY
  MAXIMUM         82    331 PM 109    2000  86     -4       70
  MINIMUM         57    214 AM  40    1930  58     -1       55
  AVERAGE         70                        72     -2       63

PRECIPITATION (IN)
  YESTERDAY        0.00          2.18 1937   0.09  -0.09     0.47
  MONTH TO DATE    8.32                      1.65   6.67     2.41
  SINCE MAR 1      9.86                      4.16   5.70     3.15
  SINCE JAN 1     12.13                      5.56   6.57     3.31

SNOWFALL (IN)
  YESTERDAY        0.0           0.0  2002   0.0    0.0      0.0
  MONTH TO DATE    0.0                       0.0    0.0      0.0
  SINCE MAR 1      1.1                       0.8    0.3       T
  SINCE JUL 1     14.7                       8.2    6.5      4.2
  SNOW DEPTH       0

DEGREE DAYS
 HEATING
  YESTERDAY        0                         1     -1        2
  MONTH TO DATE   41                        37      4       46
  SINCE MAR 1    553                       635    -82      656
  SINCE JUL 1   3272                      3374   -102     3508

 COOLING
  YESTERDAY        5                         8     -3        0
  MONTH TO DATE   63                       129    -66      178
  SINCE MAR 1    118                       185    -67      236
  SINCE JAN 1    118                       185    -67      236
..................................................................


WIND (MPH)
  RESULTANT WIND SPEED   9   RESULTANT WIND DIRECTION  SW (210)
  HIGHEST WIND SPEED    23   HIGHEST WIND DIRECTION    SW (230)
  HIGHEST GUST SPEED    27   HIGHEST GUST DIRECTION    SW (240)
  AVERAGE WIND SPEED    10.8


SKY COVER
  AVERAGE SKY COVER 0.5


WEATHER CONDITIONS
 THE FOLLOWING WEATHER WAS RECORDED YESTERDAY.
  NO SIGNIFICANT WEATHER WAS OBSERVED.


RELATIVE HUMIDITY (PERCENT)
 HIGHEST   100           300 AM
 LOWEST     21           400 PM
 AVERAGE    61

..........................................................


THE LUBBOCK CLIMATE NORMALS FOR TODAY
                         NORMAL    RECORD    YEAR
 MAXIMUM TEMPERATURE (F)   86       102      2012
 MINIMUM TEMPERATURE (F)   59        44      1924


SUNRISE AND SUNSET
MAY 25 2015...........SUNRISE   641 AM CDT   SUNSET   848 PM CDT
MAY 26 2015...........SUNRISE   640 AM CDT   SUNSET   849 PM CDT


-  INDICATES NEGATIVE NUMBERS.
R  INDICATES RECORD WAS SET OR TIED.
MM INDICATES DATA IS MISSING.
T  INDICATES TRACE AMOUNT.




$$
