000
CDUS44 KLUB 240631
CLILBB


CLIMATE REPORT
NATIONAL WEATHER SERVICE LUBBOCK, TX
130 AM CDT TUE MAY 24 2016


...................................

...THE LUBBOCK CLIMATE SUMMARY FOR MAY 23 2016...

CLIMATE NORMAL PERIOD 1981 TO 2010
CLIMATE RECORD PERIOD 1911 TO 2016


WEATHER ITEM   OBSERVED TIME   RECORD YEAR NORMAL DEPARTURE LAST
                VALUE   (LST)  VALUE       VALUE  FROM      YEAR
                                                  NORMAL
..................................................................
TEMPERATURE (F)
 YESTERDAY
  MAXIMUM         90    259 PM 105    2000  86      4       81
  MINIMUM         65    142 AM  45    1917  58      7       58
  AVERAGE         78                        72      6       70

PRECIPITATION (IN)
  YESTERDAY        0.00          4.32 1941   0.09  -0.09     0.03
  MONTH TO DATE    3.28                      1.56   1.72     8.32
  SINCE MAR 1      4.50                      4.07   0.43     9.86
  SINCE JAN 1      4.89                      5.47  -0.58    12.13

SNOWFALL (IN)
  YESTERDAY        0.0           T    1954   0.0    0.0      0.0
  MONTH TO DATE    0.0                       0.0    0.0      0.0
  SINCE MAR 1      T                         0.8   -0.8      1.1
  SINCE JUL 1     13.3                       8.2    5.1     14.7
  SNOW DEPTH       0

DEGREE DAYS
 HEATING
  YESTERDAY        0                         1     -1        0
  MONTH TO DATE   83                        36     47       41
  SINCE MAR 1    454                       634   -180      553
  SINCE JUL 1   2854                      3373   -519     3272

 COOLING
  YESTERDAY       13                         8      5        5
  MONTH TO DATE  104                       121    -17       58
  SINCE MAR 1    151                       177    -26      113
  SINCE JAN 1    155                       177    -22      113
..................................................................


WIND (MPH)
  RESULTANT WIND SPEED  14   RESULTANT WIND DIRECTION   S (190)
  HIGHEST WIND SPEED    28   HIGHEST WIND DIRECTION     S (160)
  HIGHEST GUST SPEED    36   HIGHEST GUST DIRECTION     S (170)
  AVERAGE WIND SPEED    16.1


SKY COVER
  AVERAGE SKY COVER 0.4


WEATHER CONDITIONS
 THE FOLLOWING WEATHER WAS RECORDED YESTERDAY.
  THUNDERSTORM
  FOG
  HAZE


RELATIVE HUMIDITY (PERCENT)
 HIGHEST    93           300 AM
 LOWEST     32           300 PM
 AVERAGE    63

..........................................................


THE LUBBOCK CLIMATE NORMALS FOR TODAY
                         NORMAL    RECORD    YEAR
 MAXIMUM TEMPERATURE (F)   86       109      2000
 MINIMUM TEMPERATURE (F)   58        40      1930


SUNRISE AND SUNSET
MAY 24 2016...........SUNRISE   641 AM CDT   SUNSET   848 PM CDT
MAY 25 2016...........SUNRISE   640 AM CDT   SUNSET   848 PM CDT


-  INDICATES NEGATIVE NUMBERS.
R  INDICATES RECORD WAS SET OR TIED.
MM INDICATES DATA IS MISSING.
T  INDICATES TRACE AMOUNT.




$$
