000
CDUS43 KLBF 270946
CLILBF


CLIMATE REPORT
NATIONAL WEATHER SERVICE NORTH PLATTE
445 AM CDT WED JUL 27 2016


...................................

...THE NORTH PLATTE NE CLIMATE SUMMARY FOR JULY 26 2016...

CLIMATE NORMAL PERIOD 1981 TO 2010
CLIMATE RECORD PERIOD 1874 TO 2016


WEATHER ITEM   OBSERVED TIME   RECORD YEAR NORMAL DEPARTURE LAST
                VALUE   (LST)  VALUE       VALUE  FROM      YEAR
                                                  NORMAL
..................................................................
TEMPERATURE (F)
 YESTERDAY
  MAXIMUM         88    417 PM 107    1936  88      0       93
  MINIMUM         63   1159 PM  50    2004  61      2       64
  AVERAGE         76                        75      1       79

PRECIPITATION (IN)
  YESTERDAY        T             2.07 1983   0.10  -0.10     0.19
  MONTH TO DATE    2.75                      2.56   0.19     2.55
  SINCE JUN 1      6.01                      5.98   0.03     5.28
  SINCE JAN 1     17.19                     13.42   3.77    13.38

SNOWFALL (IN)
  YESTERDAY        0.0           T    2006   0.0    0.0      0.0
  MONTH TO DATE    0.0                       0.0    0.0      0.0
  SINCE JUN 1      0.0                       0.0    0.0      0.0
  SINCE JUL 1      0.0                       0.0    0.0      0.0
  SNOW DEPTH       0

DEGREE DAYS
 HEATING
  YESTERDAY        0                         0      0        0
  MONTH TO DATE    6                         0      6        6
  SINCE JUN 1     16                        51    -35       11
  SINCE JUL 1      6                         0      6        6

 COOLING
  YESTERDAY       11                        10      1       14
  MONTH TO DATE  265                       246     19      258
  SINCE JUN 1    513                       384    129      436
  SINCE JAN 1    523                       412    111      438
..................................................................


WIND (MPH)
  HIGHEST WIND SPEED    39   HIGHEST WIND DIRECTION    NE (30)
  HIGHEST GUST SPEED    57   HIGHEST GUST DIRECTION     N (20)
  AVERAGE WIND SPEED     9.8


SKY COVER
  POSSIBLE SUNSHINE  MM
  AVERAGE SKY COVER 0.0


WEATHER CONDITIONS
 THE FOLLOWING WEATHER WAS RECORDED YESTERDAY.
  THUNDERSTORM
  LIGHT RAIN


RELATIVE HUMIDITY (PERCENT)
 HIGHEST   100           500 AM
 LOWEST     50           500 PM
 AVERAGE    75

..........................................................


THE NORTH PLATTE NE CLIMATE NORMALS FOR TODAY
                         NORMAL    RECORD    YEAR
 MAXIMUM TEMPERATURE (F)   88       106      1952
                                             1910
 MINIMUM TEMPERATURE (F)   61        43      2005


SUNRISE AND SUNSET
JULY 27 2016..........SUNRISE   634 AM CDT   SUNSET   904 PM CDT
JULY 28 2016..........SUNRISE   635 AM CDT   SUNSET   903 PM CDT


-  INDICATES NEGATIVE NUMBERS.
R  INDICATES RECORD WAS SET OR TIED.
MM INDICATES DATA IS MISSING.
T  INDICATES TRACE AMOUNT.




$$
