000
CDUS43 KLBF 290934
CLILBF

CLIMATE REPORT
NATIONAL WEATHER SERVICE NORTH PLATTE
433 AM CDT TUE JUL 29 2014


...................................

...THE NORTH PLATTE NE CLIMATE SUMMARY FOR JULY 28 2014...

CLIMATE NORMAL PERIOD 1981 TO 2010
CLIMATE RECORD PERIOD 1874 TO 2014


WEATHER ITEM   OBSERVED TIME   RECORD YEAR NORMAL DEPARTURE LAST
                VALUE   (LST)  VALUE       VALUE  FROM      YEAR
                                                  NORMAL
..................................................................
TEMPERATURE (F)
 YESTERDAY
  MAXIMUM         84    346 PM 104    1933  88     -4       66
                                      1917
  MINIMUM         52    542 AM  47    1892  61     -9       55
  AVERAGE         68                        75     -7       61

PRECIPITATION (IN)
  YESTERDAY        0.00          1.63 2007   0.10  -0.10      T
  MONTH TO DATE    0.14                      2.76  -2.62     1.87
  SINCE JUN 1      8.89                      6.18   2.71     3.82
  SINCE JAN 1     13.18                     13.62  -0.44     9.98

SNOWFALL (IN)
  YESTERDAY        0.0           0.0  2002   0.0    0.0      0.0
                                      2001
  MONTH TO DATE    0.0                       0.0    0.0      0.0
  SINCE JUN 1      T                         0.0    0.0       T
  SINCE JUL 1      0.0                       0.0    0.0      0.0
  SNOW DEPTH       0

DEGREE DAYS
 HEATING
  YESTERDAY        0                         0      0        4
  MONTH TO DATE   17                         0     17       13
  SINCE JUN 1     56                        51      5       60
  SINCE JUL 1     17                         0     17       13

 COOLING
  YESTERDAY        3                        10     -7        0
  MONTH TO DATE  220                       266    -46      285
  SINCE JUN 1    351                       404    -53      464
  SINCE JAN 1    400                       432    -32      512
..................................................................


WIND (MPH)
  HIGHEST WIND SPEED    16   HIGHEST WIND DIRECTION     E (110)
  HIGHEST GUST SPEED    20   HIGHEST GUST DIRECTION     E (100)
  AVERAGE WIND SPEED     7.1


SKY COVER
  POSSIBLE SUNSHINE  MM
  AVERAGE SKY COVER 0.1


WEATHER CONDITIONS
 THE FOLLOWING WEATHER WAS RECORDED YESTERDAY.
  NO SIGNIFICANT WEATHER WAS OBSERVED.


RELATIVE HUMIDITY (PERCENT)
 HIGHEST    89           300 AM
 LOWEST     42          1200 PM
 AVERAGE    66

..........................................................


THE NORTH PLATTE NE CLIMATE NORMALS FOR TODAY
                         NORMAL    RECORD    YEAR
 MAXIMUM TEMPERATURE (F)   88       106      1980
 MINIMUM TEMPERATURE (F)   61        49      1971
                                             1892


SUNRISE AND SUNSET
JULY 29 2014..........SUNRISE   636 AM CDT   SUNSET   902 PM CDT
JULY 30 2014..........SUNRISE   636 AM CDT   SUNSET   901 PM CDT


-  INDICATES NEGATIVE NUMBERS.
R  INDICATES RECORD WAS SET OR TIED.
MM INDICATES DATA IS MISSING.
T  INDICATES TRACE AMOUNT.

$$
