000
CDUS43 KLBF 240957
CLILBF


CLIMATE REPORT
NATIONAL WEATHER SERVICE NORTH PLATTE
456 AM CDT TUE MAY 24 2016


...................................

...THE NORTH PLATTE NE CLIMATE SUMMARY FOR MAY 23 2016...

CLIMATE NORMAL PERIOD 1981 TO 2010
CLIMATE RECORD PERIOD 1874 TO 2016


WEATHER ITEM   OBSERVED TIME   RECORD YEAR NORMAL DEPARTURE LAST
                VALUE   (LST)  VALUE       VALUE  FROM      YEAR
                                                  NORMAL
..................................................................
TEMPERATURE (F)
 YESTERDAY
  MAXIMUM         78    348 PM  98    1926  74      4       62
  MINIMUM         47    542 AM  30    2001  47      0       50
  AVERAGE         63                        60      3       56

PRECIPITATION (IN)
  YESTERDAY        0.03          1.15 1885   0.11  -0.08     0.12
  MONTH TO DATE    1.46                      2.31  -0.85     3.90
  SINCE MAR 1      7.48                      5.63   1.85     6.92
  SINCE JAN 1      8.74                      6.47   2.27     7.66

SNOWFALL (IN)
  YESTERDAY        0.0           0.0    MM   0.0    0.0      0.0
  MONTH TO DATE    0.0                       0.0    0.0       T
  SINCE MAR 1      6.8                       7.6   -0.8      2.4
  SINCE JUL 1     32.4                      28.5    3.9     21.3
  SNOW DEPTH       0

DEGREE DAYS
 HEATING
  YESTERDAY        2                         6     -4        9
  MONTH TO DATE  248                       205     43      241
  SINCE MAR 1   1412                      1567   -155     1336
  SINCE JUL 1   5689                      6595   -906     6225

 COOLING
  YESTERDAY        0                         1     -1        0
  MONTH TO DATE    7                        13     -6        0
  SINCE MAR 1      8                        16     -8        2
  SINCE JAN 1      8                        16     -8        2
..................................................................


WIND (MPH)
  HIGHEST WIND SPEED    14   HIGHEST WIND DIRECTION    NW (300)
  HIGHEST GUST SPEED    17   HIGHEST GUST DIRECTION    NW (320)
  AVERAGE WIND SPEED     4.7


SKY COVER
  POSSIBLE SUNSHINE  MM
  AVERAGE SKY COVER 0.2


WEATHER CONDITIONS
 THE FOLLOWING WEATHER WAS RECORDED YESTERDAY.
  LIGHT RAIN
  FOG
  HAZE


RELATIVE HUMIDITY (PERCENT)
 HIGHEST   100           600 AM
 LOWEST     26           400 PM
 AVERAGE    63

..........................................................


THE NORTH PLATTE NE CLIMATE NORMALS FOR TODAY
                         NORMAL    RECORD    YEAR
 MAXIMUM TEMPERATURE (F)   74        97      1953
 MINIMUM TEMPERATURE (F)   47        31      1966
                                             1924


SUNRISE AND SUNSET
MAY 24 2016...........SUNRISE   617 AM CDT   SUNSET   903 PM CDT
MAY 25 2016...........SUNRISE   616 AM CDT   SUNSET   904 PM CDT


-  INDICATES NEGATIVE NUMBERS.
R  INDICATES RECORD WAS SET OR TIED.
MM INDICATES DATA IS MISSING.
T  INDICATES TRACE AMOUNT.




$$
