000
CDUS43 KLBF 251004
CLILBF


CLIMATE REPORT
NATIONAL WEATHER SERVICE NORTH PLATTE
403 AM CST SAT FEB 25 2017


...................................

...THE NORTH PLATTE NE CLIMATE SUMMARY FOR FEBRUARY 24 2017...

CLIMATE NORMAL PERIOD 1981 TO 2010
CLIMATE RECORD PERIOD 1874 TO 2017


WEATHER ITEM   OBSERVED TIME   RECORD YEAR NORMAL DEPARTURE LAST
                VALUE   (LST)  VALUE       VALUE  FROM      YEAR
                                                  NORMAL
..................................................................
TEMPERATURE (F)
 YESTERDAY
  MAXIMUM         25    351 PM  73    1995  46    -21       51
  MINIMUM         12   1159 PM -12    2003  17     -5       15
                                      1960
  AVERAGE         19                        32    -13       33

PRECIPITATION (IN)
  YESTERDAY        0.09          0.42 2007   0.02   0.07     0.00
  MONTH TO DATE    0.52                      0.40   0.12     0.78
  SINCE DEC 1      1.81                      1.15   0.66     1.54
  SINCE JAN 1      1.19                      0.74   0.45     1.26

SNOWFALL (IN)
  YESTERDAY        1.4           2.5  2007   0.1    1.3      0.0
  MONTH TO DATE    5.9                       4.5    1.4     12.0
  SINCE DEC 1     15.3                      13.9    1.4     21.0
  SINCE JUL 1     20.3                      20.1    0.2     25.6
  SNOW DEPTH       4

DEGREE DAYS
 HEATING
  YESTERDAY       46                        33     13       32
  MONTH TO DATE  671                       877   -206      765
  SINCE DEC 1   3133                      3346   -213     2973
  SINCE JUL 1   4174                      4897   -723     4159

 COOLING
  YESTERDAY        0                         0      0        0
  MONTH TO DATE    0                         0      0        0
  SINCE DEC 1      0                         0      0        0
  SINCE JAN 1      0                         0      0        0
..................................................................


WIND (MPH)
  HIGHEST WIND SPEED    26   HIGHEST WIND DIRECTION     N (360)
  HIGHEST GUST SPEED    34   HIGHEST GUST DIRECTION     N (360)
  AVERAGE WIND SPEED    15.7


SKY COVER
  POSSIBLE SUNSHINE  MM
  AVERAGE SKY COVER 0.7


WEATHER CONDITIONS
 THE FOLLOWING WEATHER WAS RECORDED YESTERDAY.
  LIGHT SNOW
  FOG
  HAZE


RELATIVE HUMIDITY (PERCENT)
 HIGHEST    88           300 AM
 LOWEST     55           200 PM
 AVERAGE    72

..........................................................


THE NORTH PLATTE NE CLIMATE NORMALS FOR TODAY
                         NORMAL    RECORD    YEAR
 MAXIMUM TEMPERATURE (F)   46        76      1995
 MINIMUM TEMPERATURE (F)   18       -12      1960


SUNRISE AND SUNSET
FEBRUARY 25 2017......SUNRISE   723 AM CST   SUNSET   629 PM CST
FEBRUARY 26 2017......SUNRISE   721 AM CST   SUNSET   631 PM CST


-  INDICATES NEGATIVE NUMBERS.
R  INDICATES RECORD WAS SET OR TIED.
MM INDICATES DATA IS MISSING.
T  INDICATES TRACE AMOUNT.




$$
