000
CDUS43 KLBF 281039
CLILBF

CLIMATE REPORT
NATIONAL WEATHER SERVICE NORTH PLATTE
438 AM CST SAT FEB 28 2015


...................................

...THE NORTH PLATTE NE CLIMATE SUMMARY FOR FEBRUARY 27 2015...

CLIMATE NORMAL PERIOD 1981 TO 2010
CLIMATE RECORD PERIOD 1874 TO 2015


WEATHER ITEM   OBSERVED TIME   RECORD YEAR NORMAL DEPARTURE LAST
                VALUE   (LST)  VALUE       VALUE  FROM      YEAR
                                                  NORMAL
..................................................................
TEMPERATURE (F)
 YESTERDAY
  MAXIMUM         25    337 PM  75    2006  47    -22       26
  MINIMUM         -5    545 AM -16    1962  18    -23        0
  AVERAGE         10                        32    -22       13

PRECIPITATION (IN)
  YESTERDAY        T             0.61 1916   0.03  -0.03     0.00
  MONTH TO DATE    0.46                      0.48  -0.02     0.73
  SINCE DEC 1      1.78                      1.23   0.55     1.21
  SINCE JAN 1      0.74                      0.82  -0.08     1.05

SNOWFALL (IN)
  YESTERDAY        T             6.0  1916   0.2   -0.2      0.0
  MONTH TO DATE    6.3                       5.1    1.2     11.6
  SINCE DEC 1     18.5                      14.5    4.0     19.3
  SINCE JUL 1     18.9                      20.7   -1.8     22.4
  SNOW DEPTH       0

DEGREE DAYS
 HEATING
  YESTERDAY       55                        32     23       52
  MONTH TO DATE  994                       975     19     1200
  SINCE DEC 1   3326                      3444   -118     3663
  SINCE JUL 1   4846                      4995   -149     5148

 COOLING
  YESTERDAY        0                         0      0        0
  MONTH TO DATE    0                         0      0        0
  SINCE DEC 1      0                         0      0        0
  SINCE JAN 1      0                         0      0        0
..................................................................


WIND (MPH)
  HIGHEST WIND SPEED    20   HIGHEST WIND DIRECTION     S (190)
  HIGHEST GUST SPEED    25   HIGHEST GUST DIRECTION     S (180)
  AVERAGE WIND SPEED     9.5


SKY COVER
  POSSIBLE SUNSHINE  MM
  AVERAGE SKY COVER 0.6


WEATHER CONDITIONS
 THE FOLLOWING WEATHER WAS RECORDED YESTERDAY.
  NO SIGNIFICANT WEATHER WAS OBSERVED.


RELATIVE HUMIDITY (PERCENT)
 HIGHEST    79           300 AM
 LOWEST     36           200 PM
 AVERAGE    58

..........................................................


THE NORTH PLATTE NE CLIMATE NORMALS FOR TODAY
                         NORMAL    RECORD    YEAR
 MAXIMUM TEMPERATURE (F)   47        76      2006
                                             1972
 MINIMUM TEMPERATURE (F)   19       -22      1962


SUNRISE AND SUNSET
FEBRUARY 28 2015......SUNRISE   719 AM CST   SUNSET   632 PM CST
MARCH  1 2015.........SUNRISE   717 AM CST   SUNSET   633 PM CST


-  INDICATES NEGATIVE NUMBERS.
R  INDICATES RECORD WAS SET OR TIED.
MM INDICATES DATA IS MISSING.
T  INDICATES TRACE AMOUNT.

$$
