000
CDUS43 KLBF 272220
CLILBF

CLIMATE REPORT
NATIONAL WEATHER SERVICE NORTH PLATTE
517 PM CDT MON JUL 27 2015


...................................

...THE NORTH PLATTE NE CLIMATE SUMMARY FOR JULY 27 2015...
VALID TODAY AS OF 0500 PM LOCAL TIME.

CLIMATE NORMAL PERIOD 1981 TO 2010
CLIMATE RECORD PERIOD 1874 TO 2015


WEATHER ITEM   OBSERVED TIME   RECORD YEAR NORMAL DEPARTURE LAST
                VALUE   (LST)  VALUE       VALUE  FROM      YEAR
                                                  NORMAL
..................................................................
TEMPERATURE (F)
 TODAY
  MAXIMUM         91    410 PM 106    1952  88      3       87
                                      1910
  MINIMUM         62    508 AM  43    2005  61      1       56
  AVERAGE         77                        75      2       72

PRECIPITATION (IN)
  TODAY            0.00          2.90 1892   0.10  -0.10     0.00
  MONTH TO DATE    2.55                      2.66  -0.11     0.14
  SINCE JUN 1      5.28                      6.08  -0.80     8.89
  SINCE JAN 1     13.38                     13.52  -0.14    13.18

SNOWFALL (IN)
  TODAY            0.0           0.0  2002   0.0    0.0      0.0
                                      2001
  MONTH TO DATE    0.0                       0.0    0.0      0.0
  SINCE JUN 1      0.0                       0.0    0.0       T
  SINCE JUL 1      0.0                       0.0    0.0      0.0
  SNOW DEPTH       0

DEGREE DAYS
 HEATING
  TODAY            0                         0      0        0
  MONTH TO DATE    6                         0      6       17
  SINCE JUN 1     11                        51    -40       56
  SINCE JUL 1      6                         0      6       17

 COOLING
  TODAY           12                        10      2        7
  MONTH TO DATE  270                       256     14      217
  SINCE JUN 1    448                       394     54      348
  SINCE JAN 1    450                       422     28      397
..................................................................


WIND (MPH)
  HIGHEST WIND SPEED    24   HIGHEST WIND DIRECTION     S (170)
  HIGHEST GUST SPEED    33   HIGHEST GUST DIRECTION     S (160)
  AVERAGE WIND SPEED     7.9


SKY COVER
  POSSIBLE SUNSHINE  MM
  AVERAGE SKY COVER 0.0


WEATHER CONDITIONS
 THE FOLLOWING WEATHER WAS RECORDED TODAY.
  NO SIGNIFICANT WEATHER WAS OBSERVED.


RELATIVE HUMIDITY (PERCENT)
 HIGHEST    93           600 AM
 LOWEST     50           200 PM
 AVERAGE    72

..........................................................


THE NORTH PLATTE NE CLIMATE NORMALS FOR TOMORROW
                         NORMAL    RECORD    YEAR
 MAXIMUM TEMPERATURE (F)   88       104      1933
                                             1917
 MINIMUM TEMPERATURE (F)   61        47      1892


SUNRISE AND SUNSET
JULY 27 2015..........SUNRISE   633 AM CDT   SUNSET   905 PM CDT
JULY 28 2015..........SUNRISE   634 AM CDT   SUNSET   904 PM CDT


-  INDICATES NEGATIVE NUMBERS.
R  INDICATES RECORD WAS SET OR TIED.
MM INDICATES DATA IS MISSING.
T  INDICATES TRACE AMOUNT.

$$
