000
CDUS43 KLBF 260858
CLILBF


CLIMATE REPORT
NATIONAL WEATHER SERVICE NORTH PLATTE
357 AM CDT WED JUL 26 2017


...................................

...THE NORTH PLATTE NE CLIMATE SUMMARY FOR JULY 25 2017...

CLIMATE NORMAL PERIOD 1981 TO 2010
CLIMATE RECORD PERIOD 1874 TO 2017


WEATHER ITEM   OBSERVED TIME   RECORD YEAR NORMAL DEPARTURE LAST
                VALUE   (LST)  VALUE       VALUE  FROM      YEAR
                                                  NORMAL
..................................................................
TEMPERATURE (F)
 YESTERDAY
  MAXIMUM        101    406 PM 108    2003  88     13       86
                                      1936
  MINIMUM         73    553 AM  43    1911  61     12       59
  AVERAGE         87                        75     12       73

PRECIPITATION (IN)
  YESTERDAY        T             3.15 1879   0.10  -0.10     0.00
  MONTH TO DATE    2.02                      2.46  -0.44     2.75
  SINCE JUN 1      2.45                      5.88  -3.43     6.01
  SINCE JAN 1     10.99                     13.32  -2.33    17.19

SNOWFALL (IN)
  YESTERDAY        0.0           0.0  2002   0.0    0.0      0.0
                                      2001
  MONTH TO DATE    T                         0.0    0.0      0.0
  SINCE JUN 1      T                         0.0    0.0      0.0
  SINCE JUL 1      T                         0.0    0.0      0.0
  SNOW DEPTH       0

DEGREE DAYS
 HEATING
  YESTERDAY        0                         0      0        0
  MONTH TO DATE    0                         0      0        6
  SINCE JUN 1      7                        51    -44       16
  SINCE JUL 1      0                         0      0        6

 COOLING
  YESTERDAY       22                        10     12        8
  MONTH TO DATE  352                       236    116      254
  SINCE JUN 1    564                       374    190      502
  SINCE JAN 1    581                       402    179      512
..................................................................


WIND (MPH)
  HIGHEST WIND SPEED    28   HIGHEST WIND DIRECTION    SW (240)
  HIGHEST GUST SPEED    36   HIGHEST GUST DIRECTION    SW (240)
  AVERAGE WIND SPEED    11.1


SKY COVER
  POSSIBLE SUNSHINE  MM
  AVERAGE SKY COVER 0.0


WEATHER CONDITIONS
 THE FOLLOWING WEATHER WAS RECORDED YESTERDAY.
  THUNDERSTORM
  LIGHT RAIN


RELATIVE HUMIDITY (PERCENT)
 HIGHEST    69          1100 PM
 LOWEST     29           400 PM
 AVERAGE    49

..........................................................


THE NORTH PLATTE NE CLIMATE NORMALS FOR TODAY
                         NORMAL    RECORD    YEAR
 MAXIMUM TEMPERATURE (F)   88       107      1936
 MINIMUM TEMPERATURE (F)   61        50      2004


SUNRISE AND SUNSET
JULY 26 2017..........SUNRISE   633 AM CDT   SUNSET   905 PM CDT
JULY 27 2017..........SUNRISE   634 AM CDT   SUNSET   904 PM CDT


-  INDICATES NEGATIVE NUMBERS.
R  INDICATES RECORD WAS SET OR TIED.
MM INDICATES DATA IS MISSING.
T  INDICATES TRACE AMOUNT.




$$
