000
CDUS43 KLBF 270952
CLILBF

CLIMATE REPORT
NATIONAL WEATHER SERVICE NORTH PLATTE
450 AM CDT WED MAY 27 2015


...................................

...THE NORTH PLATTE NE CLIMATE SUMMARY FOR MAY 26 2015...

CLIMATE NORMAL PERIOD 1981 TO 2010
CLIMATE RECORD PERIOD 1874 TO 2015


WEATHER ITEM   OBSERVED TIME   RECORD YEAR NORMAL DEPARTURE LAST
                VALUE   (LST)  VALUE       VALUE  FROM      YEAR
                                                  NORMAL
..................................................................
TEMPERATURE (F)
 YESTERDAY
  MAXIMUM         72    507 PM  97    2012  75     -3       84
  MINIMUM         49    224 AM  30    1992  48      1       50
  AVERAGE         61                        61      0       67

PRECIPITATION (IN)
  YESTERDAY        0.00          1.48 1973   0.12  -0.12     0.00
  MONTH TO DATE    4.00                      2.66   1.34     1.77
  SINCE MAR 1      7.02                      5.98   1.04     3.20
  SINCE JAN 1      7.76                      6.82   0.94     4.25

SNOWFALL (IN)
  YESTERDAY        0.0           0.0    MM   0.0    0.0      0.0
  MONTH TO DATE    T                         0.0    0.0       T
  SINCE MAR 1      2.4                       7.6   -5.2      7.4
  SINCE JUL 1     21.3                      28.5   -7.2     29.8
  SNOW DEPTH       0

DEGREE DAYS
 HEATING
  YESTERDAY        4                         5     -1        0
  MONTH TO DATE  254                       221     33      263
  SINCE MAR 1   1349                      1583   -234     1639
  SINCE JUL 1   6238                      6611   -373     6830

 COOLING
  YESTERDAY        0                         1     -1        2
  MONTH TO DATE    0                        16    -16       10
  SINCE MAR 1      2                        19    -17       12
  SINCE JAN 1      2                        19    -17       12
..................................................................


WIND (MPH)
  HIGHEST WIND SPEED    16   HIGHEST WIND DIRECTION     N (10)
  HIGHEST GUST SPEED    22   HIGHEST GUST DIRECTION     N (10)
  AVERAGE WIND SPEED     7.5


SKY COVER
  POSSIBLE SUNSHINE  MM
  AVERAGE SKY COVER 0.4


WEATHER CONDITIONS
 THE FOLLOWING WEATHER WAS RECORDED YESTERDAY.
  NO SIGNIFICANT WEATHER WAS OBSERVED.


RELATIVE HUMIDITY (PERCENT)
 HIGHEST   100           400 AM
 LOWEST     41           400 PM
 AVERAGE    71

..........................................................


THE NORTH PLATTE NE CLIMATE NORMALS FOR TODAY
                         NORMAL    RECORD    YEAR
 MAXIMUM TEMPERATURE (F)   75        99      2006
 MINIMUM TEMPERATURE (F)   48        29      1907


SUNRISE AND SUNSET
MAY 27 2015...........SUNRISE   615 AM CDT   SUNSET   905 PM CDT
MAY 28 2015...........SUNRISE   615 AM CDT   SUNSET   906 PM CDT


-  INDICATES NEGATIVE NUMBERS.
R  INDICATES RECORD WAS SET OR TIED.
MM INDICATES DATA IS MISSING.
T  INDICATES TRACE AMOUNT.

$$
