696
CDUS42 KILM 232043
CLILBT


CLIMATE REPORT
NATIONAL WEATHER SERVICE WILMINGTON NC
443 PM EDT MON MAY 23 2016


...................................

...THE LUMBERTON NC CLIMATE SUMMARY FOR MAY 23 2016...
VALID TODAY AS OF 0400 PM LOCAL TIME.

CLIMATE NORMAL PERIOD 1981 TO 2010
CLIMATE RECORD PERIOD 9999 TO 9999


WEATHER ITEM   OBSERVED TIME   NORMAL DEPARTURE LAST
                VALUE   (LST)  VALUE  FROM      YEAR
                                      NORMAL
......................................................
TEMPERATURE (F)
 TODAY
  MAXIMUM         71    201 PM  84    -13       84
  MINIMUM         53    545 AM  60     -7       49
  AVERAGE         62            72    -10       67

PRECIPITATION (IN)
  TODAY            T             0.11  -0.11     0.00
  MONTH TO DATE    5.01          2.06   2.95     1.77
  SINCE MAR 1      9.36          8.21   1.15     7.84
  SINCE JAN 1     17.64         14.08   3.56    17.30

DEGREE DAYS
 HEATING
  TODAY            3             0      3        0
  MONTH TO DATE   22            30     -8       12
  SINCE MAR 1    339           529   -190      414
  SINCE JUL 1   2018          2759   -741     2778

 COOLING
  TODAY            0             7     -7        2
  MONTH TO DATE  114           114      0      156
  SINCE MAR 1    230           179     51      250
  SINCE JAN 1    231           182     49      250
......................................................


WIND (MPH)
  HIGHEST WIND SPEED    16   HIGHEST WIND DIRECTION     N (10)
  HIGHEST GUST SPEED    20   HIGHEST GUST DIRECTION     N (10)
  AVERAGE WIND SPEED     5.6


SKY COVER
  POSSIBLE SUNSHINE  MM
  AVERAGE SKY COVER 0.3


WEATHER CONDITIONS
 THE FOLLOWING WEATHER WAS RECORDED TODAY.
  LIGHT RAIN


RELATIVE HUMIDITY (PERCENT)
 HIGHEST    93          1200 AM
 LOWEST     53          1100 AM
 AVERAGE    73

..........................................................


THE LUMBERTON NC CLIMATE NORMALS FOR TOMORROW
                         NORMAL
 MAXIMUM TEMPERATURE (F)   84
 MINIMUM TEMPERATURE (F)   60


SUNRISE AND SUNSET
MAY 23 2016...........SUNRISE   608 AM EDT   SUNSET   818 PM EDT
MAY 24 2016...........SUNRISE   608 AM EDT   SUNSET   819 PM EDT


-  INDICATES NEGATIVE NUMBERS.
R  INDICATES RECORD WAS SET OR TIED.
MM INDICATES DATA IS MISSING.
T  INDICATES TRACE AMOUNT.




$$
