000
CDUS42 KILM 270941
CLILBT


CLIMATE REPORT
NATIONAL WEATHER SERVICE WILMINGTON NC
441 AM EST THU NOV 27 2014


...................................

...THE LUMBERTON NC CLIMATE SUMMARY FOR NOVEMBER 26 2014...

CLIMATE NORMAL PERIOD 1981 TO 2010
CLIMATE RECORD PERIOD 9999 TO 9999


WEATHER ITEM   OBSERVED TIME   NORMAL DEPARTURE LAST
                VALUE   (LST)  VALUE  FROM      YEAR
                                      NORMAL
......................................................
TEMPERATURE (F)
 YESTERDAY
  MAXIMUM         54    453 AM  64    -10       68
  MINIMUM         39   1038 PM  39      0       36
  AVERAGE         47            51     -4       52

PRECIPITATION (IN)
  YESTERDAY        0.97          0.11   0.86     1.03
  MONTH TO DATE    2.84          2.48   0.36     1.72
  SINCE SEP 1      7.46          9.85  -2.39     3.47
  SINCE JAN 1     39.62         40.24  -0.62    39.45

SNOWFALL (IN)
  YESTERDAY       MM
  MONTH TO DATE   MM
  SINCE SEP 1     MM
  SINCE JUL 1     MM
  SNOW DEPTH      MM

DEGREE DAYS
 HEATING
  YESTERDAY       18            14      4       13
  MONTH TO DATE  373           276     97      319
  SINCE SEP 1    461           408     53      423
  SINCE JUL 1    461           408     53      423

 COOLING
  YESTERDAY        0             0      0        0
  MONTH TO DATE    9            10     -1       14
  SINCE SEP 1    404           332     72      350
  SINCE JAN 1   2061          1904    157     1861
......................................................


WIND (MPH)
  HIGHEST WIND SPEED    25   HIGHEST WIND DIRECTION     N (20)
  HIGHEST GUST SPEED    33   HIGHEST GUST DIRECTION     N (20)
  AVERAGE WIND SPEED     9.1


SKY COVER
  POSSIBLE SUNSHINE  MM
  AVERAGE SKY COVER 0.8


WEATHER CONDITIONS
 THE FOLLOWING WEATHER WAS RECORDED YESTERDAY.
  HEAVY RAIN
  RAIN
  LIGHT RAIN
  FOG


RELATIVE HUMIDITY (PERCENT)
 HIGHEST    96           800 PM
 LOWEST     83          1200 PM
 AVERAGE    90

..........................................................


THE LUMBERTON NC CLIMATE NORMALS FOR TODAY
                         NORMAL
 MAXIMUM TEMPERATURE (F)   63
 MINIMUM TEMPERATURE (F)   39


SUNRISE AND SUNSET
NOVEMBER 27 2014......SUNRISE   701 AM EST   SUNSET   506 PM EST
NOVEMBER 28 2014......SUNRISE   702 AM EST   SUNSET   506 PM EST


-  INDICATES NEGATIVE NUMBERS.
R  INDICATES RECORD WAS SET OR TIED.
MM INDICATES DATA IS MISSING.
T  INDICATES TRACE AMOUNT.




$$
