097
CDUS42 KILM 300844
CLILBT


CLIMATE REPORT
NATIONAL WEATHER SERVICE WILMINGTON NC
443 AM EDT TUE AUG 30 2016


...................................

...THE LUMBERTON NC CLIMATE SUMMARY FOR AUGUST 29 2016...

CLIMATE NORMAL PERIOD 1981 TO 2010
CLIMATE RECORD PERIOD 9999 TO 9999


WEATHER ITEM   OBSERVED TIME   NORMAL DEPARTURE LAST
                VALUE   (LST)  VALUE  FROM      YEAR
                                      NORMAL
......................................................
TEMPERATURE (F)
 YESTERDAY
  MAXIMUM         92    200 PM  87      5       87
  MINIMUM         73    745 PM  67      6       63
  AVERAGE         83            77      6       75

PRECIPITATION (IN)
  YESTERDAY        0.54          0.16   0.38     0.00
  MONTH TO DATE    3.82          5.20  -1.38     3.49
  SINCE JUN 1     13.36         15.02  -1.66    11.03
  SINCE JAN 1     32.30         30.09   2.21    28.49

DEGREE DAYS
 HEATING
  YESTERDAY        0             0      0        0
  MONTH TO DATE    0             0      0        0
  SINCE JUN 1      0             0      0        0
  SINCE JUL 1      0             0      0        0

 COOLING
  YESTERDAY       18            12      6       10
  MONTH TO DATE  505           409     96      465
  SINCE JUN 1   1545          1297    248     1579
  SINCE JAN 1   1868          1547    321     1918
......................................................


WIND (MPH)
  HIGHEST WIND SPEED    28   HIGHEST WIND DIRECTION    SE (130)
  HIGHEST GUST SPEED    36   HIGHEST GUST DIRECTION    SE (120)
  AVERAGE WIND SPEED     5.4


SKY COVER
  POSSIBLE SUNSHINE  MM
  AVERAGE SKY COVER 0.4


WEATHER CONDITIONS
 THE FOLLOWING WEATHER WAS RECORDED YESTERDAY.
  THUNDERSTORM
  HEAVY RAIN
  LIGHT RAIN
  FOG


RELATIVE HUMIDITY (PERCENT)
 HIGHEST   100          1100 PM
 LOWEST     41           400 PM
 AVERAGE    71

..........................................................


THE LUMBERTON NC CLIMATE NORMALS FOR TODAY
                         NORMAL
 MAXIMUM TEMPERATURE (F)   87
 MINIMUM TEMPERATURE (F)   67


SUNRISE AND SUNSET
AUGUST 30 2016........SUNRISE   648 AM EDT   SUNSET   745 PM EDT
AUGUST 31 2016........SUNRISE   649 AM EDT   SUNSET   743 PM EDT


-  INDICATES NEGATIVE NUMBERS.
R  INDICATES RECORD WAS SET OR TIED.
MM INDICATES DATA IS MISSING.
T  INDICATES TRACE AMOUNT.




$$
