000
CDUS42 KILM 042052
CLILBT


CLIMATE REPORT
NATIONAL WEATHER SERVICE WILMINGTON NC
450 PM EDT FRI SEP 4 2015


...................................

...THE LUMBERTON NC CLIMATE SUMMARY FOR SEPTEMBER 4 2015...
VALID TODAY AS OF 0400 PM LOCAL TIME.

CLIMATE NORMAL PERIOD 1981 TO 2010
CLIMATE RECORD PERIOD 9999 TO 9999


WEATHER ITEM   OBSERVED TIME   NORMAL DEPARTURE LAST
                VALUE   (LST)  VALUE  FROM      YEAR
                                      NORMAL
......................................................
TEMPERATURE (F)
 TODAY
  MAXIMUM         95    241 PM  86      9       93
  MINIMUM         70    625 AM  66      4       73
  AVERAGE         83            76      7       83

PRECIPITATION (IN)
  TODAY            0.00          0.19  -0.19     0.00
  MONTH TO DATE    0.00          0.71  -0.71     0.00
  SINCE SEP 1      0.00          0.71  -0.71     0.00
  SINCE JAN 1     28.98         31.10  -2.12    32.16

DEGREE DAYS
 HEATING
  TODAY            0             0      0        0
  MONTH TO DATE    0             0      0        0
  SINCE SEP 1      0             0      0        0
  SINCE JUL 1      0             0      0        0

 COOLING
  TODAY           18            11      7       18
  MONTH TO DATE   70            45     25       76
  SINCE SEP 1     70            45     25       76
  SINCE JAN 1   2012          1617    395     1733
......................................................


WIND (MPH)
  HIGHEST WIND SPEED    10   HIGHEST WIND DIRECTION     N (360)
  HIGHEST GUST SPEED    14   HIGHEST GUST DIRECTION     N (360)
  AVERAGE WIND SPEED     2.2


SKY COVER
  POSSIBLE SUNSHINE  MM
  AVERAGE SKY COVER 0.1


WEATHER CONDITIONS
 THE FOLLOWING WEATHER WAS RECORDED TODAY.
  FOG


RELATIVE HUMIDITY (PERCENT)
 HIGHEST    97           500 AM
 LOWEST     39           300 PM
 AVERAGE    68

..........................................................


THE LUMBERTON NC CLIMATE NORMALS FOR TOMORROW
                         NORMAL    RECORD    YEAR
 MAXIMUM TEMPERATURE (F)   86        92      2014
 MINIMUM TEMPERATURE (F)   66        55      2010


SUNRISE AND SUNSET
SEPTEMBER  4 2015.....SUNRISE   651 AM EDT   SUNSET   739 PM EDT
SEPTEMBER  5 2015.....SUNRISE   652 AM EDT   SUNSET   737 PM EDT


-  INDICATES NEGATIVE NUMBERS.
R  INDICATES RECORD WAS SET OR TIED.
MM INDICATES DATA IS MISSING.
T  INDICATES TRACE AMOUNT.




$$
