000
CDUS44 KLCH 300821
CLILCH


CLIMATE REPORT
NATIONAL WEATHER SERVICE LAKE CHARLES, LA
321 AM CDT THU JUL 30 2015


...................................

...THE LAKE CHARLES CLIMATE SUMMARY FOR JULY 29 2015...

CLIMATE NORMAL PERIOD 1981 TO 2010
CLIMATE RECORD PERIOD 1895 TO 2015


WEATHER ITEM   OBSERVED TIME   RECORD YEAR NORMAL DEPARTURE LAST
                VALUE   (LST)  VALUE       VALUE  FROM      YEAR
                                                  NORMAL
..................................................................
TEMPERATURE (F)
 YESTERDAY
  MAXIMUM         99    438 PM 102    1915  92      7       91
                                      1912
  MINIMUM         78    609 AM  67    1904  75      3       73
  AVERAGE         89                        83      6       82

PRECIPITATION (IN)
  YESTERDAY        0.00          4.14 1933   0.17  -0.17     0.00
  MONTH TO DATE    0.28                      5.29  -5.01     6.61
  SINCE JUN 1      7.36                     12.14  -4.78    21.15
  SINCE JAN 1     41.79                     33.02   8.77    36.32

SNOWFALL (IN)
  YESTERDAY        0.0           0.0    MM   0.0    0.0      0.0
  MONTH TO DATE    0.0                       0.0    0.0      0.0
  SINCE JUN 1      0.0                       0.0    0.0      0.0
  SINCE JUL 1      0.0                       0.0    0.0      0.0
  SNOW DEPTH       0

DEGREE DAYS
 HEATING
  YESTERDAY        0                         0      0        0
  MONTH TO DATE    0                         0      0        0
  SINCE JUN 1      0                         0      0        0
  SINCE JUL 1      0                         0      0        0

 COOLING
  YESTERDAY       24                        18      6       17
  MONTH TO DATE  580                       519     61      503
  SINCE JUN 1   1092                       999     93      979
  SINCE JAN 1   1736                      1537    199     1418
..................................................................


WIND (MPH)
  HIGHEST WIND SPEED    13   HIGHEST WIND DIRECTION    SE (130)
  HIGHEST GUST SPEED    15   HIGHEST GUST DIRECTION     E (110)
  AVERAGE WIND SPEED     3.5


SKY COVER
  POSSIBLE SUNSHINE  MM
  AVERAGE SKY COVER 0.1


WEATHER CONDITIONS
 THE FOLLOWING WEATHER WAS RECORDED YESTERDAY.
  THUNDERSTORM


RELATIVE HUMIDITY (PERCENT)
 HIGHEST    97           400 AM
 LOWEST     35           200 PM
 AVERAGE    66

..........................................................


THE LAKE CHARLES CLIMATE NORMALS FOR TODAY
                         NORMAL    RECORD    YEAR
 MAXIMUM TEMPERATURE (F)   92        99      1948
                                             1925
                                             1907
 MINIMUM TEMPERATURE (F)   75        65      1917


SUNRISE AND SUNSET
JULY 30 2015..........SUNRISE   630 AM CDT   SUNSET   808 PM CDT
JULY 31 2015..........SUNRISE   631 AM CDT   SUNSET   807 PM CDT


-  INDICATES NEGATIVE NUMBERS.
R  INDICATES RECORD WAS SET OR TIED.
MM INDICATES DATA IS MISSING.
T  INDICATES TRACE AMOUNT.




$$
