000
CDUS44 KLCH 141245
CLILCH


CLIMATE REPORT
NATIONAL WEATHER SERVICE LAKE CHARLES, LA
645 AM CST SUN FEB 14 2016


...................................

...THE LAKE CHARLES CLIMATE SUMMARY FOR FEBRUARY 13 2016...

CLIMATE NORMAL PERIOD 1981 TO 2010
CLIMATE RECORD PERIOD 1895 TO 2016


WEATHER ITEM   OBSERVED TIME   RECORD YEAR NORMAL DEPARTURE LAST
                VALUE   (LST)  VALUE       VALUE  FROM      YEAR
                                                  NORMAL
..................................................................
TEMPERATURE (F)
 YESTERDAY
  MAXIMUM         68    231 PM  82    1923  64      4       59
  MINIMUM         49    716 AM  11    1899  45      4       35
  AVERAGE         59                        55      4       47

PRECIPITATION (IN)
  YESTERDAY        0.00          4.39 1927   0.13  -0.13     0.00
  MONTH TO DATE    0.07                      1.68  -1.61     0.38
  SINCE DEC 1      7.41                     11.59  -4.18     9.31
  SINCE JAN 1      4.17                      6.91  -2.74     7.28

SNOWFALL (IN)
  YESTERDAY        0.0           1.0  1960   0.0    0.0      0.0
  MONTH TO DATE    0.0                       0.1   -0.1      0.0
  SINCE DEC 1      0.0                       0.1   -0.1      0.0
  SINCE JUL 1      0.0                       0.1   -0.1      0.0
  SNOW DEPTH       0

DEGREE DAYS
 HEATING
  YESTERDAY        6                        11     -5       18
  MONTH TO DATE  148                       153     -5      154
  SINCE DEC 1    779                       937   -158      928
  SINCE JUL 1    855                      1144   -289     1204

 COOLING
  YESTERDAY        0                         0      0        0
  MONTH TO DATE    5                         0      5        3
  SINCE DEC 1     65                        30     35       20
  SINCE JAN 1      8                        10     -2        3
..................................................................


WIND (MPH)
  HIGHEST WIND SPEED    17   HIGHEST WIND DIRECTION     E (100)
  HIGHEST GUST SPEED    21   HIGHEST GUST DIRECTION     E (110)
  AVERAGE WIND SPEED     8.3


SKY COVER
  POSSIBLE SUNSHINE  MM
  AVERAGE SKY COVER 0.5


WEATHER CONDITIONS
 THE FOLLOWING WEATHER WAS RECORDED YESTERDAY.
  NO SIGNIFICANT WEATHER WAS OBSERVED.


RELATIVE HUMIDITY (PERCENT)
 HIGHEST    93          1200 AM
 LOWEST     37           100 PM
 AVERAGE    65

..........................................................


THE LAKE CHARLES CLIMATE NORMALS FOR TODAY
                         NORMAL    RECORD    YEAR
 MAXIMUM TEMPERATURE (F)   64        81      1911
 MINIMUM TEMPERATURE (F)   45        14      1899


SUNRISE AND SUNSET
FEBRUARY 14 2016......SUNRISE   654 AM CST   SUNSET   600 PM CST
FEBRUARY 15 2016......SUNRISE   653 AM CST   SUNSET   601 PM CST


-  INDICATES NEGATIVE NUMBERS.
R  INDICATES RECORD WAS SET OR TIED.
MM INDICATES DATA IS MISSING.
T  INDICATES TRACE AMOUNT.




$$
