000
CDUS44 KLCH 212344
CLILCH


CLIMATE REPORT
NATIONAL WEATHER SERVICE LAKE CHARLES, LA
544 PM CST SUN JAN 21 2018


...................................

...THE LAKE CHARLES CLIMATE SUMMARY FOR JANUARY 21 2018...
VALID TODAY AS OF 0500 PM LOCAL TIME.

CLIMATE NORMAL PERIOD 1981 TO 2010
CLIMATE RECORD PERIOD 1895 TO 2018


WEATHER ITEM   OBSERVED TIME   RECORD YEAR NORMAL DEPARTURE LAST
                VALUE   (LST)  VALUE       VALUE  FROM      YEAR
                                                  NORMAL
..................................................................
TEMPERATURE (F)
 TODAY
  MAXIMUM         74    213 PM  80    1927  61     13       75
  MINIMUM         57    537 AM  15    1985  42     15       60
  AVERAGE         66                        52     14       68

PRECIPITATION (IN)
  TODAY            0.00          5.00 1916   0.17  -0.17     0.15
  MONTH TO DATE    2.38                      3.67  -1.29     4.77
  SINCE DEC 1      7.28                      8.35  -1.07    16.82
  SINCE JAN 1      2.38                      3.67  -1.29     4.77

SNOWFALL (IN)
  TODAY            0.0           T    1987   0.0    0.0      0.0
  MONTH TO DATE    0.1                       0.0    0.1       T
  SINCE DEC 1      2.2                       T      2.2       T
  SINCE JUL 1      2.2                       T      2.2       T
  SNOW DEPTH       0

DEGREE DAYS
 HEATING
  TODAY            0                        13    -13        0
  MONTH TO DATE  424                       293    131      136
  SINCE DEC 1    791                       660    131      389
  SINCE JUL 1    939                       867     72      483

 COOLING
  TODAY            1                         0      1        3
  MONTH TO DATE    1                         0      1       56
  SINCE DEC 1     25                        20      5      112
  SINCE JAN 1      1                         0      1       56
..................................................................


WIND (MPH)
  HIGHEST WIND SPEED    20   HIGHEST WIND DIRECTION     S (160)
  HIGHEST GUST SPEED    27   HIGHEST GUST DIRECTION    SE (150)
  AVERAGE WIND SPEED    10.7


SKY COVER
  POSSIBLE SUNSHINE  MM
  AVERAGE SKY COVER 0.9


WEATHER CONDITIONS
 THE FOLLOWING WEATHER WAS RECORDED TODAY.
  FOG
  FOG W/VISIBILITY <= 1/4 MILE


RELATIVE HUMIDITY (PERCENT)
 HIGHEST   100           300 AM
 LOWEST     68           200 PM
 AVERAGE    84

..........................................................


THE LAKE CHARLES CLIMATE NORMALS FOR TOMORROW
                         NORMAL    RECORD    YEAR
 MAXIMUM TEMPERATURE (F)   61        79      1952
                                             1933
                                             1909
 MINIMUM TEMPERATURE (F)   42        18      1935


SUNRISE AND SUNSET
JANUARY 21 2018.......SUNRISE   708 AM CST   SUNSET   540 PM CST
JANUARY 22 2018.......SUNRISE   708 AM CST   SUNSET   541 PM CST


-  INDICATES NEGATIVE NUMBERS.
R  INDICATES RECORD WAS SET OR TIED.
MM INDICATES DATA IS MISSING.
T  INDICATES TRACE AMOUNT.




$$
