000
CDUS44 KLCH 300825
CLILCH


CLIMATE REPORT
NATIONAL WEATHER SERVICE LAKE CHARLES, LA
323 AM CDT SUN APR 30 2017


...................................

...THE LAKE CHARLES CLIMATE SUMMARY FOR APRIL 29 2017...

CLIMATE NORMAL PERIOD 1981 TO 2010
CLIMATE RECORD PERIOD 1895 TO 2017


WEATHER ITEM   OBSERVED TIME   RECORD YEAR NORMAL DEPARTURE LAST
                VALUE   (LST)  VALUE       VALUE  FROM      YEAR
                                                  NORMAL
..................................................................
TEMPERATURE (F)
 YESTERDAY
  MAXIMUM         83    100 PM  93    1915  81      2       84
  MINIMUM         77    321 AM  45    1916  62     15       75
  AVERAGE         80                        71      9       80

PRECIPITATION (IN)
  YESTERDAY        T             7.61 1940   0.12  -0.12      T
  MONTH TO DATE    2.54                      3.21  -0.67     6.54
  SINCE MAR 1      6.65                      6.87  -0.22     9.99
  SINCE JAN 1     13.60                     15.56  -1.96    15.16

SNOWFALL (IN)
  YESTERDAY        0.0           0.0    MM   0.0    0.0      0.0
  MONTH TO DATE    0.0                       0.0    0.0      0.0
  SINCE MAR 1      0.0                       0.0    0.0      0.0
  SINCE JUL 1      T                         0.1   -0.1      0.0
  SNOW DEPTH       0

DEGREE DAYS
 HEATING
  YESTERDAY        0                         0      0        0
  MONTH TO DATE    7                        44    -37       17
  SINCE MAR 1     84                       206   -122       85
  SINCE JUL 1    742                      1488   -746     1034

 COOLING
  YESTERDAY       15                         7      8       15
  MONTH TO DATE  175                       130     45      153
  SINCE MAR 1    283                       179    104      263
  SINCE JAN 1    414                       202    212      278
..................................................................


WIND (MPH)
  HIGHEST WIND SPEED    33   HIGHEST WIND DIRECTION     S (160)
  HIGHEST GUST SPEED    44   HIGHEST GUST DIRECTION     S (160)
  AVERAGE WIND SPEED    21.8


SKY COVER
  POSSIBLE SUNSHINE  MM
  AVERAGE SKY COVER 1.0


WEATHER CONDITIONS
 THE FOLLOWING WEATHER WAS RECORDED YESTERDAY.
  THUNDERSTORM
  RAIN
  LIGHT RAIN
  FOG


RELATIVE HUMIDITY (PERCENT)
 HIGHEST    94          1200 AM
 LOWEST     74           200 PM
 AVERAGE    84

..........................................................


THE LAKE CHARLES CLIMATE NORMALS FOR TODAY
                         NORMAL    RECORD    YEAR
 MAXIMUM TEMPERATURE (F)   81        90      1981
                                             1955
                                             1901
 MINIMUM TEMPERATURE (F)   62        42      1996


SUNRISE AND SUNSET
APRIL 30 2017.........SUNRISE   630 AM CDT   SUNSET   750 PM CDT
MAY  1 2017...........SUNRISE   630 AM CDT   SUNSET   751 PM CDT


-  INDICATES NEGATIVE NUMBERS.
R  INDICATES RECORD WAS SET OR TIED.
MM INDICATES DATA IS MISSING.
T  INDICATES TRACE AMOUNT.




$$
