000
CDUS44 KLCH 022212
CLILCH


CLIMATE REPORT
NATIONAL WEATHER SERVICE LAKE CHARLES, LA
411 PM CST MON MAR 2 2015


...................................

...THE LAKE CHARLES CLIMATE SUMMARY FOR MARCH 2 2015...
VALID TODAY AS OF 0400 PM LOCAL TIME.

CLIMATE NORMAL PERIOD 1981 TO 2010
CLIMATE RECORD PERIOD 1895 TO 2015


WEATHER ITEM   OBSERVED TIME   RECORD YEAR NORMAL DEPARTURE LAST
                VALUE   (LST)  VALUE       VALUE  FROM      YEAR
                                                  NORMAL
..................................................................
TEMPERATURE (F)
 TODAY
  MAXIMUM         63    705 AM  84    1905  68     -5       77
  MINIMUM         57   1233 PM  24    1913  49      8       44
  AVERAGE         60                        58      2       61

PRECIPITATION (IN)
  TODAY            0.38          2.54 2001   0.12   0.26     0.11
  MONTH TO DATE    3.47                      0.24   3.23     0.11
  SINCE MAR 1      3.47                      0.24   3.23     0.11
  SINCE JAN 1     11.95                      8.93   3.02     6.90

SNOWFALL (IN)
  TODAY            0.0           0.0    MM   0.0    0.0      0.0
  MONTH TO DATE    0.0                       0.0    0.0      0.0
  SINCE MAR 1      0.0                       0.0    0.0      0.0
  SINCE JUL 1      0.0                       0.1   -0.1      0.1
  SNOW DEPTH       0

DEGREE DAYS
 HEATING
  TODAY            5                         8     -3        4
  MONTH TO DATE    6                        16    -10        4
  SINCE MAR 1      6                        16    -10        4
  SINCE JUL 1   1444                      1298    146     1655

 COOLING
  TODAY            0                         1     -1        0
  MONTH TO DATE    0                         2     -2        3
  SINCE MAR 1      0                         2     -2        3
  SINCE JAN 1      6                        25    -19       18
..................................................................


WIND (MPH)
  HIGHEST WIND SPEED    12   HIGHEST WIND DIRECTION    NE (30)
  HIGHEST GUST SPEED    15   HIGHEST GUST DIRECTION    NE (30)
  AVERAGE WIND SPEED     7.6


SKY COVER
  POSSIBLE SUNSHINE  MM
  AVERAGE SKY COVER 0.8


WEATHER CONDITIONS
 THE FOLLOWING WEATHER WAS RECORDED TODAY.
  HEAVY RAIN
  RAIN
  LIGHT RAIN
  FOG


RELATIVE HUMIDITY (PERCENT)
 HIGHEST   100           400 AM
 LOWEST     93          1000 AM
 AVERAGE    97

..........................................................


THE LAKE CHARLES CLIMATE NORMALS FOR TOMORROW
                         NORMAL    RECORD    YEAR
 MAXIMUM TEMPERATURE (F)   68        85      1911
 MINIMUM TEMPERATURE (F)   49        23      1913


SUNRISE AND SUNSET
MARCH  2 2015.........SUNRISE   638 AM CST   SUNSET   612 PM CST
MARCH  3 2015.........SUNRISE   637 AM CST   SUNSET   613 PM CST


-  INDICATES NEGATIVE NUMBERS.
R  INDICATES RECORD WAS SET OR TIED.
MM INDICATES DATA IS MISSING.
T  INDICATES TRACE AMOUNT.




$$
