000
CDUS44 KLCH 272223
CLILCH


CLIMATE REPORT
NATIONAL WEATHER SERVICE LAKE CHARLES, LA
423 PM CST TUE JAN 27 2015


...................................

...THE LAKE CHARLES CLIMATE SUMMARY FOR JANUARY 27 2015...
VALID TODAY AS OF 0400 PM LOCAL TIME.

CLIMATE NORMAL PERIOD 1981 TO 2010
CLIMATE RECORD PERIOD 1895 TO 2015


WEATHER ITEM   OBSERVED TIME   RECORD YEAR NORMAL DEPARTURE LAST
                VALUE   (LST)  VALUE       VALUE  FROM      YEAR
                                                  NORMAL
..................................................................
TEMPERATURE (F)
 TODAY
  MAXIMUM         74    359 PM  82    1912  62     12       65
  MINIMUM         43    719 AM  16    1940  43      0       40
  AVERAGE         59                        52      7       53

PRECIPITATION (IN)
  TODAY            0.00          3.00 1916   0.15  -0.15     0.00
  MONTH TO DATE    6.90                      4.60   2.30     2.20
  SINCE DEC 1      8.93                      9.28  -0.35     4.25
  SINCE JAN 1      6.90                      4.60   2.30     2.20

SNOWFALL (IN)
  TODAY            0.0           0.0    MM   0.0    0.0      0.0
  MONTH TO DATE    0.0                       0.0    0.0       T
  SINCE DEC 1      0.0                       T      0.0       T
  SINCE JUL 1      0.0                       T      0.0       T
  SNOW DEPTH       0

DEGREE DAYS
 HEATING
  TODAY            6                        13     -7       12
  MONTH TO DATE  455                       371     84      471
  SINCE DEC 1    738                       738      0      914
  SINCE JUL 1   1014                       945     69     1188

 COOLING
  TODAY            0                         0      0        0
  MONTH TO DATE    0                         0      0        0
  SINCE DEC 1     17                        20     -3       25
  SINCE JAN 1      0                         0      0        0
..................................................................


WIND (MPH)
  HIGHEST WIND SPEED    12   HIGHEST WIND DIRECTION     E (70)
  HIGHEST GUST SPEED    15   HIGHEST GUST DIRECTION    NE (60)
  AVERAGE WIND SPEED     4.3


SKY COVER
  POSSIBLE SUNSHINE  MM
  AVERAGE SKY COVER 0.0


WEATHER CONDITIONS
 THE FOLLOWING WEATHER WAS RECORDED TODAY.
  NO SIGNIFICANT WEATHER WAS OBSERVED.


RELATIVE HUMIDITY (PERCENT)
 HIGHEST    92           600 AM
 LOWEST     35          1200 PM
 AVERAGE    64

..........................................................


THE LAKE CHARLES CLIMATE NORMALS FOR TOMORROW
                         NORMAL    RECORD    YEAR
 MAXIMUM TEMPERATURE (F)   62        81      1912
 MINIMUM TEMPERATURE (F)   43        21      1897


SUNRISE AND SUNSET
JANUARY 27 2015.......SUNRISE   706 AM CST   SUNSET   545 PM CST
JANUARY 28 2015.......SUNRISE   706 AM CST   SUNSET   546 PM CST


-  INDICATES NEGATIVE NUMBERS.
R  INDICATES RECORD WAS SET OR TIED.
MM INDICATES DATA IS MISSING.
T  INDICATES TRACE AMOUNT.




$$
