000
CDUS43 KLMK 210628
CLILEX


CLIMATE REPORT
NATIONAL WEATHER SERVICE LOUISVILLE KY
127 AM EST SUN JAN 21 2018


...................................

...THE LEXINGTON KY CLIMATE SUMMARY FOR JANUARY 20 2018...

CLIMATE NORMAL PERIOD 1981 TO 2010
CLIMATE RECORD PERIOD 1872 TO 2018


WEATHER ITEM   OBSERVED TIME   RECORD YEAR NORMAL DEPARTURE LAST
                VALUE   (LST)  VALUE       VALUE  FROM      YEAR
                                                  NORMAL
..................................................................
TEMPERATURE (F)
 YESTERDAY
  MAXIMUM         50    439 PM  70    1906  41      9       63
  MINIMUM         33   1213 AM -18    1985  25      8       51
  AVERAGE         42                        33      9       57

PRECIPITATION (IN)
  YESTERDAY        0.00          1.67 1935   0.11  -0.11     0.33
  MONTH TO DATE    0.99                      2.06  -1.07     4.09
  SINCE DEC 1      3.36                      5.99  -2.63    10.27
  SINCE JAN 1      0.99                      2.06  -1.07     4.09

SNOWFALL (IN)
  YESTERDAY        0.0           3.5  1915   0.2   -0.2      0.0
  MONTH TO DATE    6.1                       2.4    3.7      2.5
  SINCE DEC 1      6.3                       4.9    1.4      2.6
  SINCE JUL 1      6.3                       5.2    1.1      2.6
  SNOW DEPTH       3

DEGREE DAYS
 HEATING
  YESTERDAY       23                        32     -9        8
  MONTH TO DATE  796                       640    156      506
  SINCE DEC 1   1720                      1541    179     1363
  SINCE JUL 1   2500                      2428     72     1949

 COOLING
  YESTERDAY        0                         0      0        0
  MONTH TO DATE    0                         0      0        0
  SINCE DEC 1      0                         0      0        0
  SINCE JAN 1      0                         0      0        0
..................................................................


WIND (MPH)
  HIGHEST WIND SPEED    17   HIGHEST WIND DIRECTION    SW (230)
  HIGHEST GUST SPEED    26   HIGHEST GUST DIRECTION    SW (230)
  AVERAGE WIND SPEED    11.4


SKY COVER
  POSSIBLE SUNSHINE  MM
  AVERAGE SKY COVER 0.7


WEATHER CONDITIONS
 THE FOLLOWING WEATHER WAS RECORDED YESTERDAY.
  NO SIGNIFICANT WEATHER WAS OBSERVED.


RELATIVE HUMIDITY (PERCENT)
 HIGHEST    86           800 PM
 LOWEST     49          1200 PM
 AVERAGE    68

..........................................................


THE LEXINGTON KY CLIMATE NORMALS FOR TODAY
                         NORMAL    RECORD    YEAR
 MAXIMUM TEMPERATURE (F)   41        72      1906
 MINIMUM TEMPERATURE (F)   25       -17      1984


SUNRISE AND SUNSET
JANUARY 21 2018.......SUNRISE   751 AM EST   SUNSET   549 PM EST
JANUARY 22 2018.......SUNRISE   750 AM EST   SUNSET   550 PM EST


-  INDICATES NEGATIVE NUMBERS.
R  INDICATES RECORD WAS SET OR TIED.
MM INDICATES DATA IS MISSING.
T  INDICATES TRACE AMOUNT.




$$
