000
CDUS43 KLMK 282133
CLILEX


CLIMATE REPORT
NATIONAL WEATHER SERVICE LOUISVILLE KY
431 PM EST FRI NOV 28 2014


...................................

...THE LEXINGTON KY CLIMATE SUMMARY FOR NOVEMBER 28 2014...
VALID TODAY AS OF 0400 PM LOCAL TIME.

CLIMATE NORMAL PERIOD 1981 TO 2010
CLIMATE RECORD PERIOD 1872 TO 2014


WEATHER ITEM   OBSERVED TIME   RECORD YEAR NORMAL DEPARTURE LAST
                VALUE   (LST)  VALUE       VALUE  FROM      YEAR
                                                  NORMAL
..................................................................
TEMPERATURE (F)
 TODAY
  MAXIMUM         36    359 PM  71    2005  50    -14       37
  MINIMUM         24    535 AM   6    1887  33     -9       15
  AVERAGE         30                        41    -11       26

PRECIPITATION (IN)
  TODAY            0.00          1.94 2011   0.12  -0.12     0.00
  MONTH TO DATE    2.36                      3.27  -0.91     2.45
  SINCE SEP 1     11.18                      9.31   1.87    10.31
  SINCE JAN 1     50.91                     40.98   9.93    53.95

SNOWFALL (IN)
  TODAY            0.0           3.4  1958   0.1   -0.1      0.0
  MONTH TO DATE    1.6                       0.3    1.3      1.4
  SINCE SEP 1      1.6                       0.3    1.3      1.4
  SINCE JUL 1      1.6                       0.3    1.3      1.4
  SNOW DEPTH       0

DEGREE DAYS
 HEATING
  TODAY           35                        24     11       39
  MONTH TO DATE  735                       513    222      587
  SINCE SEP 1    981                       837    144      869
  SINCE JUL 1    983                       839    144      872

 COOLING
  TODAY            0                         0      0        0
  MONTH TO DATE    0                         0      0        0
  SINCE SEP 1    193                       171     22      207
  SINCE JAN 1   1274                      1188     86     1245
..................................................................


WIND (MPH)
  HIGHEST WIND SPEED    14   HIGHEST WIND DIRECTION     S (170)
  HIGHEST GUST SPEED    17   HIGHEST GUST DIRECTION     S (170)
  AVERAGE WIND SPEED     7.6


SKY COVER
  POSSIBLE SUNSHINE  MM
  AVERAGE SKY COVER 0.7


WEATHER CONDITIONS
 THE FOLLOWING WEATHER WAS RECORDED TODAY.
  NO SIGNIFICANT WEATHER WAS OBSERVED.


RELATIVE HUMIDITY (PERCENT)
 HIGHEST    88           600 AM
 LOWEST     44           300 PM
 AVERAGE    66

..........................................................


THE LEXINGTON KY CLIMATE NORMALS FOR TOMORROW
                         NORMAL    RECORD    YEAR
 MAXIMUM TEMPERATURE (F)   49        71      1933
                                             1927
 MINIMUM TEMPERATURE (F)   33         0      1929


SUNRISE AND SUNSET
NOVEMBER 28 2014......SUNRISE   733 AM EST   SUNSET   520 PM EST
NOVEMBER 29 2014......SUNRISE   734 AM EST   SUNSET   520 PM EST


-  INDICATES NEGATIVE NUMBERS.
R  INDICATES RECORD WAS SET OR TIED.
MM INDICATES DATA IS MISSING.
T  INDICATES TRACE AMOUNT.




$$
