000
CDUS43 KLMK 302044
CLILEX


CLIMATE REPORT
NATIONAL WEATHER SERVICE LOUISVILLE KY
444 PM EDT SUN APR 30 2017


...................................

...THE LEXINGTON KY CLIMATE SUMMARY FOR APRIL 30 2017...
VALID TODAY AS OF 0400 PM LOCAL TIME.

CLIMATE NORMAL PERIOD 1981 TO 2010
CLIMATE RECORD PERIOD 1872 TO 2017


WEATHER ITEM   OBSERVED TIME   RECORD YEAR NORMAL DEPARTURE LAST
                VALUE   (LST)  VALUE       VALUE  FROM      YEAR
                                                  NORMAL
..................................................................
TEMPERATURE (F)
 TODAY
  MAXIMUM         84    259 PM  91    1942  70     14       63
  MINIMUM         71    423 AM  32    1908  49     22       58
  AVERAGE         78                        60     18       61

PRECIPITATION (IN)
  TODAY            0.05          3.21 1909   0.13  -0.08     0.44
  MONTH TO DATE    1.75                      3.60  -1.85     3.31
  SINCE MAR 1      5.03                      7.67  -2.64     6.10
  SINCE JAN 1     13.13                     14.07  -0.94    11.80

SNOWFALL (IN)
  TODAY            0.0           2.5  1908   0.0    0.0      0.0
  MONTH TO DATE    0.0                       0.3   -0.3       T
  SINCE MAR 1      T                         1.7   -1.7      0.7
  SINCE JUL 1      3.4                      13.0   -9.6     15.3
  SNOW DEPTH       0

DEGREE DAYS
 HEATING
  TODAY            0                         6     -6        4
  MONTH TO DATE  132                       312   -180      262
  SINCE MAR 1    662                       918   -256      656
  SINCE JUL 1   3372                      4489  -1117     3627

 COOLING
  TODAY           13                         1     12        0
  MONTH TO DATE   68                        20     48       25
  SINCE MAR 1     73                        22     51       28
  SINCE JAN 1     77                        22     55       28
..................................................................


WIND (MPH)
  HIGHEST WIND SPEED    28   HIGHEST WIND DIRECTION     S (180)
  HIGHEST GUST SPEED    37   HIGHEST GUST DIRECTION    SW (220)
  AVERAGE WIND SPEED    13.3


SKY COVER
  POSSIBLE SUNSHINE  MM
  AVERAGE SKY COVER 0.2


WEATHER CONDITIONS
 THE FOLLOWING WEATHER WAS RECORDED TODAY.
  NO SIGNIFICANT WEATHER WAS OBSERVED.


RELATIVE HUMIDITY (PERCENT)
 HIGHEST    84          1100 AM
 LOWEST     48           300 PM
 AVERAGE    66

..........................................................


THE LEXINGTON KY CLIMATE NORMALS FOR TOMORROW
                         NORMAL    RECORD    YEAR
 MAXIMUM TEMPERATURE (F)   70        90      1951
 MINIMUM TEMPERATURE (F)   50        29      1963


SUNRISE AND SUNSET
APRIL 30 2017.........SUNRISE   643 AM EDT   SUNSET   829 PM EDT
MAY  1 2017...........SUNRISE   642 AM EDT   SUNSET   830 PM EDT


-  INDICATES NEGATIVE NUMBERS.
R  INDICATES RECORD WAS SET OR TIED.
MM INDICATES DATA IS MISSING.
T  INDICATES TRACE AMOUNT.




$$
