000
CDUS43 KLMK 210628
CLILEX


CLIMATE REPORT
NATIONAL WEATHER SERVICE LOUISVILLE KY
227 AM EDT THU AUG 21 2014


...................................

...THE LEXINGTON KY CLIMATE SUMMARY FOR AUGUST 20 2014...

CLIMATE NORMAL PERIOD 1981 TO 2010
CLIMATE RECORD PERIOD 1872 TO 2014


WEATHER ITEM   OBSERVED TIME   RECORD YEAR NORMAL DEPARTURE LAST
                VALUE   (LST)  VALUE       VALUE  FROM      YEAR
                                                  NORMAL
..................................................................
TEMPERATURE (F)
 YESTERDAY
  MAXIMUM         90    302 PM 104    1936  86      4       86
  MINIMUM         67    420 PM  52    2012  65      2       66
  AVERAGE         79                        75      4       76

PRECIPITATION (IN)
  YESTERDAY        0.53          1.89 1994   0.11   0.42     0.00
  MONTH TO DATE    8.20                      2.21   5.99     2.98
  SINCE JUN 1     17.02                     11.30   5.72    19.62
  SINCE JAN 1     38.37                     30.63   7.74    41.48

SNOWFALL (IN)
  YESTERDAY        0.0          MM      MM   0.0    0.0      0.0
  MONTH TO DATE    0.0                       0.0    0.0      0.0
  SINCE JUN 1      0.0                       0.0    0.0      0.0
  SINCE JUL 1      0.0                       0.0    0.0      0.0
  SNOW DEPTH       0

DEGREE DAYS
 HEATING
  YESTERDAY        0                         0      0        0
  MONTH TO DATE    0                         0      0        3
  SINCE JUN 1      2                        11     -9        3
  SINCE JUL 1      2                         0      2        3

 COOLING
  YESTERDAY       14                        10      4       11
  MONTH TO DATE  180                       217    -37      171
  SINCE JUN 1    755                       806    -51      741
  SINCE JAN 1    916                       913      3      894
..................................................................


WIND (MPH)
  HIGHEST WIND SPEED    43   HIGHEST WIND DIRECTION    NW (320)
  HIGHEST GUST SPEED    59   HIGHEST GUST DIRECTION    NW (310)
  AVERAGE WIND SPEED     7.3


SKY COVER
  POSSIBLE SUNSHINE  MM
  AVERAGE SKY COVER 0.4


WEATHER CONDITIONS
 THE FOLLOWING WEATHER WAS RECORDED YESTERDAY.
  THUNDERSTORM
  HEAVY RAIN
  LIGHT RAIN
  FOG
  FOG W/VISIBILITY <= 1/4 MILE
  HAZE


RELATIVE HUMIDITY (PERCENT)
 HIGHEST    90           800 PM
 LOWEST     56           200 PM
 AVERAGE    73

..........................................................


THE LEXINGTON KY CLIMATE NORMALS FOR TODAY
                         NORMAL    RECORD    YEAR
 MAXIMUM TEMPERATURE (F)   86       104      1936
 MINIMUM TEMPERATURE (F)   65        49      1950


SUNRISE AND SUNSET
AUGUST 21 2014........SUNRISE   659 AM EDT   SUNSET   824 PM EDT
AUGUST 22 2014........SUNRISE   700 AM EDT   SUNSET   822 PM EDT


-  INDICATES NEGATIVE NUMBERS.
R  INDICATES RECORD WAS SET OR TIED.
MM INDICATES DATA IS MISSING.
T  INDICATES TRACE AMOUNT.




$$
