000
CDUS43 KLMK 312039
CLILEX


CLIMATE REPORT
NATIONAL WEATHER SERVICE LOUISVILLE KY
438 PM EDT TUE MAY 31 2016


...................................

...THE LEXINGTON KY CLIMATE SUMMARY FOR MAY 31 2016...
VALID TODAY AS OF 0400 PM LOCAL TIME.

CLIMATE NORMAL PERIOD 1981 TO 2010
CLIMATE RECORD PERIOD 1872 TO 2016


WEATHER ITEM   OBSERVED TIME   RECORD YEAR NORMAL DEPARTURE LAST
                VALUE   (LST)  VALUE       VALUE  FROM      YEAR
                                                  NORMAL
..................................................................
TEMPERATURE (F)
 TODAY
  MAXIMUM         85   1253 PM  95    1937  79      6       80
  MINIMUM         60    530 AM  39    1889  58      2       62
  AVERAGE         73                        68      5       71

PRECIPITATION (IN)
  TODAY            0.00          2.85 1997   0.18  -0.18     0.00
  MONTH TO DATE    6.49                      5.26   1.23     2.07
  SINCE MAR 1     12.59                     12.93  -0.34    20.94
  SINCE JAN 1     18.29                     19.33  -1.04    25.79

SNOWFALL (IN)
  TODAY            0.0          MM      MM   0.0    0.0      0.0
  MONTH TO DATE    0.0                       0.0    0.0      0.0
  SINCE MAR 1      0.7                       1.7   -1.0     17.1
  SINCE JUL 1     15.3                      13.0    2.3     40.0
  SNOW DEPTH       0

DEGREE DAYS
 HEATING
  TODAY            0                         1     -1        0
  MONTH TO DATE  137                       111     26       59
  SINCE MAR 1    793                      1029   -236      968
  SINCE JUL 1   3764                      4600   -836     4946

 COOLING
  TODAY            8                         5      3        6
  MONTH TO DATE   86                        85      1      156
  SINCE MAR 1    114                       107      7      168
  SINCE JAN 1    114                       107      7      168
..................................................................


WIND (MPH)
  HIGHEST WIND SPEED    13   HIGHEST WIND DIRECTION     E (80)
  HIGHEST GUST SPEED    16   HIGHEST GUST DIRECTION     E (80)
  AVERAGE WIND SPEED     3.1


SKY COVER
  POSSIBLE SUNSHINE  MM
  AVERAGE SKY COVER 0.0


WEATHER CONDITIONS
 THE FOLLOWING WEATHER WAS RECORDED TODAY.
  NO SIGNIFICANT WEATHER WAS OBSERVED.


RELATIVE HUMIDITY (PERCENT)
 HIGHEST    90           400 AM
 LOWEST     40           300 PM
 AVERAGE    65

..........................................................


THE LEXINGTON KY CLIMATE NORMALS FOR TOMORROW
                         NORMAL    RECORD    YEAR
 MAXIMUM TEMPERATURE (F)   79        95      1937
 MINIMUM TEMPERATURE (F)   59        39      1966


SUNRISE AND SUNSET
MAY 31 2016...........SUNRISE   618 AM EDT   SUNSET   855 PM EDT
JUNE  1 2016..........SUNRISE   617 AM EDT   SUNSET   856 PM EDT


-  INDICATES NEGATIVE NUMBERS.
R  INDICATES RECORD WAS SET OR TIED.
MM INDICATES DATA IS MISSING.
T  INDICATES TRACE AMOUNT.




$$
