000
CDUS43 KLMK 230626
CLILEX


CLIMATE REPORT
NATIONAL WEATHER SERVICE LOUISVILLE KY
226 AM EDT THU OCT 23 2014


...................................

...THE LEXINGTON KY CLIMATE SUMMARY FOR OCTOBER 22 2014...

CLIMATE NORMAL PERIOD 1981 TO 2010
CLIMATE RECORD PERIOD 1872 TO 2014


WEATHER ITEM   OBSERVED TIME   RECORD YEAR NORMAL DEPARTURE LAST
                VALUE   (LST)  VALUE       VALUE  FROM      YEAR
                                                  NORMAL
..................................................................
TEMPERATURE (F)
 YESTERDAY
  MAXIMUM         57    336 PM  85    1947  66     -9       55
  MINIMUM         43    544 AM  26    1987  45     -2       39
  AVERAGE         50                        55     -5       47

PRECIPITATION (IN)
  YESTERDAY        0.00          2.67 1983   0.10  -0.10     0.04
  MONTH TO DATE    3.72                      2.17   1.55     4.57
  SINCE SEP 1      8.07                      5.08   2.99     6.20
  SINCE JAN 1     47.80                     36.75  11.05    49.84

SNOWFALL (IN)
  YESTERDAY        0.0           0.0    MM   0.0    0.0      0.0
  MONTH TO DATE    0.0                       0.0    0.0      0.0
  SINCE SEP 1      0.0                       0.0    0.0      0.0
  SINCE JUL 1      0.0                       0.0    0.0      0.0
  SNOW DEPTH       0

DEGREE DAYS
 HEATING
  YESTERDAY       15                        10      5       18
  MONTH TO DATE  135                       165    -30      125
  SINCE SEP 1    163                       217    -54      142
  SINCE JUL 1    165                       219    -54      145

 COOLING
  YESTERDAY        0                         0      0        0
  MONTH TO DATE   25                        23      2       44
  SINCE SEP 1    191                       169     22      207
  SINCE JAN 1   1272                      1186     86     1245
..................................................................


WIND (MPH)
  HIGHEST WIND SPEED    15   HIGHEST WIND DIRECTION    NE (50)
  HIGHEST GUST SPEED    18   HIGHEST GUST DIRECTION    NE (40)
  AVERAGE WIND SPEED     7.4


SKY COVER
  POSSIBLE SUNSHINE  MM
  AVERAGE SKY COVER 0.8


WEATHER CONDITIONS
 THE FOLLOWING WEATHER WAS RECORDED YESTERDAY.
  NO SIGNIFICANT WEATHER WAS OBSERVED.


RELATIVE HUMIDITY (PERCENT)
 HIGHEST    83           200 AM
 LOWEST     59           700 PM
 AVERAGE    71

..........................................................


THE LEXINGTON KY CLIMATE NORMALS FOR TODAY
                         NORMAL    RECORD    YEAR
 MAXIMUM TEMPERATURE (F)   65        84      1963
 MINIMUM TEMPERATURE (F)   45        26      1997
                                             1917


SUNRISE AND SUNSET
OCTOBER 23 2014.......SUNRISE   755 AM EDT   SUNSET   650 PM EDT
OCTOBER 24 2014.......SUNRISE   756 AM EDT   SUNSET   649 PM EDT


-  INDICATES NEGATIVE NUMBERS.
R  INDICATES RECORD WAS SET OR TIED.
MM INDICATES DATA IS MISSING.
T  INDICATES TRACE AMOUNT.




$$
