000
CDUS43 KLMK 010627
CLILEX


CLIMATE REPORT
NATIONAL WEATHER SERVICE LOUISVILLE KY
227 AM EDT WED OCT 1 2014


...................................

...THE LEXINGTON KY CLIMATE SUMMARY FOR SEPTEMBER 30 2014...

CLIMATE NORMAL PERIOD 1981 TO 2010
CLIMATE RECORD PERIOD 1872 TO 2014


WEATHER ITEM   OBSERVED TIME   RECORD YEAR NORMAL DEPARTURE LAST
                VALUE   (LST)  VALUE       VALUE  FROM      YEAR
                                                  NORMAL
..................................................................
TEMPERATURE (F)
 YESTERDAY
  MAXIMUM         85    255 PM  94    1941  73     12       78
  MINIMUM         53    548 AM  32    1899  52      1       61
  AVERAGE         69                        62      7       70

PRECIPITATION (IN)
  YESTERDAY        0.00          1.75 1978   0.10  -0.10     0.00
  MONTH TO DATE    4.35                      2.91   1.44     1.63
  SINCE SEP 1      4.35                      2.91   1.44     1.63
  SINCE JAN 1     44.08                     34.58   9.50    45.27

SNOWFALL (IN)
  YESTERDAY        0.0          MM      MM   0.0    0.0      0.0
  MONTH TO DATE    0.0                       0.0    0.0      0.0
  SINCE SEP 1      0.0                       0.0    0.0      0.0
  SINCE JUL 1      0.0                       0.0    0.0      0.0
  SNOW DEPTH       0

DEGREE DAYS
 HEATING
  YESTERDAY        0                         5     -5        0
  MONTH TO DATE   28                        51    -23       17
  SINCE SEP 1     28                        52    -24       17
  SINCE JUL 1     30                        54    -24       20

 COOLING
  YESTERDAY        4                         2      2        5
  MONTH TO DATE  166                       146     20      163
  SINCE SEP 1    166                       146     20      163
  SINCE JAN 1   1247                      1163     84     1201
..................................................................


WIND (MPH)
  HIGHEST WIND SPEED    12   HIGHEST WIND DIRECTION    NE (40)
  HIGHEST GUST SPEED    15   HIGHEST GUST DIRECTION     W (290)
  AVERAGE WIND SPEED     4.5


SKY COVER
  POSSIBLE SUNSHINE  MM
  AVERAGE SKY COVER 0.0


WEATHER CONDITIONS
 THE FOLLOWING WEATHER WAS RECORDED YESTERDAY.
  FOG


RELATIVE HUMIDITY (PERCENT)
 HIGHEST    89           700 AM
 LOWEST     34           200 PM
 AVERAGE    62

..........................................................


THE LEXINGTON KY CLIMATE NORMALS FOR TODAY
                         NORMAL    RECORD    YEAR
 MAXIMUM TEMPERATURE (F)   73        89      1952
                                             1919
 MINIMUM TEMPERATURE (F)   51        34      1947


SUNRISE AND SUNSET
OCTOBER  1 2014.......SUNRISE   734 AM EDT   SUNSET   721 PM EDT
OCTOBER  2 2014.......SUNRISE   735 AM EDT   SUNSET   720 PM EDT


-  INDICATES NEGATIVE NUMBERS.
R  INDICATES RECORD WAS SET OR TIED.
MM INDICATES DATA IS MISSING.
T  INDICATES TRACE AMOUNT.




$$
