000
CDUS44 KSHV 272236
CLILFK


CLIMATE REPORT
NATIONAL WEATHER SERVICE SHREVEPORT, LA
432 PM CST MON FEB 27 2017


...................................

...THE LUFKIN CLIMATE SUMMARY FOR FEBRUARY 27 2017...
VALID TODAY AS OF 0400 PM LOCAL TIME.

CLIMATE NORMAL PERIOD 1981 TO 2010
CLIMATE RECORD PERIOD 1906 TO 2017


WEATHER ITEM   OBSERVED TIME   RECORD YEAR NORMAL DEPARTURE LAST
                VALUE   (LST)  VALUE       VALUE  FROM      YEAR
                                                  NORMAL
..................................................................
TEMPERATURE (F)
 TODAY
  MAXIMUM         82    335 PM  87    1918  67     15       71
  MINIMUM         64    538 AM  19    2002  44     20       33
  AVERAGE         73                        56     17       52

PRECIPITATION (IN)
  TODAY            0.00          1.66 1910   0.12  -0.12     0.00
  MONTH TO DATE    2.13                      3.74  -1.61     3.71
  SINCE DEC 1     12.69                     12.36   0.33    10.23
  SINCE JAN 1      7.78                      7.92  -0.14     6.18

SNOWFALL (IN)
  TODAY            0.0
  MONTH TO DATE    0.0
  SINCE DEC 1      T
  SINCE JUL 1      T
  SNOW DEPTH       0

DEGREE DAYS
 HEATING
  TODAY            0                        10    -10       13
  MONTH TO DATE  142                       344   -202      295
  SINCE DEC 1    828                      1317   -489     1128
  SINCE JUL 1    976                      1624   -648     1313

 COOLING
  TODAY            8                         1      7        0
  MONTH TO DATE   46                         3     43       11
  SINCE DEC 1    102                        24     78       47
  SINCE JAN 1     71                        11     60       14
..................................................................


WIND (MPH)
  HIGHEST WIND SPEED    16   HIGHEST WIND DIRECTION    SE (140)
  HIGHEST GUST SPEED    20   HIGHEST GUST DIRECTION    SE (140)
  AVERAGE WIND SPEED     8.5


SKY COVER
  POSSIBLE SUNSHINE  MM
  AVERAGE SKY COVER 0.8


WEATHER CONDITIONS
 THE FOLLOWING WEATHER WAS RECORDED TODAY.
  FOG


RELATIVE HUMIDITY (PERCENT)
 HIGHEST    93           300 AM
 LOWEST     54           200 PM
 AVERAGE    74

..........................................................


THE LUFKIN CLIMATE NORMALS FOR TOMORROW
                         NORMAL    RECORD    YEAR
 MAXIMUM TEMPERATURE (F)   67        89      1940
 MINIMUM TEMPERATURE (F)   45        24      2002


SUNRISE AND SUNSET
FEBRUARY 27 2017......SUNRISE   648 AM CST   SUNSET   616 PM CST
FEBRUARY 28 2017......SUNRISE   647 AM CST   SUNSET   617 PM CST


-  INDICATES NEGATIVE NUMBERS.
R  INDICATES RECORD WAS SET OR TIED.
MM INDICATES DATA IS MISSING.
T  INDICATES TRACE AMOUNT.




$$
