435
CDUS44 KSHV 030837
CLILFK


CLIMATE REPORT
NATIONAL WEATHER SERVICE SHREVEPORT, LA
236 AM CST SAT DEC 3 2016


...................................

...THE LUFKIN CLIMATE SUMMARY FOR DECEMBER 2 2016...

CLIMATE NORMAL PERIOD 1981 TO 2010
CLIMATE RECORD PERIOD 1906 TO 2016


WEATHER ITEM   OBSERVED TIME   RECORD YEAR NORMAL DEPARTURE LAST
                VALUE   (LST)  VALUE       VALUE  FROM      YEAR
                                                  NORMAL
..................................................................
TEMPERATURE (F)
 YESTERDAY
  MAXIMUM         66    255 PM  83    2012  64      2       63
                                      1978
  MINIMUM         38    443 AM  23    1910  42     -4       38
  AVERAGE         52                        53     -1       51

PRECIPITATION (IN)
  YESTERDAY        0.44          3.44 1965   0.15   0.29     0.00
  MONTH TO DATE    0.44                      0.31   0.13     0.03
  SINCE DEC 1      0.44                      0.31   0.13     0.03
  SINCE JAN 1     45.77                     44.82   0.95    61.70

SNOWFALL (IN)
  YESTERDAY        0.0
  MONTH TO DATE    0.0
  SINCE DEC 1      0.0
  SINCE JUL 1      0.0
  SNOW DEPTH       0

DEGREE DAYS
 HEATING
  YESTERDAY       13                        13      0       14
  MONTH TO DATE   30                        25      5       28
  SINCE DEC 1     30                        25      5       28
  SINCE JUL 1    178                       332   -154      213

 COOLING
  YESTERDAY        0                         1     -1        0
  MONTH TO DATE    0                         2     -2        0
  SINCE DEC 1      0                         2     -2        0
  SINCE JAN 1   2809                      2585    224     3068
..................................................................


WIND (MPH)
  HIGHEST WIND SPEED    23   HIGHEST WIND DIRECTION    SE (120)
  HIGHEST GUST SPEED    28   HIGHEST GUST DIRECTION     E (110)
  AVERAGE WIND SPEED     8.3


SKY COVER
  POSSIBLE SUNSHINE  MM
  AVERAGE SKY COVER 0.4


WEATHER CONDITIONS
 THE FOLLOWING WEATHER WAS RECORDED YESTERDAY.
  HEAVY RAIN
  RAIN
  LIGHT RAIN
  FOG


RELATIVE HUMIDITY (PERCENT)
 HIGHEST    93           700 AM
 LOWEST     28           200 PM
 AVERAGE    61

..........................................................


THE LUFKIN CLIMATE NORMALS FOR TODAY
                         NORMAL    RECORD    YEAR
 MAXIMUM TEMPERATURE (F)   64        82      2005
                                             1995
 MINIMUM TEMPERATURE (F)   42        20      1929


SUNRISE AND SUNSET
DECEMBER  3 2016......SUNRISE   702 AM CST   SUNSET   516 PM CST
DECEMBER  4 2016......SUNRISE   703 AM CST   SUNSET   516 PM CST


-  INDICATES NEGATIVE NUMBERS.
R  INDICATES RECORD WAS SET OR TIED.
MM INDICATES DATA IS MISSING.
T  INDICATES TRACE AMOUNT.




$$
