000
CDUS44 KSHV 180834
CLILFK


CLIMATE REPORT
NATIONAL WEATHER SERVICE SHREVEPORT, LA
231 AM CST WED JAN 18 2017


...................................

...THE LUFKIN CLIMATE SUMMARY FOR JANUARY 17 2017...

CLIMATE NORMAL PERIOD 1981 TO 2010
CLIMATE RECORD PERIOD 1906 TO 2017


WEATHER ITEM   OBSERVED TIME   RECORD YEAR NORMAL DEPARTURE LAST
                VALUE   (LST)  VALUE       VALUE  FROM      YEAR
                                                  NORMAL
..................................................................
TEMPERATURE (F)
 YESTERDAY
  MAXIMUM         62   1202 AM  81    1952  60      2       55
  MINIMUM         52   1228 PM  18    1965  38     14       28
  AVERAGE         57                        49      8       42

PRECIPITATION (IN)
  YESTERDAY        0.51          2.06 2004   0.14   0.37     0.00
  MONTH TO DATE    2.51                      2.22   0.29     1.98
  SINCE DEC 1      7.42                      6.66   0.76     6.03
  SINCE JAN 1      2.51                      2.22   0.29     1.98

SNOWFALL (IN)
  YESTERDAY        0.0
  MONTH TO DATE    T
  SINCE DEC 1      T
  SINCE JUL 1      T
  SNOW DEPTH       0

DEGREE DAYS
 HEATING
  YESTERDAY        8                        16     -8       23
  MONTH TO DATE  179                       284   -105      316
  SINCE DEC 1    551                       755   -204      639
  SINCE JUL 1    699                      1062   -363      824

 COOLING
  YESTERDAY        0                         0      0        0
  MONTH TO DATE   25                         0     25        0
  SINCE DEC 1     56                        13     43       33
  SINCE JAN 1     25                         0     25        0
..................................................................


WIND (MPH)
  HIGHEST WIND SPEED    12   HIGHEST WIND DIRECTION     N (10)
  HIGHEST GUST SPEED    15   HIGHEST GUST DIRECTION     N (10)
  AVERAGE WIND SPEED     6.5


SKY COVER
  POSSIBLE SUNSHINE  MM
  AVERAGE SKY COVER 1.0


WEATHER CONDITIONS
 THE FOLLOWING WEATHER WAS RECORDED YESTERDAY.
  THUNDERSTORM
  HEAVY RAIN
  RAIN
  LIGHT RAIN
  FOG


RELATIVE HUMIDITY (PERCENT)
 HIGHEST   100          1100 AM
 LOWEST     90          1200 AM
 AVERAGE    95

..........................................................


THE LUFKIN CLIMATE NORMALS FOR TODAY
                         NORMAL    RECORD    YEAR
 MAXIMUM TEMPERATURE (F)   60        82      1938
 MINIMUM TEMPERATURE (F)   38        -2      1930


SUNRISE AND SUNSET
JANUARY 18 2017.......SUNRISE   717 AM CST   SUNSET   542 PM CST
JANUARY 19 2017.......SUNRISE   717 AM CST   SUNSET   543 PM CST


-  INDICATES NEGATIVE NUMBERS.
R  INDICATES RECORD WAS SET OR TIED.
MM INDICATES DATA IS MISSING.
T  INDICATES TRACE AMOUNT.




$$
