000
CDUS44 KSHV 010744
CLILFK


CLIMATE REPORT
NATIONAL WEATHER SERVICE SHREVEPORT, LA
239 AM CDT SUN MAY 1 2016


...................................

...THE LUFKIN CLIMATE SUMMARY FOR APRIL 30 2016...

CLIMATE NORMAL PERIOD 1981 TO 2010
CLIMATE RECORD PERIOD 1906 TO 2016


WEATHER ITEM   OBSERVED TIME   RECORD YEAR NORMAL DEPARTURE LAST
                VALUE   (LST)  VALUE       VALUE  FROM      YEAR
                                                  NORMAL
..................................................................
TEMPERATURE (F)
 YESTERDAY
  MAXIMUM         86    529 PM  95    1933  81      5       84
  MINIMUM         66    528 AM  37    1908  59      7       52
  AVERAGE         76                        70      6       68

PRECIPITATION (IN)
  YESTERDAY        2.36          4.32 1962   0.11   2.25     0.00
  MONTH TO DATE    7.96                      3.05   4.91     5.34
  SINCE DEC 1     23.89                     19.32   4.57    22.38
  SINCE JAN 1     19.84                     14.88   4.96    20.33

SNOWFALL (IN)
  YESTERDAY        0.0
  MONTH TO DATE    0.0
  SINCE MAR 1      0.0
  SINCE JUL 1      0.0
  SNOW DEPTH       0

DEGREE DAYS
 HEATING
  YESTERDAY        0                         1     -1        0
  MONTH TO DATE   39                        70    -31        9
  SINCE MAR 1    148                       279   -131      171
  SINCE JUL 1   1470                      1913   -443     1691

 COOLING
  YESTERDAY       11                         6      5        3
  MONTH TO DATE  130                       116     14      238
  SINCE MAR 1    188                       157     31      297
  SINCE JAN 1    202                       176     26      303
..................................................................


WIND (MPH)
  HIGHEST WIND SPEED    21   HIGHEST WIND DIRECTION     W (290)
  HIGHEST GUST SPEED    30   HIGHEST GUST DIRECTION     W (290)
  AVERAGE WIND SPEED     5.5


SKY COVER
  POSSIBLE SUNSHINE  MM
  AVERAGE SKY COVER 0.4


WEATHER CONDITIONS
 THE FOLLOWING WEATHER WAS RECORDED YESTERDAY.
  THUNDERSTORM
  HEAVY RAIN
  RAIN
  LIGHT RAIN
  FOG


RELATIVE HUMIDITY (PERCENT)
 HIGHEST   100           500 AM
 LOWEST     51           400 PM
 AVERAGE    76

..........................................................


THE LUFKIN CLIMATE NORMALS FOR TODAY
                         NORMAL    RECORD    YEAR
 MAXIMUM TEMPERATURE (F)   82        93      1943
 MINIMUM TEMPERATURE (F)   60        41      1908


SUNRISE AND SUNSET
MAY  1 2016...........SUNRISE   634 AM CDT   SUNSET   759 PM CDT
MAY  2 2016...........SUNRISE   633 AM CDT   SUNSET   759 PM CDT


-  INDICATES NEGATIVE NUMBERS.
R  INDICATES RECORD WAS SET OR TIED.
MM INDICATES DATA IS MISSING.
T  INDICATES TRACE AMOUNT.




$$
