000
CDUS44 KLCH 200929
CLILFT


CLIMATE REPORT
NATIONAL WEATHER SERVICE LAKE CHARLES, LA
428 AM CDT SUN APR 20 2014


...................................

...THE LAFAYETTE CLIMATE SUMMARY FOR APRIL 19 2014...

CLIMATE NORMAL PERIOD 1981 TO 2010
CLIMATE RECORD PERIOD 1893 TO 2014


WEATHER ITEM   OBSERVED TIME   RECORD YEAR NORMAL DEPARTURE LAST
                VALUE   (LST)  VALUE       VALUE  FROM      YEAR
                                                  NORMAL
..................................................................
TEMPERATURE (F)
 YESTERDAY
  MAXIMUM         80    448 PM  91    1987  80      0       61
  MINIMUM         55    547 AM  40    1921  60     -5       47
                                      1901
  AVERAGE         68                        70     -2       54

PRECIPITATION (IN)
  YESTERDAY        0.00          1.55 1914   0.14  -0.14      T
  MONTH TO DATE    1.89                      2.40  -0.51     4.78
  SINCE MAR 1      4.74                      6.19  -1.45     6.98
  SINCE JAN 1     11.99                     16.31  -4.32    24.85

SNOWFALL (IN)
  YESTERDAY        0.0           0.0    MM   0.0    0.0     MM
  MONTH TO DATE    0.0                       0.0    0.0      0.0
  SINCE MAR 1      0.0                       0.0    0.0      0.0
  SINCE JUL 1      0.8                       T      0.8      0.0
  SNOW DEPTH       0

DEGREE DAYS
 HEATING
  YESTERDAY        0                         1     -1       11
  MONTH TO DATE   54                        34     20       46
  SINCE MAR 1    289                       184    105      281
  SINCE JUL 1   1949                      1414    535     1291

 COOLING
  YESTERDAY        3                         6     -3        0
  MONTH TO DATE   50                        84    -34       69
  SINCE MAR 1     74                       147    -73       98
  SINCE JAN 1     88                       179    -91      129
..................................................................


WIND (MPH)
  HIGHEST WIND SPEED    13   HIGHEST WIND DIRECTION     N (10)
  HIGHEST GUST SPEED    17   HIGHEST GUST DIRECTION     N (10)
  AVERAGE WIND SPEED     2.5


SKY COVER
  POSSIBLE SUNSHINE  MM
  AVERAGE SKY COVER 0.0


WEATHER CONDITIONS
 THE FOLLOWING WEATHER WAS RECORDED YESTERDAY.
  FOG


RELATIVE HUMIDITY (PERCENT)
 HIGHEST   100           300 AM
 LOWEST     37           500 PM
 AVERAGE    69

..........................................................


THE LAFAYETTE CLIMATE NORMALS FOR TODAY
                         NORMAL    RECORD    YEAR
 MAXIMUM TEMPERATURE (F)   80        92      1987
 MINIMUM TEMPERATURE (F)   60        41      1953
                                             1901


SUNRISE AND SUNSET
APRIL 20 2014.........SUNRISE   636 AM CDT   SUNSET   739 PM CDT
APRIL 21 2014.........SUNRISE   635 AM CDT   SUNSET   739 PM CDT


-  INDICATES NEGATIVE NUMBERS.
R  INDICATES RECORD WAS SET OR TIED.
MM INDICATES DATA IS MISSING.
T  INDICATES TRACE AMOUNT.




$$
