000
CDUS44 KLCH 170825
CLILFT


CLIMATE REPORT
NATIONAL WEATHER SERVICE LAKE CHARLES, LA
325 AM CDT THU AUG 17 2017


...................................

...THE LAFAYETTE CLIMATE SUMMARY FOR AUGUST 16 2017...

CLIMATE NORMAL PERIOD 1981 TO 2010
CLIMATE RECORD PERIOD 1893 TO 2017


WEATHER ITEM   OBSERVED TIME   RECORD YEAR NORMAL DEPARTURE LAST
                VALUE   (LST)  VALUE       VALUE  FROM      YEAR
                                                  NORMAL
..................................................................
TEMPERATURE (F)
 YESTERDAY
  MAXIMUM         89    939 AM 101    1951  93     -4       91
  MINIMUM         77    602 AM  61    2004  75      2       74
                                      1929
  AVERAGE         83                        84     -1       83

PRECIPITATION (IN)
  YESTERDAY        0.10          2.49 1945   0.13  -0.03     1.53
  MONTH TO DATE    6.08                      2.38   3.70    23.19
  SINCE JUN 1     24.10                     15.76   8.34    35.15
  SINCE JAN 1     44.65                     38.38   6.27    63.54

DEGREE DAYS
 COOLING
  YESTERDAY       18                        19     -1       18
  MONTH TO DATE  300                       304     -4      296
  SINCE JUN 1   1320                      1374    -54     1449
  SINCE JAN 1   2240                      1988    252     2106
..................................................................


WIND (MPH)
  HIGHEST WIND SPEED    17   HIGHEST WIND DIRECTION     S (180)
  HIGHEST GUST SPEED    24   HIGHEST GUST DIRECTION     S (170)
  AVERAGE WIND SPEED     2.8


SKY COVER
  POSSIBLE SUNSHINE  MM
  AVERAGE SKY COVER 0.1


WEATHER CONDITIONS
 THE FOLLOWING WEATHER WAS RECORDED YESTERDAY.
  THUNDERSTORM
  RAIN
  LIGHT RAIN
  FOG


RELATIVE HUMIDITY (PERCENT)
 HIGHEST   100          1200 AM
 LOWEST     75           100 PM
 AVERAGE    88

..........................................................


THE LAFAYETTE CLIMATE NORMALS FOR TODAY
                         NORMAL    RECORD    YEAR
 MAXIMUM TEMPERATURE (F)   93       100      2011
 MINIMUM TEMPERATURE (F)   75        63      1992


SUNRISE AND SUNSET
AUGUST 17 2017........SUNRISE   636 AM CDT   SUNSET   747 PM CDT
AUGUST 18 2017........SUNRISE   637 AM CDT   SUNSET   746 PM CDT


-  INDICATES NEGATIVE NUMBERS.
R  INDICATES RECORD WAS SET OR TIED.
MM INDICATES DATA IS MISSING.
T  INDICATES TRACE AMOUNT.




$$
