000
CDUS44 KLCH 280855
CLILFT


CLIMATE REPORT
NATIONAL WEATHER SERVICE LAKE CHARLES, LA
354 AM CDT TUE MAR 28 2017


...................................

...THE LAFAYETTE CLIMATE SUMMARY FOR MARCH 27 2017...

CLIMATE NORMAL PERIOD 1981 TO 2010
CLIMATE RECORD PERIOD 1893 TO 2017


WEATHER ITEM   OBSERVED TIME   RECORD YEAR NORMAL DEPARTURE LAST
                VALUE   (LST)  VALUE       VALUE  FROM      YEAR
                                                  NORMAL
..................................................................
TEMPERATURE (F)
 YESTERDAY
  MAXIMUM         83    225 PM  87    1910  75      8       80
                                      1907
  MINIMUM         72   1036 PM  29    1955  54     18       67
  AVERAGE         78                        64     14       74

PRECIPITATION (IN)
  YESTERDAY        0.00          1.80 1914   0.12  -0.12     0.09
  MONTH TO DATE    1.22                      3.33  -2.11     5.30
  SINCE MAR 1      1.22                      3.33  -2.11     5.30
  SINCE JAN 1      4.74                     13.45  -8.71    14.43

SNOWFALL (IN)
  YESTERDAY        0.0           0.0    MM   0.0    0.0      0.0
  MONTH TO DATE    0.0                       0.0    0.0      0.0
  SINCE MAR 1      0.0                       0.0    0.0      0.0
  SINCE JUL 1      0.0                       T      0.0      0.0
  SNOW DEPTH       0

DEGREE DAYS
 HEATING
  YESTERDAY        0                         3     -3        0
  MONTH TO DATE   60                       138    -78       61
  SINCE MAR 1     60                       138    -78       61
  SINCE JUL 1    637                      1368   -731      979

 COOLING
  YESTERDAY       13                         3     10        9
  MONTH TO DATE  124                        51     73       86
  SINCE MAR 1    124                        51     73       86
  SINCE JAN 1    308                        83    225       96
..................................................................


WIND (MPH)
  HIGHEST WIND SPEED    20   HIGHEST WIND DIRECTION     S (190)
  HIGHEST GUST SPEED    27   HIGHEST GUST DIRECTION     S (200)
  AVERAGE WIND SPEED     9.2


SKY COVER
  POSSIBLE SUNSHINE  MM
  AVERAGE SKY COVER 0.5


WEATHER CONDITIONS
 THE FOLLOWING WEATHER WAS RECORDED YESTERDAY.
  NO SIGNIFICANT WEATHER WAS OBSERVED.


RELATIVE HUMIDITY (PERCENT)
 HIGHEST    87          1200 AM
 LOWEST     58           200 PM
 AVERAGE    73

..........................................................


THE LAFAYETTE CLIMATE NORMALS FOR TODAY
                         NORMAL    RECORD    YEAR
 MAXIMUM TEMPERATURE (F)   75        87      1910
 MINIMUM TEMPERATURE (F)   54        35      1937
                                             1931


SUNRISE AND SUNSET
MARCH 28 2017.........SUNRISE   702 AM CDT   SUNSET   725 PM CDT
MARCH 29 2017.........SUNRISE   701 AM CDT   SUNSET   725 PM CDT


-  INDICATES NEGATIVE NUMBERS.
R  INDICATES RECORD WAS SET OR TIED.
MM INDICATES DATA IS MISSING.
T  INDICATES TRACE AMOUNT.




$$
