520
CDUS44 KLCH 140819
CLILFT


CLIMATE REPORT
NATIONAL WEATHER SERVICE LAKE CHARLES, LA
219 AM CST THU DEC 14 2017


...................................

...THE LAFAYETTE CLIMATE SUMMARY FOR DECEMBER 13 2017...

CLIMATE NORMAL PERIOD 1981 TO 2010
CLIMATE RECORD PERIOD 1893 TO 2017


WEATHER ITEM   OBSERVED TIME   RECORD YEAR NORMAL DEPARTURE LAST
                VALUE   (LST)  VALUE       VALUE  FROM      YEAR
                                                  NORMAL
..................................................................
TEMPERATURE (F)
 YESTERDAY
  MAXIMUM         60    252 PM  83    1933  64     -4       79
  MINIMUM         33    714 AM  15    1962  45    -12       63
  AVERAGE         47                        55     -8       71

PRECIPITATION (IN)
  YESTERDAY        0.00          2.51 1920   0.17  -0.17     0.01
  MONTH TO DATE    3.42                      2.24   1.18     6.18
  SINCE DEC 1      3.42                      2.24   1.18     6.18
  SINCE JAN 1     66.50                     57.16   9.34    78.05

SNOWFALL (IN)
  YESTERDAY        0.0           0.0    MM   0.0    0.0      0.0
  MONTH TO DATE    1.7                       0.0    1.7      0.0
  SINCE DEC 1      1.7                       0.0    1.7      0.0
  SINCE JUL 1      1.7                       0.0    1.7      0.0
  SNOW DEPTH       0

DEGREE DAYS
 HEATING
  YESTERDAY       18                        11      7        0
  MONTH TO DATE  169                       132     37      110
  SINCE DEC 1    169                       132     37      110
  SINCE JUL 1    336                       331      5      196
..................................................................


WIND (MPH)
  HIGHEST WIND SPEED    15   HIGHEST WIND DIRECTION    SW (210)
  HIGHEST GUST SPEED    19   HIGHEST GUST DIRECTION    SW (230)
  AVERAGE WIND SPEED     4.4


SKY COVER
  POSSIBLE SUNSHINE  MM
  AVERAGE SKY COVER 0.0


WEATHER CONDITIONS
 THE FOLLOWING WEATHER WAS RECORDED YESTERDAY.
  NO SIGNIFICANT WEATHER WAS OBSERVED.


RELATIVE HUMIDITY (PERCENT)
 HIGHEST    96           600 AM
 LOWEST     32           200 PM
 AVERAGE    64

..........................................................


THE LAFAYETTE CLIMATE NORMALS FOR TODAY
                         NORMAL    RECORD    YEAR
 MAXIMUM TEMPERATURE (F)   64        82      1971
 MINIMUM TEMPERATURE (F)   45        22      1917


SUNRISE AND SUNSET
DECEMBER 14 2017......SUNRISE   656 AM CST   SUNSET   509 PM CST
DECEMBER 15 2017......SUNRISE   657 AM CST   SUNSET   510 PM CST


-  INDICATES NEGATIVE NUMBERS.
R  INDICATES RECORD WAS SET OR TIED.
MM INDICATES DATA IS MISSING.
T  INDICATES TRACE AMOUNT.




$$
