000
CDUS44 KLCH 310905
CLILFT


CLIMATE REPORT
NATIONAL WEATHER SERVICE LAKE CHARLES, LA
403 AM CDT SUN AUG 31 2014


...................................

...THE LAFAYETTE CLIMATE SUMMARY FOR AUGUST 30 2014...

CLIMATE NORMAL PERIOD 1981 TO 2010
CLIMATE RECORD PERIOD 1893 TO 2014


WEATHER ITEM   OBSERVED TIME   RECORD YEAR NORMAL DEPARTURE LAST
                VALUE   (LST)  VALUE       VALUE  FROM      YEAR
                                                  NORMAL
..................................................................
TEMPERATURE (F)
 YESTERDAY
  MAXIMUM         79   1056 AM 104    2000  92    -13       91
  MINIMUM         74    745 PM  59    1906  74      0       72
  AVERAGE         77                        83     -6       82

PRECIPITATION (IN)
  YESTERDAY        1.19          1.40 1974   0.15   1.04     0.00
  MONTH TO DATE    8.48                      4.47   4.01     3.76
  SINCE JUN 1     23.05                     17.85   5.20    10.76
  SINCE JAN 1     46.09                     40.47   5.62    42.88

DEGREE DAYS
 COOLING
  YESTERDAY       12                        18     -6       17
  MONTH TO DATE  537                       562    -25      544
  SINCE JUN 1   1570                      1632    -62     1620
  SINCE JAN 1   2039                      2246   -207     2084
..................................................................


WIND (MPH)
  HIGHEST WIND SPEED    28   HIGHEST WIND DIRECTION     S (200)
  HIGHEST GUST SPEED    36   HIGHEST GUST DIRECTION    SW (210)
  AVERAGE WIND SPEED     4.9


SKY COVER
  POSSIBLE SUNSHINE  MM
  AVERAGE SKY COVER 0.3


WEATHER CONDITIONS
 THE FOLLOWING WEATHER WAS RECORDED YESTERDAY.
  THUNDERSTORM
  HEAVY RAIN
  RAIN
  LIGHT RAIN
  FOG


RELATIVE HUMIDITY (PERCENT)
 HIGHEST   100           700 AM
 LOWEST     87           800 PM
 AVERAGE    94

..........................................................


THE LAFAYETTE CLIMATE NORMALS FOR TODAY
                         NORMAL    RECORD    YEAR
 MAXIMUM TEMPERATURE (F)   92       103      2000
 MINIMUM TEMPERATURE (F)   74        60      1946


SUNRISE AND SUNSET
AUGUST 31 2014........SUNRISE   644 AM CDT   SUNSET   732 PM CDT
SEPTEMBER  1 2014.....SUNRISE   645 AM CDT   SUNSET   731 PM CDT


-  INDICATES NEGATIVE NUMBERS.
R  INDICATES RECORD WAS SET OR TIED.
MM INDICATES DATA IS MISSING.
T  INDICATES TRACE AMOUNT.




$$
