990
CDUS44 KLCH 242209
CLILFT


CLIMATE REPORT
NATIONAL WEATHER SERVICE LAKE CHARLES, LA
509 PM CDT WED MAY 24 2017


...................................

...THE LAFAYETTE CLIMATE SUMMARY FOR MAY 24 2017...
VALID TODAY AS OF 0500 PM LOCAL TIME.

CLIMATE NORMAL PERIOD 1981 TO 2010
CLIMATE RECORD PERIOD 1893 TO 2017


WEATHER ITEM   OBSERVED TIME   RECORD YEAR NORMAL DEPARTURE LAST
                VALUE   (LST)  VALUE       VALUE  FROM      YEAR
                                                  NORMAL
..................................................................
TEMPERATURE (F)
 TODAY
  MAXIMUM         78    256 PM  97    1896  88    -10       89
  MINIMUM         64    628 AM  53    1931  69     -5       70
  AVERAGE         71                        78     -7       80

PRECIPITATION (IN)
  TODAY            T             3.32 1968   0.18  -0.18     0.00
  MONTH TO DATE    7.42                      3.57   3.85     5.21
  SINCE MAR 1     14.73                     11.29   3.44    17.76
  SINCE JAN 1     18.25                     21.41  -3.16    26.89

DEGREE DAYS
 COOLING
  TODAY            6                        13     -7       15
  MONTH TO DATE  210                       261    -51      236
  SINCE MAR 1    656                       483    173      538
  SINCE JAN 1    840                       515    325      548
..................................................................


WIND (MPH)
  HIGHEST WIND SPEED    23   HIGHEST WIND DIRECTION    NW (300)
  HIGHEST GUST SPEED    31   HIGHEST GUST DIRECTION    NW (300)
  AVERAGE WIND SPEED    15.0


SKY COVER
  POSSIBLE SUNSHINE  MM
  AVERAGE SKY COVER 0.4


WEATHER CONDITIONS
 THE FOLLOWING WEATHER WAS RECORDED TODAY.
  LIGHT RAIN


RELATIVE HUMIDITY (PERCENT)
 HIGHEST    87           300 AM
 LOWEST     35           100 PM
 AVERAGE    61

..........................................................


THE LAFAYETTE CLIMATE NORMALS FOR TOMORROW
                         NORMAL    RECORD    YEAR
 MAXIMUM TEMPERATURE (F)   88        95      2010
                                             1941
                                             1893
 MINIMUM TEMPERATURE (F)   69        52      1940


SUNRISE AND SUNSET
MAY 24 2017...........SUNRISE   609 AM CDT   SUNSET   801 PM CDT
MAY 25 2017...........SUNRISE   609 AM CDT   SUNSET   801 PM CDT


-  INDICATES NEGATIVE NUMBERS.
R  INDICATES RECORD WAS SET OR TIED.
MM INDICATES DATA IS MISSING.
T  INDICATES TRACE AMOUNT.




$$
