332
CDUS41 KOKX 040623
CLILGA


CLIMATE REPORT
NATIONAL WEATHER SERVICE NEW YORK NY
122 AM EST SUN DEC 4 2016


...................................

...THE LAGUARDIA NY CLIMATE SUMMARY FOR DECEMBER 3 2016...

CLIMATE NORMAL PERIOD 1981 TO 2010
CLIMATE RECORD PERIOD 1939 TO 2016


WEATHER ITEM   OBSERVED TIME   RECORD YEAR NORMAL DEPARTURE LAST
                VALUE   (LST)  VALUE       VALUE  FROM      YEAR
                                                  NORMAL
..................................................................
TEMPERATURE (F)
 YESTERDAY
  MAXIMUM         50    225 PM  69    1998  48      2       56
  MINIMUM         43    551 AM  11    1976  36      7       45
  AVERAGE         47                        42      5       51

PRECIPITATION (IN)
  YESTERDAY        0.00          1.48 1967   0.13  -0.13     0.00
  MONTH TO DATE    0.05                      0.38  -0.33     0.47
  SINCE DEC 1      0.05                      0.38  -0.33     0.47
  SINCE JAN 1     36.49                     41.55  -5.06    33.34

SNOWFALL (IN)
  YESTERDAY        0.0           0.6  1957   0.0    0.0      0.0
  MONTH TO DATE    0.0                       0.2   -0.2      0.0
  SINCE OCT 1      T                         0.5   -0.5      0.0
  SINCE JUL 1      T                         0.5   -0.5      0.0
  SNOW DEPTH       0

DEGREE DAYS
 HEATING
  YESTERDAY       18                        23     -5       14
  MONTH TO DATE   49                        67    -18       44
  SINCE DEC 1     49                        67    -18       44
  SINCE JUL 1    587                       842   -255      606

 COOLING
  YESTERDAY        0                         0      0        0
  MONTH TO DATE    0                         0      0        0
  SINCE DEC 1      0                         0      0        0
  SINCE JAN 1   1745                      1214    531     1554
..................................................................


WIND (MPH)
  HIGHEST WIND SPEED    32   HIGHEST WIND DIRECTION    NW (320)
  HIGHEST GUST SPEED    40   HIGHEST GUST DIRECTION    NW (330)
  AVERAGE WIND SPEED    18.8


SKY COVER
  AVERAGE SKY COVER 0.6


WEATHER CONDITIONS
 THE FOLLOWING WEATHER WAS RECORDED YESTERDAY.
  NO SIGNIFICANT WEATHER WAS OBSERVED.


RELATIVE HUMIDITY (PERCENT)
 HIGHEST    58          1000 PM
 LOWEST     42           200 PM
 AVERAGE    50

..........................................................


THE LAGUARDIA NY CLIMATE NORMALS FOR TODAY
                         NORMAL    RECORD    YEAR
 MAXIMUM TEMPERATURE (F)   48        74      1998
 MINIMUM TEMPERATURE (F)   36        12      1940


SUNRISE AND SUNSET
DECEMBER  4 2016......SUNRISE   704 AM EST   SUNSET   428 PM EST
DECEMBER  5 2016......SUNRISE   705 AM EST   SUNSET   428 PM EST


-  INDICATES NEGATIVE NUMBERS.
R  INDICATES RECORD WAS SET OR TIED.
MM INDICATES DATA IS MISSING.
T  INDICATES TRACE AMOUNT.




$$
