000
CDUS41 KOKX 010618
CLILGA


CLIMATE REPORT
NATIONAL WEATHER SERVICE NEW YORK NY
118 AM EST WED MAR 1 2017


...................................

...THE LAGUARDIA NY CLIMATE SUMMARY FOR FEBRUARY 28 2017...

CLIMATE NORMAL PERIOD 1981 TO 2010
CLIMATE RECORD PERIOD 1939 TO 2017


WEATHER ITEM   OBSERVED TIME   RECORD YEAR NORMAL DEPARTURE LAST
                VALUE   (LST)  VALUE       VALUE  FROM      YEAR
                                                  NORMAL
..................................................................
TEMPERATURE (F)
 YESTERDAY
  MAXIMUM         58    341 PM  66    1976  45     13       61
  MINIMUM         44    802 AM  10    2014  31     13       39
  AVERAGE         51                        38     13       50

PRECIPITATION (IN)
  YESTERDAY        0.00          1.56 1958   0.11  -0.11     0.00
  MONTH TO DATE    1.87                      2.76  -0.89     4.29
  SINCE DEC 1      8.95                      9.49  -0.54    12.79
  SINCE JAN 1      6.00                      5.93   0.07     8.46

SNOWFALL (IN)
  YESTERDAY        0.0           9.9  1949   0.2   -0.2      0.0
  MONTH TO DATE   10.3                       9.1    1.2      5.6
  SINCE OCT 1     23.4                      22.0    1.4     34.4
  SINCE JUL 1     23.4                      22.0    1.4     34.4
  SNOW DEPTH       0

DEGREE DAYS
 HEATING
  YESTERDAY       14                        27    -13       15
  MONTH TO DATE  613                       830   -217      752
  SINCE DEC 1   2149                      2654   -505     2087
  SINCE JUL 1   2687                      3429   -742     2649

 COOLING
  YESTERDAY        0                         0      0        0
  MONTH TO DATE    0                         0      0        0
  SINCE DEC 1      0                         0      0        1
  SINCE JAN 1      0                         0      0        0
..................................................................


WIND (MPH)
  HIGHEST WIND SPEED    15   HIGHEST WIND DIRECTION    NE (60)
  HIGHEST GUST SPEED    22   HIGHEST GUST DIRECTION    NE (60)
  AVERAGE WIND SPEED     8.1


SKY COVER
  AVERAGE SKY COVER 0.9


WEATHER CONDITIONS
 THE FOLLOWING WEATHER WAS RECORDED YESTERDAY.
  FOG
  HAZE


RELATIVE HUMIDITY (PERCENT)
 HIGHEST    89           600 PM
 LOWEST     46          1200 AM
 AVERAGE    68

..........................................................


THE LAGUARDIA NY CLIMATE NORMALS FOR TODAY
                         NORMAL    RECORD    YEAR
 MAXIMUM TEMPERATURE (F)   45        68      1972
 MINIMUM TEMPERATURE (F)   31         8      1980


SUNRISE AND SUNSET
MARCH  1 2017.........SUNRISE   629 AM EST   SUNSET   547 PM EST
MARCH  2 2017.........SUNRISE   628 AM EST   SUNSET   548 PM EST


-  INDICATES NEGATIVE NUMBERS.
R  INDICATES RECORD WAS SET OR TIED.
MM INDICATES DATA IS MISSING.
T  INDICATES TRACE AMOUNT.




$$
