823
CDUS41 KOKX 300619
CLILGA


CLIMATE REPORT
NATIONAL WEATHER SERVICE NEW YORK NY
219 AM EDT SAT APR 30 2016


...................................

...THE LAGUARDIA NY CLIMATE SUMMARY FOR APRIL 29 2016...

CLIMATE NORMAL PERIOD 1981 TO 2010
CLIMATE RECORD PERIOD 1945 TO 2016


WEATHER ITEM   OBSERVED TIME   RECORD YEAR NORMAL DEPARTURE LAST
                VALUE   (LST)  VALUE       VALUE  FROM      YEAR
                                                  NORMAL
..................................................................
TEMPERATURE (F)
 YESTERDAY
  MAXIMUM         59   1224 PM  88    1974  66     -7       76
  MINIMUM         47   1026 PM  39    1977  49     -2       48
                                      1966
  AVERAGE         53                        57     -4       62

PRECIPITATION (IN)
  YESTERDAY        0.02          1.00 1990   0.13  -0.11     0.00
  MONTH TO DATE    1.66                      3.89  -2.23     1.82
  SINCE MAR 1      2.92                      7.86  -4.94     6.36
  SINCE JAN 1     11.45                     13.79  -2.34    13.44

SNOWFALL (IN)
  YESTERDAY        0.0           0.0  2006   0.0    0.0      0.0
  MONTH TO DATE    T                         0.5   -0.5      0.0
  SINCE OCT 1     36.2                      26.9    9.3     53.8
  SINCE JUL 1     36.2                      26.9    9.3     53.8
  SNOW DEPTH       0

DEGREE DAYS
 HEATING
  YESTERDAY       12                         8      4        3
  MONTH TO DATE  344                       370    -26      335
  SINCE MAR 1    839                      1077   -238     1169
  SINCE JUL 1   3501                      4506  -1005     4891

 COOLING
  YESTERDAY        0                         0      0        0
  MONTH TO DATE    8                         0      8        2
  SINCE MAR 1     13                         0     13        2
  SINCE JAN 1     13                         0     13        2
..................................................................


WIND (MPH)
  HIGHEST WIND SPEED    20   HIGHEST WIND DIRECTION     E (80)
  HIGHEST GUST SPEED    25   HIGHEST GUST DIRECTION     E (80)
  AVERAGE WIND SPEED     9.4


SKY COVER
  AVERAGE SKY COVER 1.0


WEATHER CONDITIONS
 THE FOLLOWING WEATHER WAS RECORDED YESTERDAY.
  LIGHT RAIN


RELATIVE HUMIDITY (PERCENT)
 HIGHEST    66          1200 AM
 LOWEST     23          1200 PM
 AVERAGE    45

..........................................................


THE LAGUARDIA NY CLIMATE NORMALS FOR TODAY
                         NORMAL    RECORD    YEAR
 MAXIMUM TEMPERATURE (F)   66        89      1942
 MINIMUM TEMPERATURE (F)   49        42      2014
                                             1978
                                             1975


SUNRISE AND SUNSET
APRIL 30 2016.........SUNRISE   555 AM EDT   SUNSET   751 PM EDT
MAY  1 2016...........SUNRISE   554 AM EDT   SUNSET   752 PM EDT


-  INDICATES NEGATIVE NUMBERS.
R  INDICATES RECORD WAS SET OR TIED.
MM INDICATES DATA IS MISSING.
T  INDICATES TRACE AMOUNT.




$$
