000
CDUS46 KLOX 310905
CLILGB


CLIMATE REPORT
NATIONAL WEATHER SERVICE LOS ANGELES/OXNARD CA
105 AM PST SAT JAN 31 2015


...................................

...THE LONG BEACH AIRPORT CA CLIMATE SUMMARY FOR JANUARY 30 2015...

CLIMATE NORMAL PERIOD 1981 TO 2010
CLIMATE RECORD PERIOD 1958 TO 2015


WEATHER ITEM   OBSERVED TIME   RECORD YEAR NORMAL DEPARTURE LAST
                VALUE   (LST)  VALUE       VALUE  FROM      YEAR
                                                  NORMAL
..................................................................
TEMPERATURE (F)
 YESTERDAY
  MAXIMUM         70   1237 PM  85    2003  67      3       61
  MINIMUM         57   1136 PM  32    2002  47     10       57
  AVERAGE         64                        57      7       59

PRECIPITATION (IN)
  YESTERDAY        0.02          3.72 1979   0.09  -0.07     0.01
  MONTH TO DATE    0.87                      2.51  -1.64     0.01
  SINCE OCT 1      6.13                      6.09   0.04     1.25
  SINCE JAN 1      0.87                      2.51  -1.64     0.01

SNOWFALL (IN)
  YESTERDAY        0.0
  MONTH TO DATE    0.0
  SINCE DEC 1      0.0
  SINCE JUL 1      0.0

DEGREE DAYS
 HEATING
  YESTERDAY        1                         8     -7        6
  MONTH TO DATE  130                       248   -118      119
  SINCE DEC 1    312                       519   -207      337
  SINCE JUL 1    348                       668   -320      432

 COOLING
  YESTERDAY        0                         0      0        0
  MONTH TO DATE    8                         0      8       15
  SINCE DEC 1     13                         1     12       27
  SINCE JAN 1      8                         0      8       15
..................................................................


WIND (MPH)
  HIGHEST WIND SPEED    16   HIGHEST WIND DIRECTION    NW (310)
  HIGHEST GUST SPEED    19   HIGHEST GUST DIRECTION    NW (300)
  AVERAGE WIND SPEED     3.0


SKY COVER
  POSSIBLE SUNSHINE  MM
  AVERAGE SKY COVER 0.6


WEATHER CONDITIONS
 THE FOLLOWING WEATHER WAS RECORDED YESTERDAY.
  LIGHT RAIN
  HAZE


RELATIVE HUMIDITY (PERCENT)
 HIGHEST    87          1100 PM
 LOWEST     49           200 PM
 AVERAGE    68

..........................................................


THE LONG BEACH AIRPORT CA CLIMATE NORMALS FOR TODAY
                         NORMAL    RECORD    YEAR
 MAXIMUM TEMPERATURE (F)   67        93      2003
 MINIMUM TEMPERATURE (F)   47        34      2002


SUNRISE AND SUNSET
JANUARY 31 2015.......SUNRISE   650 AM PST   SUNSET   522 PM PST
FEBRUARY  1 2015......SUNRISE   649 AM PST   SUNSET   523 PM PST


-  INDICATES NEGATIVE NUMBERS.
R  INDICATES RECORD WAS SET OR TIED.
MM INDICATES DATA IS MISSING.
T  INDICATES TRACE AMOUNT.




$$
