000
CDUS46 KLOX 240915
CLILGB


CLIMATE REPORT
NATIONAL WEATHER SERVICE LOS ANGELES/OXNARD CA
215 AM PDT FRI MAR 24 2017


...................................

...THE LONG BEACH AIRPORT CA CLIMATE SUMMARY FOR MARCH 23 2017...

CLIMATE NORMAL PERIOD 1981 TO 2010
CLIMATE RECORD PERIOD 1958 TO 2017


WEATHER ITEM   OBSERVED TIME   RECORD YEAR NORMAL DEPARTURE LAST
                VALUE   (LST)  VALUE       VALUE  FROM      YEAR
                                                  NORMAL
..................................................................
TEMPERATURE (F)
 YESTERDAY
  MAXIMUM         70    158 PM  89    2008  69      1       80
  MINIMUM         53    119 AM  42    1964  51      2       50
  AVERAGE         62                        60      2       65

PRECIPITATION (IN)
  YESTERDAY        0.00          0.78 1995   0.05  -0.05     0.00
  MONTH TO DATE    0.15                      1.53  -1.38     0.91
  SINCE OCT 1     19.40                     10.80   8.60     4.81
  SINCE JAN 1     14.20                      7.22   6.98     3.81

SNOWFALL (IN)
  YESTERDAY        0.0
  MONTH TO DATE    0.0
  SINCE MAR 1      0.0
  SINCE JUL 1      0.0

DEGREE DAYS
 HEATING
  YESTERDAY        3                         5     -2        0
  MONTH TO DATE   52                       138    -86       70
  SINCE MAR 1     52                       138    -86       70
  SINCE JUL 1    830                      1029   -199      713

 COOLING
  YESTERDAY        0                         0      0        0
  MONTH TO DATE   21                         0     21        6
  SINCE MAR 1     21                         0     21        6
  SINCE JAN 1     22                         8     14       53
..................................................................


WIND (MPH)
  HIGHEST WIND SPEED    18   HIGHEST WIND DIRECTION     N (340)
  HIGHEST GUST SPEED    22   HIGHEST GUST DIRECTION    NW (310)
  AVERAGE WIND SPEED     7.7


SKY COVER
  POSSIBLE SUNSHINE  MM
  AVERAGE SKY COVER 0.0


WEATHER CONDITIONS
 THE FOLLOWING WEATHER WAS RECORDED YESTERDAY.
  NO SIGNIFICANT WEATHER WAS OBSERVED.


RELATIVE HUMIDITY (PERCENT)
 HIGHEST    83          1100 PM
 LOWEST     27           300 PM
 AVERAGE    55

..........................................................


THE LONG BEACH AIRPORT CA CLIMATE NORMALS FOR TODAY
                         NORMAL    RECORD    YEAR
 MAXIMUM TEMPERATURE (F)   69        94      1988
 MINIMUM TEMPERATURE (F)   51        42      1995
                                             1964


SUNRISE AND SUNSET
MARCH 24 2017.........SUNRISE   650 AM PDT   SUNSET   708 PM PDT
MARCH 25 2017.........SUNRISE   649 AM PDT   SUNSET   708 PM PDT


-  INDICATES NEGATIVE NUMBERS.
R  INDICATES RECORD WAS SET OR TIED.
MM INDICATES DATA IS MISSING.
T  INDICATES TRACE AMOUNT.




$$
