000
CDUS46 KLOX 190129
CLILGB


CLIMATE REPORT
NATIONAL WEATHER SERVICE LOS ANGELES/OXNARD CA
528 PM PST SAT NOV 18 2017


...................................

...THE LONG BEACH AIRPORT CA CLIMATE SUMMARY FOR NOVEMBER 18 2017...
VALID TODAY AS OF 0500 PM LOCAL TIME.

CLIMATE NORMAL PERIOD 1981 TO 2010
CLIMATE RECORD PERIOD 1958 TO 2017


WEATHER ITEM   OBSERVED TIME   RECORD YEAR NORMAL DEPARTURE LAST
                VALUE   (LST)  VALUE       VALUE  FROM      YEAR
                                                  NORMAL
..................................................................
TEMPERATURE (F)
 TODAY
  MAXIMUM         81    212 PM  90    1989  72      9       79
  MINIMUM         54    618 AM  35    1964  50      4       52
  AVERAGE         68                        61      7       66

PRECIPITATION (IN)
  TODAY            0.00          0.29 1973   0.04  -0.04     0.00
  MONTH TO DATE    0.04                      0.51  -0.47     0.00
  SINCE OCT 1      0.04                      1.14  -1.10     0.41
  SINCE JAN 1     14.94                      9.82   5.12     4.40

SNOWFALL (IN)
  TODAY            0.0
  MONTH TO DATE    0.0
  SINCE SEP 1      0.0
  SINCE JUL 1      0.0

DEGREE DAYS
 HEATING
  TODAY            0                         5     -5        0
  MONTH TO DATE    7                        55    -48        7
  SINCE SEP 1      7                        76    -69       10
  SINCE JUL 1      7                        76    -69       10

 COOLING
  TODAY            3                         0      3        1
  MONTH TO DATE   22                        19      3       81
  SINCE SEP 1    526                       355    171      501
  SINCE JAN 1   1492                      1123    369     1445
..................................................................


WIND (MPH)
  HIGHEST WIND SPEED    20   HIGHEST WIND DIRECTION     W (290)
  HIGHEST GUST SPEED    23   HIGHEST GUST DIRECTION     W (290)
  AVERAGE WIND SPEED     3.5


SKY COVER
  POSSIBLE SUNSHINE  MM
  AVERAGE SKY COVER 0.0


WEATHER CONDITIONS
 THE FOLLOWING WEATHER WAS RECORDED TODAY.
  NO SIGNIFICANT WEATHER WAS OBSERVED.


RELATIVE HUMIDITY (PERCENT)
 HIGHEST    93           500 AM
 LOWEST     30           200 PM
 AVERAGE    62

..........................................................


THE LONG BEACH AIRPORT CA CLIMATE NORMALS FOR TOMORROW
                         NORMAL    RECORD    YEAR
 MAXIMUM TEMPERATURE (F)   71        90      2006
                                             1989
 MINIMUM TEMPERATURE (F)   50        35      1994
                                             1964


SUNRISE AND SUNSET
NOVEMBER 18 2017......SUNRISE   628 AM PST   SUNSET   448 PM PST
NOVEMBER 19 2017......SUNRISE   629 AM PST   SUNSET   447 PM PST


-  INDICATES NEGATIVE NUMBERS.
R  INDICATES RECORD WAS SET OR TIED.
MM INDICATES DATA IS MISSING.
T  INDICATES TRACE AMOUNT.




$$
