000
CDUS46 KLOX 241215
CLILGB


CLIMATE REPORT
NATIONAL WEATHER SERVICE LOS ANGELES/OXNARD CA
515 AM PDT FRI OCT 24 2014


...................................

...THE LONG BEACH AIRPORT CA CLIMATE SUMMARY FOR OCTOBER 23 2014...

CLIMATE NORMAL PERIOD 1981 TO 2010
CLIMATE RECORD PERIOD 1958 TO 2014


WEATHER ITEM   OBSERVED TIME   RECORD YEAR NORMAL DEPARTURE LAST
                VALUE   (LST)  VALUE       VALUE  FROM      YEAR
                                                  NORMAL
..................................................................
TEMPERATURE (F)
 YESTERDAY
  MAXIMUM         83    345 PM  99    1965  76      7       68
  MINIMUM         59    639 AM  50    1996  57      2       61
                                      1968
  AVERAGE         71                        67      4       65

PRECIPITATION (IN)
  YESTERDAY        0.00          0.13 1973   0.02  -0.02     0.00
  MONTH TO DATE    0.00                      0.41  -0.41     0.09
  SINCE JUL 1      0.19                      0.65  -0.46     0.16
  SINCE JAN 1      3.38                      9.09  -5.71     3.03

SNOWFALL (IN)
  YESTERDAY        0.0
  MONTH TO DATE    0.0
  SINCE SEP 1      0.0
  SINCE JUL 1      0.0

DEGREE DAYS
 HEATING
  YESTERDAY        0                         1     -1        0
  MONTH TO DATE    0                         7     -7       11
  SINCE SEP 1      0                         8     -8       11
  SINCE JUL 1      0                         8     -8       11

 COOLING
  YESTERDAY        6                         3      3        0
  MONTH TO DATE  178                        88     90       91
  SINCE SEP 1    545                       319    226      375
  SINCE JAN 1   1615                      1087    528     1185
..................................................................


WIND (MPH)
  HIGHEST WIND SPEED     9   HIGHEST WIND DIRECTION     S (200)
  HIGHEST GUST SPEED    11   HIGHEST GUST DIRECTION    NW (310)
  AVERAGE WIND SPEED     2.3


SKY COVER
  POSSIBLE SUNSHINE  MM
  AVERAGE SKY COVER 0.0


WEATHER CONDITIONS
 THE FOLLOWING WEATHER WAS RECORDED YESTERDAY.
  HAZE


RELATIVE HUMIDITY (PERCENT)
 HIGHEST    90           300 AM
 LOWEST     39           300 PM
 AVERAGE    65

..........................................................


THE LONG BEACH AIRPORT CA CLIMATE NORMALS FOR TODAY
                         NORMAL    RECORD    YEAR
 MAXIMUM TEMPERATURE (F)   76        98      1965
 MINIMUM TEMPERATURE (F)   57        47      1968


SUNRISE AND SUNSET
OCTOBER 24 2014.......SUNRISE   705 AM PDT   SUNSET   608 PM PDT
OCTOBER 25 2014.......SUNRISE   706 AM PDT   SUNSET   607 PM PDT


-  INDICATES NEGATIVE NUMBERS.
R  INDICATES RECORD WAS SET OR TIED.
MM INDICATES DATA IS MISSING.
T  INDICATES TRACE AMOUNT.




$$
