000
CDUS46 KLOX 310856
CLILGB


CLIMATE REPORT
NATIONAL WEATHER SERVICE LOS ANGELES/OXNARD CA
156 AM PDT FRI JUL 31 2015


...................................

...THE LONG BEACH AIRPORT CA CLIMATE SUMMARY FOR JULY 30 2015...

CLIMATE NORMAL PERIOD 1981 TO 2010
CLIMATE RECORD PERIOD 1958 TO 2015


WEATHER ITEM   OBSERVED TIME   RECORD YEAR NORMAL DEPARTURE LAST
                VALUE   (LST)  VALUE       VALUE  FROM      YEAR
                                                  NORMAL
..................................................................
TEMPERATURE (F)
 YESTERDAY
  MAXIMUM         88    241 PM 100    1980  83      5       88
  MINIMUM         70    526 AM  56    1962  65      5       69
  AVERAGE         79                        74      5       79

PRECIPITATION (IN)
  YESTERDAY        0.00          0.27 2003   0.00   0.00     0.00
  MONTH TO DATE    0.54                      0.03   0.51     0.01
  SINCE OCT 1      8.40                     12.05  -3.65     4.44
  SINCE JAN 1      3.14                      8.47  -5.33     3.20

SNOWFALL (IN)
  YESTERDAY        0.0
  MONTH TO DATE    0.0
  SINCE JUN 1      0.0
  SINCE JUL 1      0.0

DEGREE DAYS
 HEATING
  YESTERDAY        0                         0      0        0
  MONTH TO DATE    0                         0      0        0
  SINCE JUN 1      0                         6     -6        0
  SINCE JUL 1      0                         0      0        0

 COOLING
  YESTERDAY       14                         9      5       14
  MONTH TO DATE  317                       246     71      307
  SINCE JUN 1    528                       367    161      453
  SINCE JAN 1    784                       470    314      722
..................................................................


WIND (MPH)
  HIGHEST WIND SPEED    12   HIGHEST WIND DIRECTION     W (290)
  HIGHEST GUST SPEED    16   HIGHEST GUST DIRECTION    SW (240)
  AVERAGE WIND SPEED     6.1


SKY COVER
  POSSIBLE SUNSHINE  MM
  AVERAGE SKY COVER 0.1


WEATHER CONDITIONS
 THE FOLLOWING WEATHER WAS RECORDED YESTERDAY.
  NO SIGNIFICANT WEATHER WAS OBSERVED.


RELATIVE HUMIDITY (PERCENT)
 HIGHEST    84           300 AM
 LOWEST     48           200 PM
 AVERAGE    66

..........................................................


THE LONG BEACH AIRPORT CA CLIMATE NORMALS FOR TODAY
                         NORMAL    RECORD    YEAR
 MAXIMUM TEMPERATURE (F)   83        99      1972
 MINIMUM TEMPERATURE (F)   65        56      1962


SUNRISE AND SUNSET
JULY 31 2015..........SUNRISE   604 AM PDT   SUNSET   754 PM PDT
AUGUST  1 2015........SUNRISE   604 AM PDT   SUNSET   753 PM PDT


-  INDICATES NEGATIVE NUMBERS.
R  INDICATES RECORD WAS SET OR TIED.
MM INDICATES DATA IS MISSING.
T  INDICATES TRACE AMOUNT.




$$
