111
CDUS46 KLOX 270909
CLILGB


CLIMATE REPORT
NATIONAL WEATHER SERVICE LOS ANGELES/OXNARD CA
209 AM PDT WED JUL 27 2016


...................................

...THE LONG BEACH AIRPORT CA CLIMATE SUMMARY FOR JULY 26 2016...

CLIMATE NORMAL PERIOD 1981 TO 2010
CLIMATE RECORD PERIOD 1958 TO 2016


WEATHER ITEM   OBSERVED TIME   RECORD YEAR NORMAL DEPARTURE LAST
                VALUE   (LST)  VALUE       VALUE  FROM      YEAR
                                                  NORMAL
..................................................................
TEMPERATURE (F)
 YESTERDAY
  MAXIMUM         91    133 PM 101    1977  83      8       82
  MINIMUM         69    536 AM  57    2012  65      4       67
  AVERAGE         80                        74      6       75

PRECIPITATION (IN)
  YESTERDAY        0.00          0.04 2013   0.00   0.00     0.00
  MONTH TO DATE    0.00                      0.02  -0.02     0.54
  SINCE OCT 1      4.99                     12.04  -7.05     8.40
  SINCE JAN 1      3.99                      8.46  -4.47     3.14

SNOWFALL (IN)
  YESTERDAY        0.0
  MONTH TO DATE    0.0
  SINCE JUN 1      0.0
  SINCE JUL 1      0.0

DEGREE DAYS
 HEATING
  YESTERDAY        0                         0      0        0
  MONTH TO DATE    0                         0      0        0
  SINCE JUN 1      0                         6     -6        0
  SINCE JUL 1      0                         0      0        0

 COOLING
  YESTERDAY       15                         9      6       10
  MONTH TO DATE  258                       210     48      270
  SINCE JUN 1    435                       331    104      481
  SINCE JAN 1    572                       434    138      737
..................................................................


WIND (MPH)
  HIGHEST WIND SPEED    15   HIGHEST WIND DIRECTION    NW (300)
  HIGHEST GUST SPEED    18   HIGHEST GUST DIRECTION     W (290)
  AVERAGE WIND SPEED     6.6


SKY COVER
  POSSIBLE SUNSHINE  MM
  AVERAGE SKY COVER 0.0


WEATHER CONDITIONS
 THE FOLLOWING WEATHER WAS RECORDED YESTERDAY.
  NO SIGNIFICANT WEATHER WAS OBSERVED.


RELATIVE HUMIDITY (PERCENT)
 HIGHEST    84           100 AM
 LOWEST     29           400 PM
 AVERAGE    57

..........................................................


THE LONG BEACH AIRPORT CA CLIMATE NORMALS FOR TODAY
                         NORMAL    RECORD    YEAR
 MAXIMUM TEMPERATURE (F)   83       100      1972
 MINIMUM TEMPERATURE (F)   65        53      1965


SUNRISE AND SUNSET
JULY 27 2016..........SUNRISE   601 AM PDT   SUNSET   757 PM PDT
JULY 28 2016..........SUNRISE   602 AM PDT   SUNSET   756 PM PDT


-  INDICATES NEGATIVE NUMBERS.
R  INDICATES RECORD WAS SET OR TIED.
MM INDICATES DATA IS MISSING.
T  INDICATES TRACE AMOUNT.




$$
