000
CDHW41 PHFO 280239
CLILIH


CLIMATE REPORT
NATIONAL WEATHER SERVICE HONOLULU HI
438 PM HST THU AUG 27 2015


...................................

...THE LIHUE HI CLIMATE SUMMARY FOR AUGUST 27 2015...
VALID TODAY AS OF 0400 PM LOCAL TIME.

CLIMATE NORMAL PERIOD 1981 TO 2010
CLIMATE RECORD PERIOD 1946 TO 2015


WEATHER ITEM   OBSERVED TIME   RECORD YEAR NORMAL DEPARTURE LAST
                VALUE   (LST)  VALUE       VALUE  FROM      YEAR
                                                  NORMAL
..................................................................
TEMPERATURE (F)
 TODAY
  MAXIMUM         85    357 PM  89    1981  85      0       85
  MINIMUM         74    622 AM  68    1979  75     -1       74
                                      1964
  AVERAGE         80                        80      0       80

PRECIPITATION (IN)
  TODAY            0.00          0.36 1998   0.06  -0.06      T
  MONTH TO DATE    7.39                      1.89   5.50     3.75
  SINCE JUN 1      9.13                      5.37   3.76     8.33
  SINCE JAN 1     15.02                     21.21  -6.19    24.12

SNOWFALL (IN)
  TODAY            0.0
  MONTH TO DATE    0.0
  SINCE JUN 1      0.0
  SINCE JUL 1      0.0
  SNOW DEPTH       0

DEGREE DAYS
 HEATING
  TODAY            0                         0      0        0
  MONTH TO DATE    0                         0      0        0
  SINCE JUN 1      0                         0      0        0
  SINCE JUL 1      0                         0      0        0

 COOLING
  TODAY           15                        15      0       15
  MONTH TO DATE  450                       404     46      396
  SINCE JUN 1   1338                      1237    101     1239
  SINCE JAN 1   2761                      2476    285     2460
..................................................................


WIND (MPH)
  HIGHEST WIND SPEED    12   HIGHEST WIND DIRECTION    SE (150)
  HIGHEST GUST SPEED    13   HIGHEST GUST DIRECTION    SE (130)
  AVERAGE WIND SPEED     5.7


SKY COVER
  POSSIBLE SUNSHINE  MM
  AVERAGE SKY COVER 0.2


WEATHER CONDITIONS
 THE FOLLOWING WEATHER WAS RECORDED TODAY.
  NO SIGNIFICANT WEATHER WAS OBSERVED.


RELATIVE HUMIDITY (PERCENT)
 HIGHEST    82          1200 PM
 LOWEST     39           800 AM
 AVERAGE    61

..........................................................


THE LIHUE HI CLIMATE NORMALS FOR TOMORROW
                         NORMAL    RECORD    YEAR
 MAXIMUM TEMPERATURE (F)   85        89      2013
 MINIMUM TEMPERATURE (F)   75        68      2013
                                             1979
                                             1964


SUNRISE AND SUNSET
AUGUST 27 2015........SUNRISE   619 AM HST   SUNSET   658 PM HST
AUGUST 28 2015........SUNRISE   619 AM HST   SUNSET   658 PM HST


-  INDICATES NEGATIVE NUMBERS.
R  INDICATES RECORD WAS SET OR TIED.
MM INDICATES DATA IS MISSING.
T  INDICATES TRACE AMOUNT.




$$
