000
CDHW41 PHFO 220226
CLILIH


CLIMATE REPORT
NATIONAL WEATHER SERVICE HONOLULU HI
426 PM HST SUN DEC 21 2014


...................................

...THE LIHUE HI CLIMATE SUMMARY FOR DECEMBER 21 2014...
VALID TODAY AS OF 0400 PM LOCAL TIME.

CLIMATE NORMAL PERIOD 1981 TO 2010
CLIMATE RECORD PERIOD 1946 TO 2014


WEATHER ITEM   OBSERVED TIME   RECORD YEAR NORMAL DEPARTURE LAST
                VALUE   (LST)  VALUE       VALUE  FROM      YEAR
                                                  NORMAL
..................................................................
TEMPERATURE (F)
 TODAY
  MAXIMUM         82   1248 PM  83    1963  79      3       80
  MINIMUM         66    739 AM  57    1983  67     -1       69
                                      1962
  AVERAGE         74                        73      1       75

PRECIPITATION (IN)
  TODAY            0.00          3.61 1996   0.18  -0.18      T
  MONTH TO DATE    0.41                      3.54  -3.13     5.05
  SINCE DEC 1      0.41                      3.54  -3.13     5.05
  SINCE JAN 1     30.92                     35.39  -4.47    36.48

SNOWFALL (IN)
  TODAY            0.0
  MONTH TO DATE    0.0
  SINCE DEC 1      0.0
  SINCE JUL 1      0.0
  SNOW DEPTH       0

DEGREE DAYS
 HEATING
  TODAY            0                         0      0        0
  MONTH TO DATE    0                         0      0        0
  SINCE DEC 1      0                         0      0        0
  SINCE JUL 1      0                         0      0        0

 COOLING
  TODAY            9                         8      1       10
  MONTH TO DATE  167                       179    -12      198
  SINCE DEC 1    167                       179    -12      198
  SINCE JAN 1   3983                      3870    113     3623
..................................................................


WIND (MPH)
  HIGHEST WIND SPEED    17   HIGHEST WIND DIRECTION    NE (40)
  HIGHEST GUST SPEED    20   HIGHEST GUST DIRECTION    NE (40)
  AVERAGE WIND SPEED     8.6


SKY COVER
  POSSIBLE SUNSHINE  MM
  AVERAGE SKY COVER 0.1


WEATHER CONDITIONS
 THE FOLLOWING WEATHER WAS RECORDED TODAY.
  NO SIGNIFICANT WEATHER WAS OBSERVED.


RELATIVE HUMIDITY (PERCENT)
 HIGHEST    87           400 AM
 LOWEST     58          1000 AM
 AVERAGE    73

..........................................................


THE LIHUE HI CLIMATE NORMALS FOR TOMORROW
                         NORMAL    RECORD    YEAR
 MAXIMUM TEMPERATURE (F)   79        85      1980
 MINIMUM TEMPERATURE (F)   67        56      1962


SUNRISE AND SUNSET
DECEMBER 21 2014......SUNRISE   712 AM HST   SUNSET   559 PM HST
DECEMBER 22 2014......SUNRISE   712 AM HST   SUNSET   600 PM HST


-  INDICATES NEGATIVE NUMBERS.
R  INDICATES RECORD WAS SET OR TIED.
MM INDICATES DATA IS MISSING.
T  INDICATES TRACE AMOUNT.




$$
