000
CDHW41 PHFO 241245
CLILIH


CLIMATE REPORT
NATIONAL WEATHER SERVICE HONOLULU HI
245 AM HST SAT SEP 24 2016


...................................

...THE LIHUE HI CLIMATE SUMMARY FOR SEPTEMBER 23 2016...

CLIMATE NORMAL PERIOD 1981 TO 2010
CLIMATE RECORD PERIOD 1946 TO 2016


WEATHER ITEM   OBSERVED TIME   RECORD YEAR NORMAL DEPARTURE LAST
                VALUE   (LST)  VALUE       VALUE  FROM      YEAR
                                                  NORMAL
..................................................................
TEMPERATURE (F)
 YESTERDAY
  MAXIMUM         87    239 PM  88    2003  85      2       85
                                      1986
                                      1959
  MINIMUM         78    129 AM  66    1950  74      4       78
  AVERAGE         83                        79      4       82

PRECIPITATION (IN)
  YESTERDAY        T             0.73 1955   0.08  -0.08      T
  MONTH TO DATE    0.47                      1.52  -1.05     4.47
  SINCE SEP 1      0.47                      1.52  -1.05     4.47
  SINCE JAN 1     11.21                     22.97 -11.76    21.62

SNOWFALL (IN)
  YESTERDAY        0.0
  MONTH TO DATE    0.0
  SINCE SEP 1      0.0
  SINCE JUL 1      0.0
  SNOW DEPTH       0

DEGREE DAYS
 HEATING
  YESTERDAY        0                         0      0        0
  MONTH TO DATE    0                         0      0        0
  SINCE SEP 1      0                         0      0        0
  SINCE JUL 1      0                         0      0        0

 COOLING
  YESTERDAY       18                        14      4       17
  MONTH TO DATE  381                       337     44      366
  SINCE SEP 1    381                       337     44      366
  SINCE JAN 1   3040                      2863    177     3144
..................................................................


WIND (MPH)
  HIGHEST WIND SPEED    15   HIGHEST WIND DIRECTION    NE (60)
  HIGHEST GUST SPEED    18   HIGHEST GUST DIRECTION    NE (60)
  AVERAGE WIND SPEED    11.7


SKY COVER
  POSSIBLE SUNSHINE  MM
  AVERAGE SKY COVER 0.6


WEATHER CONDITIONS
 THE FOLLOWING WEATHER WAS RECORDED YESTERDAY.
  LIGHT RAIN


RELATIVE HUMIDITY (PERCENT)
 HIGHEST    85           100 AM
 LOWEST     65           400 PM
 AVERAGE    75

..........................................................


THE LIHUE HI CLIMATE NORMALS FOR TODAY
                         NORMAL    RECORD    YEAR
 MAXIMUM TEMPERATURE (F)   85        87      2013
                                             1981
                                             1979
 MINIMUM TEMPERATURE (F)   74        67      1952


SUNRISE AND SUNSET
SEPTEMBER 24 2016.....SUNRISE   627 AM HST   SUNSET   631 PM HST
SEPTEMBER 25 2016.....SUNRISE   627 AM HST   SUNSET   630 PM HST


-  INDICATES NEGATIVE NUMBERS.
R  INDICATES RECORD WAS SET OR TIED.
MM INDICATES DATA IS MISSING.
T  INDICATES TRACE AMOUNT.




$$
