000
CDHW41 PHFO 181245
CLILIH


CLIMATE REPORT
NATIONAL WEATHER SERVICE HONOLULU HI
245 AM HST THU SEP 18 2014


...................................

...THE LIHUE HI CLIMATE SUMMARY FOR SEPTEMBER 17 2014...

CLIMATE NORMAL PERIOD 1981 TO 2010
CLIMATE RECORD PERIOD 1946 TO 2014


WEATHER ITEM   OBSERVED TIME   RECORD YEAR NORMAL DEPARTURE LAST
                VALUE   (LST)  VALUE       VALUE  FROM      YEAR
                                                  NORMAL
..................................................................
TEMPERATURE (F)
 YESTERDAY
  MAXIMUM         87    247 PM  88    1995  85      2       85
  MINIMUM         73    655 AM  65    1981  74     -1       74
  AVERAGE         80                        80      0       80

PRECIPITATION (IN)
  YESTERDAY        0.00          7.15 1980   0.07  -0.07     0.21
  MONTH TO DATE    0.51                      1.05  -0.54     1.29
  SINCE SEP 1      0.51                      1.05  -0.54     1.29
  SINCE JAN 1     24.68                     22.50   2.18    18.50

SNOWFALL (IN)
  YESTERDAY        0.0
  MONTH TO DATE    0.0
  SINCE SEP 1      0.0
  SINCE JUL 1      0.0
  SNOW DEPTH       0

DEGREE DAYS
 HEATING
  YESTERDAY        0                         0      0        0
  MONTH TO DATE    0                         0      0        0
  SINCE SEP 1      0                         0      0        0
  SINCE JUL 1      0                         0      0        0

 COOLING
  YESTERDAY       15                        14      1       15
  MONTH TO DATE  261                       253      8      259
  SINCE SEP 1    261                       253      8      259
  SINCE JAN 1   2779                      2779      0     2555
..................................................................


WIND (MPH)
  HIGHEST WIND SPEED    16   HIGHEST WIND DIRECTION    NE (40)
  HIGHEST GUST SPEED    18   HIGHEST GUST DIRECTION    NE (50)
  AVERAGE WIND SPEED     8.9


SKY COVER
  POSSIBLE SUNSHINE  MM
  AVERAGE SKY COVER 0.4


WEATHER CONDITIONS
 THE FOLLOWING WEATHER WAS RECORDED YESTERDAY.
  NO SIGNIFICANT WEATHER WAS OBSERVED.


RELATIVE HUMIDITY (PERCENT)
 HIGHEST    87           200 AM
 LOWEST     61           900 AM
 AVERAGE    74

..........................................................


THE LIHUE HI CLIMATE NORMALS FOR TODAY
                         NORMAL    RECORD    YEAR
 MAXIMUM TEMPERATURE (F)   85        89      1995
 MINIMUM TEMPERATURE (F)   74        67      1961


SUNRISE AND SUNSET
SEPTEMBER 18 2014.....SUNRISE   625 AM HST   SUNSET   637 PM HST
SEPTEMBER 19 2014.....SUNRISE   625 AM HST   SUNSET   636 PM HST


-  INDICATES NEGATIVE NUMBERS.
R  INDICATES RECORD WAS SET OR TIED.
MM INDICATES DATA IS MISSING.
T  INDICATES TRACE AMOUNT.




$$
