000
CDHW41 PHFO 281245
CLILIH


CLIMATE REPORT
NATIONAL WEATHER SERVICE HONOLULU HI
245 AM HST WED JAN 28 2015


...................................

...THE LIHUE HI CLIMATE SUMMARY FOR JANUARY 27 2015...

CLIMATE NORMAL PERIOD 1981 TO 2010
CLIMATE RECORD PERIOD 1946 TO 2015


WEATHER ITEM   OBSERVED TIME   RECORD YEAR NORMAL DEPARTURE LAST
                VALUE   (LST)  VALUE       VALUE  FROM      YEAR
                                                  NORMAL
..................................................................
TEMPERATURE (F)
 YESTERDAY
  MAXIMUM         80    201 PM  83    1963  78      2       74
  MINIMUM         68   1159 PM  56    1969  65      3       64
  AVERAGE         74                        72      2       69

PRECIPITATION (IN)
  YESTERDAY        T             2.51 2013   0.11  -0.11     0.04
  MONTH TO DATE    1.16                      3.28  -2.12     1.13
  SINCE DEC 1      2.56                      8.48  -5.92     6.41
  SINCE JAN 1      1.16                      3.28  -2.12     1.13

SNOWFALL (IN)
  YESTERDAY        0.0
  MONTH TO DATE    0.0
  SINCE DEC 1      0.0
  SINCE JUL 1      0.0
  SNOW DEPTH       0

DEGREE DAYS
 HEATING
  YESTERDAY        0                         0      0        0
  MONTH TO DATE    0                         0      0        0
  SINCE DEC 1      0                         0      0        0
  SINCE JUL 1      0                         0      0        0

 COOLING
  YESTERDAY        9                         7      2        4
  MONTH TO DATE  183                       189     -6      174
  SINCE DEC 1    399                       443    -44      459
  SINCE JAN 1    183                       189     -6      174
..................................................................


WIND (MPH)
  HIGHEST WIND SPEED    15   HIGHEST WIND DIRECTION     E (90)
  HIGHEST GUST SPEED    20   HIGHEST GUST DIRECTION     E (70)
  AVERAGE WIND SPEED     9.3


SKY COVER
  POSSIBLE SUNSHINE  MM
  AVERAGE SKY COVER 0.6


WEATHER CONDITIONS
 THE FOLLOWING WEATHER WAS RECORDED YESTERDAY.
  LIGHT RAIN


RELATIVE HUMIDITY (PERCENT)
 HIGHEST    84          1100 PM
 LOWEST     54          1200 PM
 AVERAGE    69

..........................................................


THE LIHUE HI CLIMATE NORMALS FOR TODAY
                         NORMAL    RECORD    YEAR
 MAXIMUM TEMPERATURE (F)   78        82      1993
 MINIMUM TEMPERATURE (F)   65        57      1998
                                             1983
                                             1954


SUNRISE AND SUNSET
JANUARY 28 2015.......SUNRISE   717 AM HST   SUNSET   624 PM HST
JANUARY 29 2015.......SUNRISE   717 AM HST   SUNSET   625 PM HST


-  INDICATES NEGATIVE NUMBERS.
R  INDICATES RECORD WAS SET OR TIED.
MM INDICATES DATA IS MISSING.
T  INDICATES TRACE AMOUNT.




$$
