000
CDHW41 PHFO 130243
CLILIH


CLIMATE REPORT
NATIONAL WEATHER SERVICE HONOLULU HI
433 PM HST FRI FEB 12 2016


...................................

...THE LIHUE HI CLIMATE SUMMARY FOR FEBRUARY 12 2016...
VALID TODAY AS OF 0400 PM LOCAL TIME.

CLIMATE NORMAL PERIOD 1981 TO 2010
CLIMATE RECORD PERIOD 1946 TO 2016


WEATHER ITEM   OBSERVED TIME   RECORD YEAR NORMAL DEPARTURE LAST
                VALUE   (LST)  VALUE       VALUE  FROM      YEAR
                                                  NORMAL
..................................................................
TEMPERATURE (F)
 TODAY
  MAXIMUM         81    345 PM  85    1986  78      3       78
  MINIMUM         73    629 AM  55    1963  65      8       61
  AVERAGE         77                        72      5       70

PRECIPITATION (IN)
  TODAY            T             0.87 1985   0.10  -0.10     0.00
  MONTH TO DATE    0.01                      1.32  -1.31     0.31
  SINCE DEC 1      1.75                     10.27  -8.52     2.87
  SINCE JAN 1      0.33                      5.07  -4.74     1.47

SNOWFALL (IN)
  TODAY            0.0
  MONTH TO DATE    0.0
  SINCE DEC 1      0.0
  SINCE JUL 1      0.0
  SNOW DEPTH       0

DEGREE DAYS
 HEATING
  TODAY            0                         0      0        0
  MONTH TO DATE    0                         0      0        0
  SINCE DEC 1      0                         0      0        0
  SINCE JUL 1      0                         0      0        0

 COOLING
  TODAY           12                         7      5        5
  MONTH TO DATE   86                        84      2      101
  SINCE DEC 1    684                       547    137      525
  SINCE JAN 1    328                       293     35      309
..................................................................


WIND (MPH)
  HIGHEST WIND SPEED    17   HIGHEST WIND DIRECTION     E (100)
  HIGHEST GUST SPEED    21   HIGHEST GUST DIRECTION     E (100)
  AVERAGE WIND SPEED     9.8


SKY COVER
  POSSIBLE SUNSHINE  MM
  AVERAGE SKY COVER 0.4


WEATHER CONDITIONS
 THE FOLLOWING WEATHER WAS RECORDED TODAY.
  LIGHT RAIN


RELATIVE HUMIDITY (PERCENT)
 HIGHEST    79           200 AM
 LOWEST     58           100 PM
 AVERAGE    69

..........................................................


THE LIHUE HI CLIMATE NORMALS FOR TOMORROW
                         NORMAL    RECORD    YEAR
 MAXIMUM TEMPERATURE (F)   78        85      1981
 MINIMUM TEMPERATURE (F)   65        55      1986


SUNRISE AND SUNSET
FEBRUARY 12 2016......SUNRISE   710 AM HST   SUNSET   633 PM HST
FEBRUARY 13 2016......SUNRISE   710 AM HST   SUNSET   634 PM HST


-  INDICATES NEGATIVE NUMBERS.
R  INDICATES RECORD WAS SET OR TIED.
MM INDICATES DATA IS MISSING.
T  INDICATES TRACE AMOUNT.




$$
