814
CDHW41 PHFO 030245
CLILIH


CLIMATE REPORT
NATIONAL WEATHER SERVICE HONOLULU HI
445 PM HST MON MAY 2 2016


...................................

...THE LIHUE HI CLIMATE SUMMARY FOR MAY 2 2016...
VALID TODAY AS OF 0400 PM LOCAL TIME.

CLIMATE NORMAL PERIOD 1981 TO 2010
CLIMATE RECORD PERIOD 1946 TO 2016


WEATHER ITEM   OBSERVED TIME   RECORD YEAR NORMAL DEPARTURE LAST
                VALUE   (LST)  VALUE       VALUE  FROM      YEAR
                                                  NORMAL
..................................................................
TEMPERATURE (F)
 TODAY
  MAXIMUM         85R   252 PM  85    1971  80      5       81
  MINIMUM         72    351 AM  59    1989  69      3       73
  AVERAGE         79                        75      4       77

PRECIPITATION (IN)
  TODAY            0.16          2.05 1970   0.08   0.08      T
  MONTH TO DATE    0.18                      0.16   0.02      T
  SINCE MAR 1      3.64                      7.02  -3.38     3.12
  SINCE JAN 1      4.81                     13.93  -9.12     5.03

SNOWFALL (IN)
  TODAY            0.0
  MONTH TO DATE    0.0
  SINCE MAR 1      0.0
  SINCE JUL 1      0.0
  SNOW DEPTH       0

DEGREE DAYS
 HEATING
  TODAY            0                         0      0        0
  MONTH TO DATE    0                         0      0        0
  SINCE MAR 1      0                         0      0        0
  SINCE JUL 1      0                         0      0        0

 COOLING
  TODAY           14                        10      4       12
  MONTH TO DATE   29                        20      9       25
  SINCE MAR 1    597                       529     68      630
  SINCE JAN 1   1052                       924    128     1086
..................................................................


WIND (MPH)
  HIGHEST WIND SPEED    23   HIGHEST WIND DIRECTION    NE (50)
  HIGHEST GUST SPEED    26   HIGHEST GUST DIRECTION    NE (40)
  AVERAGE WIND SPEED    14.9


SKY COVER
  POSSIBLE SUNSHINE  MM
  AVERAGE SKY COVER 0.5


WEATHER CONDITIONS
 THE FOLLOWING WEATHER WAS RECORDED TODAY.
  RAIN
  FOG
  HAZE


RELATIVE HUMIDITY (PERCENT)
 HIGHEST    87           300 AM
 LOWEST     55          1100 AM
 AVERAGE    71

..........................................................


THE LIHUE HI CLIMATE NORMALS FOR TOMORROW
                         NORMAL    RECORD    YEAR
 MAXIMUM TEMPERATURE (F)   80        86      1978
 MINIMUM TEMPERATURE (F)   69        62      1996


SUNRISE AND SUNSET
MAY  2 2016...........SUNRISE   605 AM HST   SUNSET   704 PM HST
MAY  3 2016...........SUNRISE   604 AM HST   SUNSET   705 PM HST


-  INDICATES NEGATIVE NUMBERS.
R  INDICATES RECORD WAS SET OR TIED.
MM INDICATES DATA IS MISSING.
T  INDICATES TRACE AMOUNT.




$$
