000
CDHW41 PHFO 300236
CLILIH


CLIMATE REPORT
NATIONAL WEATHER SERVICE HONOLULU HI
426 PM HST SUN MAR 29 2015


...................................

...THE LIHUE HI CLIMATE SUMMARY FOR MARCH 29 2015...
VALID TODAY AS OF 0400 PM LOCAL TIME.

CLIMATE NORMAL PERIOD 1981 TO 2010
CLIMATE RECORD PERIOD 1946 TO 2015


WEATHER ITEM   OBSERVED TIME   RECORD YEAR NORMAL DEPARTURE LAST
                VALUE   (LST)  VALUE       VALUE  FROM      YEAR
                                                  NORMAL
..................................................................
TEMPERATURE (F)
 TODAY
  MAXIMUM         81    156 PM  87    1963  79      2       76
  MINIMUM         72    121 AM  58    1979  68      4       66
                                      1975
                                      1965
  AVERAGE         77                        73      4       71

PRECIPITATION (IN)
  TODAY            0.07          1.24 2002   0.13  -0.06      T
  MONTH TO DATE    1.36                      4.35  -2.99     1.87
  SINCE MAR 1      1.36                      4.35  -2.99     1.87
  SINCE JAN 1      3.27                     11.26  -7.99    12.27

SNOWFALL (IN)
  TODAY            0.0
  MONTH TO DATE    0.0
  SINCE MAR 1      0.0
  SINCE JUL 1      0.0
  SNOW DEPTH       0

DEGREE DAYS
 HEATING
  TODAY            0                         0      0        0
  MONTH TO DATE    0                         0      0        0
  SINCE MAR 1      0                         0      0        0
  SINCE JUL 1      0                         0      0        0

 COOLING
  TODAY           12                         8      4        6
  MONTH TO DATE  233                       220     13      193
  SINCE MAR 1    233                       220     13      193
  SINCE JAN 1    689                       615     74      569
..................................................................


WIND (MPH)
  HIGHEST WIND SPEED    17   HIGHEST WIND DIRECTION     E (80)
  HIGHEST GUST SPEED    21   HIGHEST GUST DIRECTION     E (80)
  AVERAGE WIND SPEED    11.3


SKY COVER
  POSSIBLE SUNSHINE  MM
  AVERAGE SKY COVER 0.9


WEATHER CONDITIONS
 THE FOLLOWING WEATHER WAS RECORDED TODAY.
  LIGHT RAIN


RELATIVE HUMIDITY (PERCENT)
 HIGHEST    87           400 AM
 LOWEST     62          1200 PM
 AVERAGE    75

..........................................................


THE LIHUE HI CLIMATE NORMALS FOR TOMORROW
                         NORMAL    RECORD    YEAR
 MAXIMUM TEMPERATURE (F)   79        85      1961
 MINIMUM TEMPERATURE (F)   68        56      1975


SUNRISE AND SUNSET
MARCH 29 2015.........SUNRISE   633 AM HST   SUNSET   652 PM HST
MARCH 30 2015.........SUNRISE   632 AM HST   SUNSET   652 PM HST


-  INDICATES NEGATIVE NUMBERS.
R  INDICATES RECORD WAS SET OR TIED.
MM INDICATES DATA IS MISSING.
T  INDICATES TRACE AMOUNT.




$$
