000
CDUS44 KLZK 202159
CLILIT


CLIMATE REPORT
NATIONAL WEATHER SERVICE LITTLE ROCK AR
359 PM CST THU NOV 20 2014


...................................

...THE LITTLE ROCK ADAMS FIELD CLIMATE SUMMARY FOR NOVEMBER 20 2014...
VALID TODAY AS OF 0300 PM LOCAL TIME.

CLIMATE NORMAL PERIOD 1981 TO 2010
CLIMATE RECORD PERIOD 1874 TO 2014


WEATHER ITEM   OBSERVED TIME   RECORD YEAR NORMAL DEPARTURE LAST
                VALUE   (LST)  VALUE       VALUE  FROM      YEAR
                                                  NORMAL
..................................................................
TEMPERATURE (F)
 TODAY
  MAXIMUM         56    156 PM  79    1990  61     -5       63
  MINIMUM         31    407 AM  21    1914  41    -10       38
                                      1880
  AVERAGE         44                        51     -7       51

PRECIPITATION (IN)
  TODAY            0.00          2.66 1877   0.18  -0.18     0.00
  MONTH TO DATE    1.30                      3.42  -2.12     1.94
  SINCE SEP 1      6.95                     11.51  -4.56     8.46
  SINCE JAN 1     44.08                     42.92   1.16    43.06

SNOWFALL (IN)
  TODAY            0.0           T    1882   0.0    0.0      0.0
  MONTH TO DATE    0.1                       0.0    0.1      0.0
  SINCE SEP 1      0.1                       0.0    0.1      0.0
  SINCE JUL 1      0.1                       0.0    0.1      0.0
  SNOW DEPTH       0

DEGREE DAYS
 HEATING
  TODAY           21                        14      7       14
  MONTH TO DATE  370                       218    152      229
  SINCE SEP 1    438                       350     88      343
  SINCE JUL 1    438                       350     88      343

 COOLING
  TODAY            0                         0      0        0
  MONTH TO DATE    0                         9     -9        8
  SINCE SEP 1    439                       402     37      496
  SINCE JAN 1   2049                      2203   -154     2202
..................................................................


WIND (MPH)
  HIGHEST WIND SPEED    12   HIGHEST WIND DIRECTION    SE (130)
  HIGHEST GUST SPEED    14   HIGHEST GUST DIRECTION    SE (130)
  AVERAGE WIND SPEED     5.3


SKY COVER
  POSSIBLE SUNSHINE  MM
  AVERAGE SKY COVER 0.3


WEATHER CONDITIONS
 THE FOLLOWING WEATHER WAS RECORDED TODAY.
  NO SIGNIFICANT WEATHER WAS OBSERVED.


RELATIVE HUMIDITY (PERCENT)
 HIGHEST    85          1200 AM
 LOWEST     35           200 PM
 AVERAGE    60

..........................................................


THE LITTLE ROCK ADAMS FIELD CLIMATE NORMALS FOR TOMORROW
                         NORMAL    RECORD    YEAR
 MAXIMUM TEMPERATURE (F)   61        78      1883
 MINIMUM TEMPERATURE (F)   40        19      1937


SUNRISE AND SUNSET
NOVEMBER 20 2014......SUNRISE   648 AM CST   SUNSET   501 PM CST
NOVEMBER 21 2014......SUNRISE   649 AM CST   SUNSET   501 PM CST


-  INDICATES NEGATIVE NUMBERS.
R  INDICATES RECORD WAS SET OR TIED.
MM INDICATES DATA IS MISSING.
T  INDICATES TRACE AMOUNT.




$$
