000
CDUS44 KLZK 041012
CLILIT


CLIMATE REPORT
NATIONAL WEATHER SERVICE LITTLE ROCK AR
412 AM CST WED MAR 4 2015


...................................

...THE LITTLE ROCK ADAMS FIELD CLIMATE SUMMARY FOR MARCH 3 2015...

CLIMATE NORMAL PERIOD 1981 TO 2010
CLIMATE RECORD PERIOD 1874 TO 2015


WEATHER ITEM   OBSERVED TIME   RECORD YEAR NORMAL DEPARTURE LAST
                VALUE   (LST)  VALUE       VALUE  FROM      YEAR
                                                  NORMAL
..................................................................
TEMPERATURE (F)
 YESTERDAY
  MAXIMUM         57    435 PM  83    1974  60     -3       27
  MINIMUM         35    531 AM  11    1943  39     -4       16
  AVERAGE         46                        49     -3       22

PRECIPITATION (IN)
  YESTERDAY        0.17          2.31 1977   0.14   0.03      T
  MONTH TO DATE    0.37                      0.42  -0.05     2.09
  SINCE MAR 1      0.37                      0.42  -0.05     2.09
  SINCE JAN 1      7.18                      7.63  -0.45     7.66

SNOWFALL (IN)
  YESTERDAY        0.0           2.6  1965   0.1   -0.1      0.1
  MONTH TO DATE    0.0                       0.1   -0.1      1.9
  SINCE MAR 1      0.0                       0.1   -0.1      1.9
  SINCE JUL 1      5.4                       3.2    2.2      5.9
  SNOW DEPTH       0

DEGREE DAYS
 HEATING
  YESTERDAY       19                        16      3       43
  MONTH TO DATE   77                        48     29       78
  SINCE MAR 1     77                        48     29       78
  SINCE JUL 1   2723                      2561    162     2851

 COOLING
  YESTERDAY        0                         0      0        0
  MONTH TO DATE    0                         0      0        0
  SINCE MAR 1      0                         0      0        0
  SINCE JAN 1      0                         2     -2        0
..................................................................


WIND (MPH)
  HIGHEST WIND SPEED    14   HIGHEST WIND DIRECTION    SW (210)
  HIGHEST GUST SPEED    16   HIGHEST GUST DIRECTION    SW (210)
  AVERAGE WIND SPEED     4.1


SKY COVER
  POSSIBLE SUNSHINE  MM
  AVERAGE SKY COVER 1.0


WEATHER CONDITIONS
 THE FOLLOWING WEATHER WAS RECORDED YESTERDAY.
  RAIN
  LIGHT RAIN
  FOG
  FOG W/VISIBILITY <= 1/4 MILE


RELATIVE HUMIDITY (PERCENT)
 HIGHEST    93           800 PM
 LOWEST     72           400 PM
 AVERAGE    83

..........................................................


THE LITTLE ROCK ADAMS FIELD CLIMATE NORMALS FOR TODAY
                         NORMAL    RECORD    YEAR
 MAXIMUM TEMPERATURE (F)   60        84      1938
 MINIMUM TEMPERATURE (F)   39        15      2002


SUNRISE AND SUNSET
MARCH  4 2015.........SUNRISE   635 AM CST   SUNSET   607 PM CST
MARCH  5 2015.........SUNRISE   633 AM CST   SUNSET   608 PM CST


-  INDICATES NEGATIVE NUMBERS.
R  INDICATES RECORD WAS SET OR TIED.
MM INDICATES DATA IS MISSING.
T  INDICATES TRACE AMOUNT.




$$
