000
CDUS44 KLZK 261009
CLILIT


CLIMATE REPORT
NATIONAL WEATHER SERVICE LITTLE ROCK AR
409 AM CST WED NOV 26 2014


...................................

...THE LITTLE ROCK ADAMS FIELD CLIMATE SUMMARY FOR NOVEMBER 25 2014...

CLIMATE NORMAL PERIOD 1981 TO 2010
CLIMATE RECORD PERIOD 1874 TO 2014


WEATHER ITEM   OBSERVED TIME   RECORD YEAR NORMAL DEPARTURE LAST
                VALUE   (LST)  VALUE       VALUE  FROM      YEAR
                                                  NORMAL
..................................................................
TEMPERATURE (F)
 YESTERDAY
  MAXIMUM         56    342 PM  77    1998  59     -3       35
  MINIMUM         31    709 AM  18    1950  39     -8       31
  AVERAGE         44                        49     -5       33

PRECIPITATION (IN)
  YESTERDAY        0.00          2.78 1919   0.19  -0.19     0.25
  MONTH TO DATE    2.19                      4.33  -2.14     4.66
  SINCE SEP 1      7.84                     12.42  -4.58    11.18
  SINCE JAN 1     44.97                     43.83   1.14    45.78

SNOWFALL (IN)
  YESTERDAY        0.0           T    1935   0.0    0.0      0.0
  MONTH TO DATE    0.1                       0.0    0.1      0.0
  SINCE SEP 1      0.1                       0.0    0.1      0.0
  SINCE JUL 1      0.1                       0.0    0.1      0.0
  SNOW DEPTH       0

DEGREE DAYS
 HEATING
  YESTERDAY       21                        16      5       32
  MONTH TO DATE  438                       295    143      344
  SINCE SEP 1    506                       427     79      458
  SINCE JUL 1    506                       427     79      458

 COOLING
  YESTERDAY        0                         0      0        0
  MONTH TO DATE    0                         9     -9        8
  SINCE SEP 1    439                       402     37      496
  SINCE JAN 1   2049                      2203   -154     2202
..................................................................


WIND (MPH)
  HIGHEST WIND SPEED    14   HIGHEST WIND DIRECTION     W (290)
  HIGHEST GUST SPEED    18   HIGHEST GUST DIRECTION     W (290)
  AVERAGE WIND SPEED     3.5


SKY COVER
  POSSIBLE SUNSHINE  MM
  AVERAGE SKY COVER 0.2


WEATHER CONDITIONS
 THE FOLLOWING WEATHER WAS RECORDED YESTERDAY.
  NO SIGNIFICANT WEATHER WAS OBSERVED.


RELATIVE HUMIDITY (PERCENT)
 HIGHEST    85           700 AM
 LOWEST     18           200 PM
 AVERAGE    52

..........................................................


THE LITTLE ROCK ADAMS FIELD CLIMATE NORMALS FOR TODAY
                         NORMAL    RECORD    YEAR
 MAXIMUM TEMPERATURE (F)   58        83      1965
 MINIMUM TEMPERATURE (F)   39        23      1975


SUNRISE AND SUNSET
NOVEMBER 26 2014......SUNRISE   653 AM CST   SUNSET   459 PM CST
NOVEMBER 27 2014......SUNRISE   654 AM CST   SUNSET   459 PM CST


-  INDICATES NEGATIVE NUMBERS.
R  INDICATES RECORD WAS SET OR TIED.
MM INDICATES DATA IS MISSING.
T  INDICATES TRACE AMOUNT.




$$
