000
CDUS44 KLZK 172210
CLILIT


CLIMATE REPORT
NATIONAL WEATHER SERVICE LITTLE ROCK AR
409 PM CST SUN DEC 17 2017


...................................

...THE LITTLE ROCK ADAMS FIELD CLIMATE SUMMARY FOR DECEMBER 17 2017...
VALID TODAY AS OF 0400 PM LOCAL TIME.

CLIMATE NORMAL PERIOD 1981 TO 2010
CLIMATE RECORD PERIOD 1874 TO 2017


WEATHER ITEM   OBSERVED TIME   RECORD YEAR NORMAL DEPARTURE LAST
                VALUE   (LST)  VALUE       VALUE  FROM      YEAR
                                                  NORMAL
..................................................................
TEMPERATURE (F)
 TODAY
  MAXIMUM         46    357 PM  78    1924  52     -6       77
  MINIMUM         42    934 AM  15    2000  33      9       31
                                      1901
  AVERAGE         44                        42      2       54

PRECIPITATION (IN)
  TODAY            0.98          1.65 1990   0.16   0.82     0.41
  MONTH TO DATE    1.91                      2.90  -0.99     1.84
  SINCE DEC 1      1.91                      2.90  -0.99     1.84
  SINCE JAN 1     41.44                     47.68  -6.24    53.57

SNOWFALL (IN)
  TODAY            0.0           2.0  1945   0.0    0.0      0.0
  MONTH TO DATE    0.0                       0.0    0.0      0.0
  SINCE DEC 1      0.0                       0.0    0.0      0.0
  SINCE JUL 1      T                         T      0.0      0.0
  SNOW DEPTH       0

DEGREE DAYS
 HEATING
  TODAY           21                        23     -2       11
  MONTH TO DATE  320                       352    -32      379
  SINCE DEC 1    320                       352    -32      379
  SINCE JUL 1    786                       866    -80      718

 COOLING
  TODAY            0                         0      0        0
  MONTH TO DATE    0                         0      0        0
  SINCE DEC 1      0                         0      0        0
  SINCE JAN 1   2028                      2204   -176     2650
..................................................................


WIND (MPH)
  HIGHEST WIND SPEED    12   HIGHEST WIND DIRECTION    SE (130)
  HIGHEST GUST SPEED    15   HIGHEST GUST DIRECTION    SE (130)
  AVERAGE WIND SPEED     4.1


SKY COVER
  POSSIBLE SUNSHINE  MM
  AVERAGE SKY COVER 1.0


WEATHER CONDITIONS
 THE FOLLOWING WEATHER WAS RECORDED TODAY.
  RAIN
  LIGHT RAIN
  FOG


RELATIVE HUMIDITY (PERCENT)
 HIGHEST   100           100 AM
 LOWEST     92          1200 AM
 AVERAGE    96

..........................................................


THE LITTLE ROCK ADAMS FIELD CLIMATE NORMALS FOR TOMORROW
                         NORMAL    RECORD    YEAR
 MAXIMUM TEMPERATURE (F)   51        73      1924
 MINIMUM TEMPERATURE (F)   33        12      1932
                                             1901


SUNRISE AND SUNSET
DECEMBER 17 2017......SUNRISE   710 AM CST   SUNSET   500 PM CST
DECEMBER 18 2017......SUNRISE   711 AM CST   SUNSET   501 PM CST


-  INDICATES NEGATIVE NUMBERS.
R  INDICATES RECORD WAS SET OR TIED.
MM INDICATES DATA IS MISSING.
T  INDICATES TRACE AMOUNT.




$$
