000
CDUS44 KLZK 180908
CLILIT


CLIMATE REPORT
NATIONAL WEATHER SERVICE LITTLE ROCK AR
408 AM CDT FRI APR 18 2014


...................................

...THE LITTLE ROCK ADAMS FIELD CLIMATE SUMMARY FOR APRIL 17 2014...

CLIMATE NORMAL PERIOD 1981 TO 2010
CLIMATE RECORD PERIOD 1874 TO 2014


WEATHER ITEM   OBSERVED TIME   RECORD YEAR NORMAL DEPARTURE LAST
                VALUE   (LST)  VALUE       VALUE  FROM      YEAR
                                                  NORMAL
..................................................................
TEMPERATURE (F)
 YESTERDAY
  MAXIMUM         70    315 PM  92    2006  74     -4       87
  MINIMUM         40    444 AM  34    1951  51    -11       70
                                      1921
  AVERAGE         55                        62     -7       79

PRECIPITATION (IN)
  YESTERDAY        0.00          2.07 1970   0.17  -0.17     0.00
  MONTH TO DATE    3.52                      2.80   0.72     2.00
  SINCE MAR 1      8.81                      7.48   1.33     6.57
  SINCE JAN 1     14.38                     14.69  -0.31    16.13

SNOWFALL (IN)
  YESTERDAY        0.0          MM      MM   0.0    0.0      0.0
  MONTH TO DATE    T                         0.0    0.0      0.0
  SINCE MAR 1      2.2                       0.4    1.8       T
  SINCE JUL 1      6.2                       3.5    2.7     10.6
  SNOW DEPTH       0

DEGREE DAYS
 HEATING
  YESTERDAY       10                         4      6        0
  MONTH TO DATE  130                       106     24      116
  SINCE MAR 1    625                       481    144      609
  SINCE JUL 1   3398                      2994    404     2895

 COOLING
  YESTERDAY        0                         2     -2       14
  MONTH TO DATE   28                        24      4       44
  SINCE MAR 1     28                        38    -10       47
  SINCE JAN 1     28                        40    -12       52
..................................................................


WIND (MPH)
  HIGHEST WIND SPEED    14   HIGHEST WIND DIRECTION     E (110)
  HIGHEST GUST SPEED    18   HIGHEST GUST DIRECTION    SE (120)
  AVERAGE WIND SPEED     3.9


SKY COVER
  POSSIBLE SUNSHINE  MM
  AVERAGE SKY COVER 0.5


WEATHER CONDITIONS
 THE FOLLOWING WEATHER WAS RECORDED YESTERDAY.
  NO SIGNIFICANT WEATHER WAS OBSERVED.


RELATIVE HUMIDITY (PERCENT)
 HIGHEST    86           600 AM
 LOWEST     26           300 PM
 AVERAGE    56

..........................................................


THE LITTLE ROCK ADAMS FIELD CLIMATE NORMALS FOR TODAY
                         NORMAL    RECORD    YEAR
 MAXIMUM TEMPERATURE (F)   74        94      2006
 MINIMUM TEMPERATURE (F)   52        35      1983


SUNRISE AND SUNSET
APRIL 18 2014.........SUNRISE   633 AM CDT   SUNSET   744 PM CDT
APRIL 19 2014.........SUNRISE   632 AM CDT   SUNSET   744 PM CDT


-  INDICATES NEGATIVE NUMBERS.
R  INDICATES RECORD WAS SET OR TIED.
MM INDICATES DATA IS MISSING.
T  INDICATES TRACE AMOUNT.




$$
