000
CDUS44 KLZK 070638
CLILIT


CLIMATE REPORT
NATIONAL WEATHER SERVICE LITTLE ROCK AR
1238 AM CST WED DEC 7 2016


...................................

...THE LITTLE ROCK ADAMS FIELD CLIMATE SUMMARY FOR DECEMBER 6 2016...

CLIMATE NORMAL PERIOD 1981 TO 2010
CLIMATE RECORD PERIOD 1874 TO 2016


WEATHER ITEM   OBSERVED TIME   RECORD YEAR NORMAL DEPARTURE LAST
                VALUE   (LST)  VALUE       VALUE  FROM      YEAR
                                                  NORMAL
..................................................................
TEMPERATURE (F)
 YESTERDAY
  MAXIMUM         56    216 PM  77    1998  55      1       65
                                      1956
  MINIMUM         42    506 AM  15    1950  36      6       33
  AVERAGE         49                        45      4       49

PRECIPITATION (IN)
  YESTERDAY        0.18          1.69 1944   0.17   0.01     0.00
  MONTH TO DATE    0.99                      1.06  -0.07     0.00
  SINCE DEC 1      0.99                      1.06  -0.07     0.00
  SINCE JAN 1     52.72                     45.84   6.88    52.85

SNOWFALL (IN)
  YESTERDAY        0.0           1.3  1950   0.0    0.0      0.0
  MONTH TO DATE    0.0                       0.0    0.0      0.0
  SINCE DEC 1      0.0                       0.0    0.0      0.0
  SINCE JUL 1      0.0                       T      0.0      0.0
  SNOW DEPTH       0

DEGREE DAYS
 HEATING
  YESTERDAY       16                        20     -4       16
  MONTH TO DATE  117                       115      2      115
  SINCE DEC 1    117                       115      2      115
  SINCE JUL 1    456                       629   -173      439

 COOLING
  YESTERDAY        0                         0      0        0
  MONTH TO DATE    0                         0      0        0
  SINCE DEC 1      0                         0      0        0
  SINCE JAN 1   2650                      2204    446     2489
..................................................................


WIND (MPH)
  HIGHEST WIND SPEED    18   HIGHEST WIND DIRECTION    NW (320)
  HIGHEST GUST SPEED    24   HIGHEST GUST DIRECTION    NW (330)
  AVERAGE WIND SPEED     9.0


SKY COVER
  POSSIBLE SUNSHINE  MM
  AVERAGE SKY COVER 0.8


WEATHER CONDITIONS
 THE FOLLOWING WEATHER WAS RECORDED YESTERDAY.
  HEAVY RAIN
  LIGHT RAIN
  FOG


RELATIVE HUMIDITY (PERCENT)
 HIGHEST   100          1200 AM
 LOWEST     59           400 PM
 AVERAGE    80

..........................................................


THE LITTLE ROCK ADAMS FIELD CLIMATE NORMALS FOR TODAY
                         NORMAL    RECORD    YEAR
 MAXIMUM TEMPERATURE (F)   54        78      1966
 MINIMUM TEMPERATURE (F)   35         9      1950


SUNRISE AND SUNSET
DECEMBER  7 2016......SUNRISE   703 AM CST   SUNSET   458 PM CST
DECEMBER  8 2016......SUNRISE   704 AM CST   SUNSET   458 PM CST


-  INDICATES NEGATIVE NUMBERS.
R  INDICATES RECORD WAS SET OR TIED.
MM INDICATES DATA IS MISSING.
T  INDICATES TRACE AMOUNT.




$$
