000
CDUS44 KLZK 280646
CLILIT


CLIMATE REPORT
NATIONAL WEATHER SERVICE LITTLE ROCK AR
146 AM CDT FRI APR 28 2017


...................................

...THE LITTLE ROCK ADAMS FIELD CLIMATE SUMMARY FOR APRIL 27 2017...

CLIMATE NORMAL PERIOD 1981 TO 2010
CLIMATE RECORD PERIOD 1874 TO 2017


WEATHER ITEM   OBSERVED TIME   RECORD YEAR NORMAL DEPARTURE LAST
                VALUE   (LST)  VALUE       VALUE  FROM      YEAR
                                                  NORMAL
..................................................................
TEMPERATURE (F)
 YESTERDAY
  MAXIMUM         68    448 PM  93    1987  76     -8       83
  MINIMUM         44    543 AM  40    1976  55    -11       64
  AVERAGE         56                        65     -9       74

PRECIPITATION (IN)
  YESTERDAY        0.00          1.78 1942   0.18  -0.18     0.19
  MONTH TO DATE    4.99                      4.62   0.37     2.14
  SINCE MAR 1      8.86                      9.30  -0.44    14.47
  SINCE JAN 1     13.86                     16.51  -2.65    20.16

SNOWFALL (IN)
  YESTERDAY        0.0          MM      MM   0.0    0.0      0.0
  MONTH TO DATE    0.0                       0.0    0.0      0.0
  SINCE MAR 1      0.0                       0.4   -0.4      0.0
  SINCE JUL 1      0.2                       3.5   -3.3      5.7
  SNOW DEPTH       0

DEGREE DAYS
 HEATING
  YESTERDAY        9                         2      7        0
  MONTH TO DATE   71                       139    -68       70
  SINCE MAR 1    351                       514   -163      294
  SINCE JUL 1   2265                      3027   -762     2183

 COOLING
  YESTERDAY        0                         3     -3        9
  MONTH TO DATE   60                        47     13       53
  SINCE MAR 1     81                        61     20       74
  SINCE JAN 1     93                        63     30       80
..................................................................


WIND (MPH)
  HIGHEST WIND SPEED    17   HIGHEST WIND DIRECTION     W (290)
  HIGHEST GUST SPEED    22   HIGHEST GUST DIRECTION     W (280)
  AVERAGE WIND SPEED     6.3


SKY COVER
  POSSIBLE SUNSHINE  MM
  AVERAGE SKY COVER 0.4


WEATHER CONDITIONS
 THE FOLLOWING WEATHER WAS RECORDED YESTERDAY.
  NO SIGNIFICANT WEATHER WAS OBSERVED.


RELATIVE HUMIDITY (PERCENT)
 HIGHEST   100           300 AM
 LOWEST     56           100 PM
 AVERAGE    78

..........................................................


THE LITTLE ROCK ADAMS FIELD CLIMATE NORMALS FOR TODAY
                         NORMAL    RECORD    YEAR
 MAXIMUM TEMPERATURE (F)   76        90      1989
                                             1887
 MINIMUM TEMPERATURE (F)   55        41      1992


SUNRISE AND SUNSET
APRIL 28 2017.........SUNRISE   621 AM CDT   SUNSET   752 PM CDT
APRIL 29 2017.........SUNRISE   620 AM CDT   SUNSET   753 PM CDT


-  INDICATES NEGATIVE NUMBERS.
R  INDICATES RECORD WAS SET OR TIED.
MM INDICATES DATA IS MISSING.
T  INDICATES TRACE AMOUNT.




$$
