000
CDUS45 KPIH 200759
CLILLJ


CLIMATE REPORT
NATIONAL WEATHER SERVICE POCATELLO ID
158 AM MDT FRI OCT 20 2017


...................................

...THE CHALLIS ID CLIMATE SUMMARY FOR OCTOBER 19 2017...

CLIMATE NORMAL PERIOD 1981 TO 2010
CLIMATE RECORD PERIOD 1898 TO 2017


WEATHER ITEM   OBSERVED TIME   RECORD YEAR NORMAL DEPARTURE LAST
                VALUE   (LST)  VALUE       VALUE  FROM      YEAR
                                                  NORMAL
..................................................................
TEMPERATURE (F)
 YESTERDAY
  MAXIMUM         73    320 PM  75    2003  58     15       51
                                      1973
  MINIMUM         28    657 AM  14    1916  29     -1       28
  AVERAGE         51                        43      8       40

PRECIPITATION (IN)
  YESTERDAY        0.00          0.37 1920   0.02  -0.02     0.00
  MONTH TO DATE    0.25                      0.36  -0.11     1.01
  SINCE OCT 1      0.25                      0.36  -0.11     1.01
  SINCE JAN 1      7.33                      8.49  -1.16     4.99

SNOWFALL (IN)
  YESTERDAY       MM
  MONTH TO DATE   MM
  SINCE SEP 1     MM
  SINCE JUL 1     MM
  SNOW DEPTH      MM

DEGREE DAYS
 HEATING
  YESTERDAY       14                        22     -8       25
  MONTH TO DATE  436                       350     86      372
  SINCE SEP 1    743                       626    117      644
  SINCE JUL 1    747                       699     48      706

 COOLING
  YESTERDAY        0                         0      0        0
  MONTH TO DATE    0                         0      0        0
  SINCE SEP 1     37                         6     31        4
  SINCE JAN 1    378                       248    130      277
..................................................................


WIND (MPH)
  HIGHEST WIND SPEED    22   HIGHEST WIND DIRECTION     S (200)
  HIGHEST GUST SPEED    31   HIGHEST GUST DIRECTION     S (200)
  AVERAGE WIND SPEED     5.0


SKY COVER
  POSSIBLE SUNSHINE  MM
  AVERAGE SKY COVER 0.0


WEATHER CONDITIONS
 THE FOLLOWING WEATHER WAS RECORDED YESTERDAY.
  NO SIGNIFICANT WEATHER WAS OBSERVED.


RELATIVE HUMIDITY (PERCENT)
 HIGHEST    75           700 AM
 LOWEST      6           300 PM
 AVERAGE    41

..........................................................


THE CHALLIS ID CLIMATE NORMALS FOR TODAY
                         NORMAL    RECORD    YEAR
 MAXIMUM TEMPERATURE (F)   57        79      2003
 MINIMUM TEMPERATURE (F)   28        17      1982


SUNRISE AND SUNSET
OCTOBER 20 2017.......SUNRISE   759 AM MDT   SUNSET   644 PM MDT
OCTOBER 21 2017.......SUNRISE   800 AM MDT   SUNSET   642 PM MDT


-  INDICATES NEGATIVE NUMBERS.
R  INDICATES RECORD WAS SET OR TIED.
MM INDICATES DATA IS MISSING.
T  INDICATES TRACE AMOUNT.




$$
