000
CDUS45 KPIH 222322
CLILLJ


CLIMATE REPORT
NATIONAL WEATHER SERVICE POCATELLO ID
421 PM MST MON DEC 22 2014


...................................

...THE CHALLIS ID CLIMATE SUMMARY FOR DECEMBER 22 2014...
VALID TODAY AS OF 0400 PM LOCAL TIME.

CLIMATE NORMAL PERIOD 1981 TO 2010
CLIMATE RECORD PERIOD 1898 TO 2014


WEATHER ITEM   OBSERVED TIME   RECORD YEAR NORMAL DEPARTURE LAST
                VALUE   (LST)  VALUE       VALUE  FROM      YEAR
                                                  NORMAL
..................................................................
TEMPERATURE (F)
 TODAY
  MAXIMUM         37    211 AM  50    1917  27     10       30
  MINIMUM         30    727 AM -34    1990   7     23       14
  AVERAGE         34                        17     17       22

PRECIPITATION (IN)
  TODAY            0.01          1.62 1964   0.02  -0.01     0.00
  MONTH TO DATE    0.45                      0.53  -0.08     0.27
  SINCE OCT 1      1.54                      1.72  -0.18     0.72
  SINCE JAN 1      7.47                      9.85  -2.38     4.92

SNOWFALL (IN)
  TODAY           MM
  MONTH TO DATE   MM
  SINCE DEC 1     MM
  SINCE JUL 1     MM
  SNOW DEPTH      MM

DEGREE DAYS
 HEATING
  TODAY           31                        48    -17       43
  MONTH TO DATE  767                      1019   -252     1133
  SINCE DEC 1    767                      1019   -252     1133
  SINCE JUL 1   2601                      3062   -461     3059

 COOLING
  TODAY            0                         0      0        0
  MONTH TO DATE    0                         0      0        0
  SINCE DEC 1      0                         0      0        0
  SINCE JAN 1    310                       248     62      420
..................................................................


WIND (MPH)
  HIGHEST WIND SPEED    25   HIGHEST WIND DIRECTION     N (340)
  HIGHEST GUST SPEED    31   HIGHEST GUST DIRECTION     N (340)
  AVERAGE WIND SPEED     7.4


SKY COVER
  POSSIBLE SUNSHINE  MM
  AVERAGE SKY COVER 0.9


WEATHER CONDITIONS
 THE FOLLOWING WEATHER WAS RECORDED TODAY.
  LIGHT SNOW
  FOG
  HAZE


RELATIVE HUMIDITY (PERCENT)
 HIGHEST    92           800 AM
 LOWEST     51           400 PM
 AVERAGE    72

..........................................................


THE CHALLIS ID CLIMATE NORMALS FOR TOMORROW
                         NORMAL    RECORD    YEAR
 MAXIMUM TEMPERATURE (F)   27        51      1936
 MINIMUM TEMPERATURE (F)    7       -34      1983


SUNRISE AND SUNSET
DECEMBER 22 2014......SUNRISE   811 AM MST   SUNSET   500 PM MST
DECEMBER 23 2014......SUNRISE   811 AM MST   SUNSET   501 PM MST


-  INDICATES NEGATIVE NUMBERS.
R  INDICATES RECORD WAS SET OR TIED.
MM INDICATES DATA IS MISSING.
T  INDICATES TRACE AMOUNT.




$$
