921
CDUS45 KPIH 160730
CLILLJ


CLIMATE REPORT
NATIONAL WEATHER SERVICE POCATELLO ID
128 AM MDT WED AUG 16 2017


...................................

...THE CHALLIS ID CLIMATE SUMMARY FOR AUGUST 15 2017...

CLIMATE NORMAL PERIOD 1981 TO 2010
CLIMATE RECORD PERIOD 1898 TO 2017


WEATHER ITEM   OBSERVED TIME   RECORD YEAR NORMAL DEPARTURE LAST
                VALUE   (LST)  VALUE       VALUE  FROM      YEAR
                                                  NORMAL
..................................................................
TEMPERATURE (F)
 YESTERDAY
  MAXIMUM         82    413 PM  97    1933  85     -3       92
  MINIMUM         48    614 AM  31    1927  48      0       47
  AVERAGE         65                        67     -2       70

PRECIPITATION (IN)
  YESTERDAY        0.00          0.44 2003   0.03  -0.03     0.00
  MONTH TO DATE    0.16                      0.41  -0.25     0.18
  SINCE OCT 1      9.42                      8.94   0.48     5.82
  SINCE JAN 1      6.01                      7.01  -1.00     3.48

SNOWFALL (IN)
  YESTERDAY       MM
  MONTH TO DATE   MM
  SINCE JUN 1     MM
  SINCE JUL 1     MM
  SNOW DEPTH      MM

DEGREE DAYS
 HEATING
  YESTERDAY        0                         1     -1        0
  MONTH TO DATE    0                        10    -10       14
  SINCE JUN 1    127                       196    -69      115
  SINCE JUL 1      4                        31    -27       42

 COOLING
  YESTERDAY        0                         3     -3        5
  MONTH TO DATE   47                        60    -13       36
  SINCE JUN 1    286                       214     72      228
  SINCE JAN 1    288                       216     72      228
..................................................................


WIND (MPH)
  HIGHEST WIND SPEED    20   HIGHEST WIND DIRECTION     S (160)
  HIGHEST GUST SPEED    26   HIGHEST GUST DIRECTION     S (170)
  AVERAGE WIND SPEED     3.2


SKY COVER
  POSSIBLE SUNSHINE  MM
  AVERAGE SKY COVER 0.0


WEATHER CONDITIONS
 THE FOLLOWING WEATHER WAS RECORDED YESTERDAY.
  NO SIGNIFICANT WEATHER WAS OBSERVED.


RELATIVE HUMIDITY (PERCENT)
 HIGHEST    86           600 AM
 LOWEST     18           500 PM
 AVERAGE    52

..........................................................


THE CHALLIS ID CLIMATE NORMALS FOR TODAY
                         NORMAL    RECORD    YEAR
 MAXIMUM TEMPERATURE (F)   85        97      2013
 MINIMUM TEMPERATURE (F)   48        33      1927


SUNRISE AND SUNSET
AUGUST 16 2017........SUNRISE   641 AM MDT   SUNSET   840 PM MDT
AUGUST 17 2017........SUNRISE   642 AM MDT   SUNSET   838 PM MDT


-  INDICATES NEGATIVE NUMBERS.
R  INDICATES RECORD WAS SET OR TIED.
MM INDICATES DATA IS MISSING.
T  INDICATES TRACE AMOUNT.




$$
