499
CDUS45 KPIH 300733
CLILLJ


CLIMATE REPORT
NATIONAL WEATHER SERVICE POCATELLO ID
131 AM MDT SAT JUL 30 2016


...................................

...THE CHALLIS ID CLIMATE SUMMARY FOR JULY 29 2016...

CLIMATE NORMAL PERIOD 1981 TO 2010
CLIMATE RECORD PERIOD 1898 TO 2016


WEATHER ITEM   OBSERVED TIME   RECORD YEAR NORMAL DEPARTURE LAST
                VALUE   (LST)  VALUE       VALUE  FROM      YEAR
                                                  NORMAL
..................................................................
TEMPERATURE (F)
 YESTERDAY
  MAXIMUM         95    404 PM  97    2006  88      7       83
                                      1972
  MINIMUM         54    548 AM  37    1948  52      2       42
  AVERAGE         75                        70      5       63

PRECIPITATION (IN)
  YESTERDAY        0.00          0.58 1982   0.03  -0.03     0.00
  MONTH TO DATE    0.02                      0.78  -0.76     0.98
  SINCE OCT 1      5.64                      8.48  -2.84     5.28
  SINCE JAN 1      3.30                      6.55  -3.25     3.49

SNOWFALL (IN)
  YESTERDAY       MM
  MONTH TO DATE   MM
  SINCE JUN 1     MM
  SINCE JUL 1     MM
  SNOW DEPTH      MM

DEGREE DAYS
 HEATING
  YESTERDAY        0                         0      0        2
  MONTH TO DATE   28                        18     10       33
  SINCE JUN 1    101                       183    -82       80
  SINCE JUL 1     28                        18     10       33

 COOLING
  YESTERDAY       10                         5      5        0
  MONTH TO DATE  112                       120     -8       81
  SINCE JUN 1    177                       142     35      190
  SINCE JAN 1    177                       144     33      193
..................................................................


WIND (MPH)
  HIGHEST WIND SPEED    14   HIGHEST WIND DIRECTION    NW (310)
  HIGHEST GUST SPEED    17   HIGHEST GUST DIRECTION    NW (310)
  AVERAGE WIND SPEED     3.4


SKY COVER
  POSSIBLE SUNSHINE  MM
  AVERAGE SKY COVER 0.0


WEATHER CONDITIONS
 THE FOLLOWING WEATHER WAS RECORDED YESTERDAY.
  NO SIGNIFICANT WEATHER WAS OBSERVED.


RELATIVE HUMIDITY (PERCENT)
 HIGHEST    54           500 AM
 LOWEST      9           600 PM
 AVERAGE    32

..........................................................


THE CHALLIS ID CLIMATE NORMALS FOR TODAY
                         NORMAL    RECORD    YEAR
 MAXIMUM TEMPERATURE (F)   88        98      2012
 MINIMUM TEMPERATURE (F)   52        41      1916


SUNRISE AND SUNSET
JULY 30 2016..........SUNRISE   622 AM MDT   SUNSET   904 PM MDT
JULY 31 2016..........SUNRISE   623 AM MDT   SUNSET   903 PM MDT


-  INDICATES NEGATIVE NUMBERS.
R  INDICATES RECORD WAS SET OR TIED.
MM INDICATES DATA IS MISSING.
T  INDICATES TRACE AMOUNT.




$$
