000
CDUS45 KPIH 020750
CLILLJ


CLIMATE REPORT
NATIONAL WEATHER SERVICE POCATELLO ID
140 AM MDT SUN AUG 2 2015


...................................

...THE CHALLIS ID CLIMATE SUMMARY FOR AUGUST 1 2015...

CLIMATE NORMAL PERIOD 1981 TO 2010
CLIMATE RECORD PERIOD 1898 TO 2015


WEATHER ITEM   OBSERVED TIME   RECORD YEAR NORMAL DEPARTURE LAST
                VALUE   (LST)  VALUE       VALUE  FROM      YEAR
                                                  NORMAL
..................................................................
TEMPERATURE (F)
 YESTERDAY
  MAXIMUM         94    225 PM  99    2000  88      6       86
  MINIMUM         49    512 AM  39    1975  51     -2       58
  AVERAGE         72                        70      2       72

PRECIPITATION (IN)
  YESTERDAY        0.00          0.37 1960   0.02  -0.02     0.07
  MONTH TO DATE    0.00                      0.02  -0.02     0.07
  SINCE OCT 1      5.28                      8.55  -3.27     3.92
  SINCE JAN 1      3.49                      6.62  -3.13     3.19

SNOWFALL (IN)
  YESTERDAY       MM
  MONTH TO DATE   MM
  SINCE JUN 1     MM
  SINCE JUL 1     MM
  SNOW DEPTH      MM

DEGREE DAYS
 HEATING
  YESTERDAY        0                         0      0        0
  MONTH TO DATE    0                         0      0        0
  SINCE JUN 1     80                       186   -106      167
  SINCE JUL 1     33                        21     12        1

 COOLING
  YESTERDAY        7                         5      2        7
  MONTH TO DATE    7                         5      2        7
  SINCE JUN 1    206                       159     47      242
  SINCE JAN 1    209                       161     48      242
..................................................................


WIND (MPH)
  HIGHEST WIND SPEED    12   HIGHEST WIND DIRECTION    NW (320)
  HIGHEST GUST SPEED    15   HIGHEST GUST DIRECTION    NW (300)
  AVERAGE WIND SPEED     3.5


SKY COVER
  POSSIBLE SUNSHINE  MM
  AVERAGE SKY COVER 0.0


WEATHER CONDITIONS
 THE FOLLOWING WEATHER WAS RECORDED YESTERDAY.
  NO SIGNIFICANT WEATHER WAS OBSERVED.


RELATIVE HUMIDITY (PERCENT)
 HIGHEST    56           500 AM
 LOWEST     10           200 PM
 AVERAGE    33

..........................................................


THE CHALLIS ID CLIMATE NORMALS FOR TODAY
                         NORMAL    RECORD    YEAR
 MAXIMUM TEMPERATURE (F)   88        97      2000
                                             1949
 MINIMUM TEMPERATURE (F)   51        37      1937


SUNRISE AND SUNSET
AUGUST  2 2015........SUNRISE   625 AM MDT   SUNSET   901 PM MDT
AUGUST  3 2015........SUNRISE   626 AM MDT   SUNSET   900 PM MDT


-  INDICATES NEGATIVE NUMBERS.
R  INDICATES RECORD WAS SET OR TIED.
MM INDICATES DATA IS MISSING.
T  INDICATES TRACE AMOUNT.




$$
