000
CDUS45 KPIH 282322
CLILLJ


CLIMATE REPORT
NATIONAL WEATHER SERVICE POCATELLO ID
521 PM MDT SUN AUG 28 2016


...................................

...THE CHALLIS ID CLIMATE SUMMARY FOR AUGUST 28 2016...
VALID TODAY AS OF 0500 PM LOCAL TIME.

CLIMATE NORMAL PERIOD 1981 TO 2010
CLIMATE RECORD PERIOD 1898 TO 2016


WEATHER ITEM   OBSERVED TIME   RECORD YEAR NORMAL DEPARTURE LAST
                VALUE   (LST)  VALUE       VALUE  FROM      YEAR
                                                  NORMAL
..................................................................
TEMPERATURE (F)
 TODAY
  MAXIMUM         89    302 PM  94    2012  81      8       88
  MINIMUM         47    629 AM  30    1927  44      3       47
  AVERAGE         68                        63      5       68

PRECIPITATION (IN)
  TODAY            0.00          0.38 1920   0.03  -0.03     0.00
  MONTH TO DATE    0.18                      0.71  -0.53     0.46
  SINCE OCT 1      5.82                      9.24  -3.42     5.74
  SINCE JAN 1      3.48                      7.31  -3.83     3.95

SNOWFALL (IN)
  TODAY           MM
  MONTH TO DATE   MM
  SINCE JUN 1     MM
  SINCE JUL 1     MM
  SNOW DEPTH      MM

DEGREE DAYS
 HEATING
  TODAY            0                         4     -4        0
  MONTH TO DATE   34                        40     -6       27
  SINCE JUN 1    135                       226    -91      107
  SINCE JUL 1     62                        61      1       60

 COOLING
  TODAY            3                         1      2        3
  MONTH TO DATE   69                        82    -13       96
  SINCE JUN 1    261                       236     25      295
  SINCE JAN 1    261                       238     23      298
..................................................................


WIND (MPH)
  HIGHEST WIND SPEED    16   HIGHEST WIND DIRECTION    NW (300)
  HIGHEST GUST SPEED    20   HIGHEST GUST DIRECTION    SW (240)
  AVERAGE WIND SPEED     3.2


SKY COVER
  POSSIBLE SUNSHINE  MM
  AVERAGE SKY COVER 0.4


WEATHER CONDITIONS
 THE FOLLOWING WEATHER WAS RECORDED TODAY.
  HAZE


RELATIVE HUMIDITY (PERCENT)
 HIGHEST    47           800 AM
 LOWEST     12           300 PM
 AVERAGE    30

..........................................................


THE CHALLIS ID CLIMATE NORMALS FOR TOMORROW
                         NORMAL    RECORD    YEAR
 MAXIMUM TEMPERATURE (F)   81        94      1948
 MINIMUM TEMPERATURE (F)   44        28      1927


SUNRISE AND SUNSET
AUGUST 28 2016........SUNRISE   655 AM MDT   SUNSET   819 PM MDT
AUGUST 29 2016........SUNRISE   657 AM MDT   SUNSET   818 PM MDT


-  INDICATES NEGATIVE NUMBERS.
R  INDICATES RECORD WAS SET OR TIED.
MM INDICATES DATA IS MISSING.
T  INDICATES TRACE AMOUNT.




$$
