000
CDUS45 KPIH 010735
CLILLJ


CLIMATE REPORT
NATIONAL WEATHER SERVICE POCATELLO ID
1234 AM MST SUN FEB 1 2015


...................................

...THE CHALLIS ID CLIMATE SUMMARY FOR JANUARY 31 2015...

CLIMATE NORMAL PERIOD 1981 TO 2010
CLIMATE RECORD PERIOD 1898 TO 2015


WEATHER ITEM   OBSERVED TIME   RECORD YEAR NORMAL DEPARTURE LAST
                VALUE   (LST)  VALUE       VALUE  FROM      YEAR
                                                  NORMAL
..................................................................
TEMPERATURE (F)
 YESTERDAY
  MAXIMUM         33    403 PM  56    2003  31      2       32
  MINIMUM         20   1159 PM -25    1951  11      9        9
  AVERAGE         27                        21      6       21

PRECIPITATION (IN)
  YESTERDAY        0.00          0.22 1963   0.01  -0.01     0.00
  MONTH TO DATE    0.12                      0.51  -0.39     0.23
  SINCE OCT 1      1.91                      2.44  -0.53     0.96
  SINCE JAN 1      0.12                      0.51  -0.39     0.23

SNOWFALL (IN)
  YESTERDAY       MM
  MONTH TO DATE   MM
  SINCE DEC 1     MM
  SINCE JUL 1     MM
  SNOW DEPTH      MM

DEGREE DAYS
 HEATING
  YESTERDAY       38                        44     -6       44
  MONTH TO DATE 1229                      1426   -197     1213
  SINCE DEC 1   2471                      2879   -408     2743
  SINCE JUL 1   4305                      4922   -617     4669

 COOLING
  YESTERDAY        0                         0      0        0
  MONTH TO DATE    0                         0      0        0
  SINCE DEC 1      0                         0      0        0
  SINCE JAN 1      0                         0      0        0
..................................................................


WIND (MPH)
  HIGHEST WIND SPEED    10   HIGHEST WIND DIRECTION     N (340)
  HIGHEST GUST SPEED    11   HIGHEST GUST DIRECTION    NW (330)
  AVERAGE WIND SPEED     3.3


SKY COVER
  POSSIBLE SUNSHINE  MM
  AVERAGE SKY COVER 0.5


WEATHER CONDITIONS
 THE FOLLOWING WEATHER WAS RECORDED YESTERDAY.
  NO SIGNIFICANT WEATHER WAS OBSERVED.


RELATIVE HUMIDITY (PERCENT)
 HIGHEST    92          1000 PM
 LOWEST     58           300 PM
 AVERAGE    75

..........................................................


THE CHALLIS ID CLIMATE NORMALS FOR TODAY
                         NORMAL    RECORD    YEAR
 MAXIMUM TEMPERATURE (F)   32        57      1934
 MINIMUM TEMPERATURE (F)   11       -28      1956


SUNRISE AND SUNSET
FEBRUARY  1 2015......SUNRISE   756 AM MST   SUNSET   546 PM MST
FEBRUARY  2 2015......SUNRISE   754 AM MST   SUNSET   547 PM MST


-  INDICATES NEGATIVE NUMBERS.
R  INDICATES RECORD WAS SET OR TIED.
MM INDICATES DATA IS MISSING.
T  INDICATES TRACE AMOUNT.




$$
