000
CDUS45 KPIH 300730
CLILLJ


CLIMATE REPORT
NATIONAL WEATHER SERVICE POCATELLO ID
128 AM MDT TUE SEP 30 2014


...................................

...THE CHALLIS ID CLIMATE SUMMARY FOR SEPTEMBER 29 2014...

CLIMATE NORMAL PERIOD 1981 TO 2010
CLIMATE RECORD PERIOD 1898 TO 2014


WEATHER ITEM   OBSERVED TIME   RECORD YEAR NORMAL DEPARTURE LAST
                VALUE   (LST)  VALUE       VALUE  FROM      YEAR
                                                  NORMAL
..................................................................
TEMPERATURE (F)
 YESTERDAY
  MAXIMUM         58    314 PM  87    1967  67     -9       58
  MINIMUM         42    507 AM  21    1985  35      7       44
  AVERAGE         50                        51     -1       51

PRECIPITATION (IN)
  YESTERDAY        0.12          0.39 1982   0.01   0.11     0.10
  MONTH TO DATE    1.05                      0.72   0.33     1.45
  SINCE OCT 1      6.60                     10.04  -3.44     6.03
  SINCE JAN 1      5.87                      8.11  -2.24     3.96

SNOWFALL (IN)
  YESTERDAY       MM
  MONTH TO DATE   MM
  SINCE SEP 1     MM
  SINCE JUL 1     MM
  SNOW DEPTH      MM

DEGREE DAYS
 HEATING
  YESTERDAY       15                        14      1       14
  MONTH TO DATE  136                       263   -127      197
  SINCE SEP 1    136                       263   -127      197
  SINCE JUL 1    204                       336   -132      203

 COOLING
  YESTERDAY        0                         0      0        0
  MONTH TO DATE    5                         4      1       30
  SINCE SEP 1      5                         4      1       30
  SINCE JAN 1    310                       246     64      420
..................................................................


WIND (MPH)
  HIGHEST WIND SPEED    15   HIGHEST WIND DIRECTION     W (290)
  HIGHEST GUST SPEED    20   HIGHEST GUST DIRECTION    NW (310)
  AVERAGE WIND SPEED     2.8


SKY COVER
  POSSIBLE SUNSHINE  MM
  AVERAGE SKY COVER 0.7


WEATHER CONDITIONS
 THE FOLLOWING WEATHER WAS RECORDED YESTERDAY.
  HEAVY RAIN
  LIGHT RAIN
  FOG


RELATIVE HUMIDITY (PERCENT)
 HIGHEST    96           500 AM
 LOWEST     57           200 PM
 AVERAGE    77

..........................................................


THE CHALLIS ID CLIMATE NORMALS FOR TODAY
                         NORMAL    RECORD    YEAR
 MAXIMUM TEMPERATURE (F)   67        86      2011
 MINIMUM TEMPERATURE (F)   35        24      2007


SUNRISE AND SUNSET
SEPTEMBER 30 2014.....SUNRISE   734 AM MDT   SUNSET   719 PM MDT
OCTOBER  1 2014.......SUNRISE   735 AM MDT   SUNSET   717 PM MDT


-  INDICATES NEGATIVE NUMBERS.
R  INDICATES RECORD WAS SET OR TIED.
MM INDICATES DATA IS MISSING.
T  INDICATES TRACE AMOUNT.




$$
