000
CDUS46 KMFR 250838
CLILMT


CLIMATE REPORT
NATIONAL WEATHER SERVICE MEDFORD, OR
1238 AM PST SUN JAN 25 2015


...................................

...THE KLAMATH FALLS OR CLIMATE SUMMARY FOR JANUARY 24 2015...

CLIMATE NORMAL PERIOD 1981 TO 2010
CLIMATE RECORD PERIOD 1928 TO 2015


WEATHER ITEM   OBSERVED TIME   RECORD YEAR NORMAL DEPARTURE LAST
                VALUE   (LST)  VALUE       VALUE  FROM      YEAR
                                                  NORMAL
..................................................................
TEMPERATURE (F)
 YESTERDAY
  MAXIMUM         57    401 PM  58    2014  40     17       58
  MINIMUM         24    756 AM  -7    1969  21      3       23
  AVERAGE         41                        31     10       41

PRECIPITATION (IN)
  YESTERDAY        0.00          0.61 1970   0.05  -0.05     0.00
  MONTH TO DATE    0.40                      1.60  -1.20     0.10
  SINCE OCT 1      6.86                      6.29   0.57     0.73
  SINCE JAN 1      0.40                      1.60  -1.20     0.10

SNOWFALL (IN)
  YESTERDAY       MM                        MM     MM       MM
  MONTH TO DATE   MM                        MM     MM       MM
  SINCE JUL 1     MM                        MM     MM        0.0
  SNOW DEPTH      MM

DEGREE DAYS
 HEATING
  YESTERDAY       24                        34    -10       24
  MONTH TO DATE  690                       843   -153      768
  SINCE DEC 1   1341                      1942   -601     2070
  SINCE JUL 1   2731                      3744  -1013     3806

 COOLING
  YESTERDAY        0                         0      0        0
  MONTH TO DATE    0                         0      0        0
  SINCE DEC 1      0                         0      0        0
  SINCE JAN 1      0                         0      0        0
..................................................................


WIND (MPH)
  HIGHEST WIND SPEED     8   HIGHEST WIND DIRECTION    NW (330)
  HIGHEST GUST SPEED     9   HIGHEST GUST DIRECTION    NW (320)
  AVERAGE WIND SPEED     1.7


SKY COVER
  POSSIBLE SUNSHINE  MM
  AVERAGE SKY COVER 0.0


WEATHER CONDITIONS
 THE FOLLOWING WEATHER WAS RECORDED YESTERDAY.
  NO SIGNIFICANT WEATHER WAS OBSERVED.


RELATIVE HUMIDITY (PERCENT)
 HIGHEST    92          1200 AM
 LOWEST     47           400 PM

..........................................................


THE KLAMATH FALLS OR CLIMATE NORMALS FOR TODAY
                         NORMAL    RECORD    YEAR
 MAXIMUM TEMPERATURE (F)   41        53      2014
                                             1951
 MINIMUM TEMPERATURE (F)   21        -8      1954


SUNRISE AND SUNSET
JANUARY 25 2015.......SUNRISE   727 AM PST   SUNSET   512 PM PST
JANUARY 26 2015.......SUNRISE   726 AM PST   SUNSET   514 PM PST


-  INDICATES NEGATIVE NUMBERS.
R  INDICATES RECORD WAS SET OR TIED.
MM INDICATES DATA IS MISSING.
T  INDICATES TRACE AMOUNT.




$$
