000
CDUS46 KMFR 030836
CLILMT


CLIMATE REPORT
NATIONAL WEATHER SERVICE MEDFORD, OR
136 AM PDT TUE MAY 3 2016


...................................

...THE KLAMATH FALLS OR CLIMATE SUMMARY FOR MAY 2 2016...

CLIMATE NORMAL PERIOD 1981 TO 2010
CLIMATE RECORD PERIOD 1928 TO 2016


WEATHER ITEM   OBSERVED TIME   RECORD YEAR NORMAL DEPARTURE LAST
                VALUE   (LST)  VALUE       VALUE  FROM      YEAR
                                                  NORMAL
..................................................................
TEMPERATURE (F)
 YESTERDAY
  MAXIMUM         68    357 PM  81    1966  61      7       77
  MINIMUM         39    508 AM  23    2001  34      5       35
                                      1965
  AVERAGE         54                        48      6       56

PRECIPITATION (IN)
  YESTERDAY        T             0.33 1931   0.07  -0.07     0.00
                                      1931
                                      2009
  MONTH TO DATE    T                         0.14  -0.14     0.00
  SINCE OCT 1      9.59                     11.24  -1.65    10.06
  SINCE JAN 1      5.06                      6.55  -1.49     3.60

SNOWFALL (IN)
  YESTERDAY       MM                        MM     MM       MM
  MONTH TO DATE   MM                        MM     MM       MM
  SINCE JUL 1     MM                        MM     MM       MM
  SNOW DEPTH      MM

DEGREE DAYS
 HEATING
  YESTERDAY       11                        17     -6        9
  MONTH TO DATE   22                        35    -13       20
  SINCE MAR 1   1247                      1513   -266     1310
  SINCE JUL 1   5737                      6354   -617     4884

 COOLING
  YESTERDAY        0                         0      0        0
  MONTH TO DATE    0                         0      0        0
  SINCE MAR 1      0                         0      0        0
  SINCE JAN 1      0                         0      0        0
..................................................................


WIND (MPH)
  HIGHEST WIND SPEED    20   HIGHEST WIND DIRECTION    SE (130)
  HIGHEST GUST SPEED    23   HIGHEST GUST DIRECTION    SE (150)
  AVERAGE WIND SPEED     4.4


SKY COVER
  POSSIBLE SUNSHINE  MM
  AVERAGE SKY COVER 0.5


WEATHER CONDITIONS
 THE FOLLOWING WEATHER WAS RECORDED YESTERDAY.
  NO SIGNIFICANT WEATHER WAS OBSERVED.


RELATIVE HUMIDITY (PERCENT)
 HIGHEST    79           400 AM
 LOWEST     27           300 PM

..........................................................


THE KLAMATH FALLS OR CLIMATE NORMALS FOR TODAY
                         NORMAL    RECORD    YEAR
 MAXIMUM TEMPERATURE (F)   62        82      1992
 MINIMUM TEMPERATURE (F)   34        23      1996


SUNRISE AND SUNSET
MAY  3 2016...........SUNRISE   559 AM PDT   SUNSET   809 PM PDT
MAY  4 2016...........SUNRISE   558 AM PDT   SUNSET   810 PM PDT


-  INDICATES NEGATIVE NUMBERS.
R  INDICATES RECORD WAS SET OR TIED.
MM INDICATES DATA IS MISSING.
T  INDICATES TRACE AMOUNT.




$$
