000
CDUS46 KMFR 260840
CLILMT


CLIMATE REPORT
NATIONAL WEATHER SERVICE MEDFORD, OR
140 AM PDT THU MAR 26 2015


...................................

...THE KLAMATH FALLS OR CLIMATE SUMMARY FOR MARCH 25 2015...

CLIMATE NORMAL PERIOD 1981 TO 2010
CLIMATE RECORD PERIOD 1928 TO 2015


WEATHER ITEM   OBSERVED TIME   RECORD YEAR NORMAL DEPARTURE LAST
                VALUE   (LST)  VALUE       VALUE  FROM      YEAR
                                                  NORMAL
..................................................................
TEMPERATURE (F)
 YESTERDAY
  MAXIMUM         59    446 PM  71    1997  52      7       48
  MINIMUM         30    308 AM  19    2002  27      3       33
                                      1964
  AVERAGE         45                        39      6       41

PRECIPITATION (IN)
  YESTERDAY        0.00          0.45 1981   0.05  -0.05     0.09
  MONTH TO DATE    1.33                      0.98   0.35     1.45
  SINCE OCT 1      9.96                      9.44   0.52     4.73
  SINCE JAN 1      3.50                      4.75  -1.25     4.10

SNOWFALL (IN)
  YESTERDAY       MM                        MM     MM       MM
  MONTH TO DATE   MM                        MM     MM       MM
  SINCE JUL 1     MM                        MM     MM        0.0
  SNOW DEPTH      MM

DEGREE DAYS
 HEATING
  YESTERDAY       20                        26     -6       24
  MONTH TO DATE  539                       670   -131      565
  SINCE MAR 1    539                       670   -131      565
  SINCE JUL 1   4113                      5511  -1398     5348

 COOLING
  YESTERDAY        0                         0      0        0
  MONTH TO DATE    0                         0      0        0
  SINCE MAR 1      0                         0      0        0
  SINCE JAN 1      0                         0      0        0
..................................................................


WIND (MPH)
  HIGHEST WIND SPEED     9   HIGHEST WIND DIRECTION     S (160)
  HIGHEST GUST SPEED    11   HIGHEST GUST DIRECTION     S (170)
  AVERAGE WIND SPEED     2.1


SKY COVER
  POSSIBLE SUNSHINE  MM
  AVERAGE SKY COVER 0.4


WEATHER CONDITIONS
 THE FOLLOWING WEATHER WAS RECORDED YESTERDAY.
  NO SIGNIFICANT WEATHER WAS OBSERVED.


RELATIVE HUMIDITY (PERCENT)
 HIGHEST    92          1200 AM
 LOWEST     43           400 PM

..........................................................


THE KLAMATH FALLS OR CLIMATE NORMALS FOR TODAY
                         NORMAL    RECORD    YEAR
 MAXIMUM TEMPERATURE (F)   52        70      1986
 MINIMUM TEMPERATURE (F)   27        16      1996


SUNRISE AND SUNSET
MARCH 26 2015.........SUNRISE   700 AM PDT   SUNSET   726 PM PDT
MARCH 27 2015.........SUNRISE   658 AM PDT   SUNSET   727 PM PDT


-  INDICATES NEGATIVE NUMBERS.
R  INDICATES RECORD WAS SET OR TIED.
MM INDICATES DATA IS MISSING.
T  INDICATES TRACE AMOUNT.




$$
