915
CDUS46 KMFR 170840
CLILMT


CLIMATE REPORT
NATIONAL WEATHER SERVICE MEDFORD, OR
1240 AM PST WED JAN 17 2018


...................................

...THE KLAMATH FALLS OR CLIMATE SUMMARY FOR JANUARY 16 2018...

CLIMATE NORMAL PERIOD 1981 TO 2010
CLIMATE RECORD PERIOD 1928 TO 2018


WEATHER ITEM   OBSERVED TIME   RECORD YEAR NORMAL DEPARTURE LAST
                VALUE   (LST)  VALUE       VALUE  FROM      YEAR
                                                  NORMAL
..................................................................
TEMPERATURE (F)
 YESTERDAY
  MAXIMUM         49    415 PM  53    1994  39     10       34
  MINIMUM         28    610 AM  -4    1988  21      7        9
  AVERAGE         39                        30      9       22

PRECIPITATION (IN)
  YESTERDAY        0.06          1.14 1986   0.05   0.01     0.00
  MONTH TO DATE    0.25                      1.24  -0.99     1.22
  SINCE OCT 1      2.50                      5.93  -3.43     5.97
  SINCE JAN 1      0.25                      1.24  -0.99     1.22

SNOWFALL (IN)
  YESTERDAY       MM                        MM     MM       MM
  MONTH TO DATE   MM                        MM     MM       MM
  SINCE JUL 1     MM                        MM     MM       MM
  SNOW DEPTH      MM

DEGREE DAYS
 HEATING
  YESTERDAY       26                        35     -9       43
  MONTH TO DATE  419                       566   -147      710
  SINCE DEC 1   1499                      1665   -166     1828
  SINCE JUL 1   3085                      3467   -382     3488

 COOLING
  YESTERDAY        0                         0      0        0
  MONTH TO DATE    0                         0      0        0
  SINCE DEC 1      0                         0      0        0
  SINCE JAN 1      0                         0      0        0
..................................................................


WIND (MPH)
  HIGHEST WIND SPEED    15   HIGHEST WIND DIRECTION     S (180)
  HIGHEST GUST SPEED    19   HIGHEST GUST DIRECTION     S (180)
  AVERAGE WIND SPEED     3.2


SKY COVER
  POSSIBLE SUNSHINE  MM
  AVERAGE SKY COVER 0.4


WEATHER CONDITIONS
 THE FOLLOWING WEATHER WAS RECORDED YESTERDAY.
  RAIN
  LIGHT RAIN
  FOG
  FOG W/VISIBILITY <= 1/4 MILE


RELATIVE HUMIDITY (PERCENT)
 HIGHEST   100           500 AM
 LOWEST     58          1200 AM

..........................................................


THE KLAMATH FALLS OR CLIMATE NORMALS FOR TODAY
                         NORMAL    RECORD    YEAR
 MAXIMUM TEMPERATURE (F)   40        56      1961
 MINIMUM TEMPERATURE (F)   21        -5      1988


SUNRISE AND SUNSET
JANUARY 17 2018.......SUNRISE   732 AM PST   SUNSET   503 PM PST
JANUARY 18 2018.......SUNRISE   731 AM PST   SUNSET   504 PM PST


-  INDICATES NEGATIVE NUMBERS.
R  INDICATES RECORD WAS SET OR TIED.
MM INDICATES DATA IS MISSING.
T  INDICATES TRACE AMOUNT.




$$
