000
CDUS46 KMFR 280847
CLILMT


CLIMATE REPORT
NATIONAL WEATHER SERVICE MEDFORD, OR
147 AM PDT TUE MAR 28 2017


...................................

...THE KLAMATH FALLS OR CLIMATE SUMMARY FOR MARCH 27 2017...

CLIMATE NORMAL PERIOD 1981 TO 2010
CLIMATE RECORD PERIOD 1928 TO 2017


WEATHER ITEM   OBSERVED TIME   RECORD YEAR NORMAL DEPARTURE LAST
                VALUE   (LST)  VALUE       VALUE  FROM      YEAR
                                                  NORMAL
..................................................................
TEMPERATURE (F)
 YESTERDAY
  MAXIMUM         46    359 PM  72    2015  52     -6       49
  MINIMUM         31   1150 PM  17    1959  27      4       29
  AVERAGE         39                        40     -1       39

PRECIPITATION (IN)
  YESTERDAY        0.03          0.29 1934   0.05  -0.02     0.00
  MONTH TO DATE    1.58                      1.08   0.50     1.84
  SINCE OCT 1      9.55                      9.54   0.01     8.90
  SINCE JAN 1      4.80                      4.85  -0.05     4.37

SNOWFALL (IN)
  YESTERDAY       MM                        MM     MM       MM
  MONTH TO DATE   MM                        MM     MM       MM
  SINCE JUL 1     MM                        MM     MM       MM
  SNOW DEPTH      MM

DEGREE DAYS
 HEATING
  YESTERDAY       26                        26      0       26
  MONTH TO DATE  618                       722   -104      641
  SINCE MAR 1    618                       722   -104      641
  SINCE JUL 1   5456                      5563   -107     5131

 COOLING
  YESTERDAY        0                         0      0        0
  MONTH TO DATE    0                         0      0        0
  SINCE MAR 1      0                         0      0        0
  SINCE JAN 1      0                         0      0        0
..................................................................


WIND (MPH)
  HIGHEST WIND SPEED    21   HIGHEST WIND DIRECTION     W (280)
  HIGHEST GUST SPEED    26   HIGHEST GUST DIRECTION     W (290)
  AVERAGE WIND SPEED     8.4


SKY COVER
  POSSIBLE SUNSHINE  MM
  AVERAGE SKY COVER 0.6


WEATHER CONDITIONS
 THE FOLLOWING WEATHER WAS RECORDED YESTERDAY.
  LIGHT SNOW
  FOG


RELATIVE HUMIDITY (PERCENT)
 HIGHEST   100          1200 AM
 LOWEST     49           300 PM

..........................................................


THE KLAMATH FALLS OR CLIMATE NORMALS FOR TODAY
                         NORMAL    RECORD    YEAR
 MAXIMUM TEMPERATURE (F)   52        72      1966
 MINIMUM TEMPERATURE (F)   27        16      1988


SUNRISE AND SUNSET
MARCH 28 2017.........SUNRISE   656 AM PDT   SUNSET   729 PM PDT
MARCH 29 2017.........SUNRISE   654 AM PDT   SUNSET   730 PM PDT


-  INDICATES NEGATIVE NUMBERS.
R  INDICATES RECORD WAS SET OR TIED.
MM INDICATES DATA IS MISSING.
T  INDICATES TRACE AMOUNT.




$$
