000
CDUS46 KMFR 210836
CLILMT


CLIMATE REPORT
NATIONAL WEATHER SERVICE MEDFORD, OR
136 AM PDT SUN SEP 21 2014


...................................

...THE KLAMATH FALLS OR CLIMATE SUMMARY FOR SEPTEMBER 20 2014...

CLIMATE NORMAL PERIOD 1981 TO 2010
CLIMATE RECORD PERIOD 1928 TO 2014


WEATHER ITEM   OBSERVED TIME   RECORD YEAR NORMAL DEPARTURE LAST
                VALUE   (LST)  VALUE       VALUE  FROM      YEAR
                                                  NORMAL
..................................................................
TEMPERATURE (F)
 YESTERDAY
  MAXIMUM         89R   405 PM  88    2012  75     14       76
                                      1994
  MINIMUM         47    513 AM  26    1978  38      9       32
  AVERAGE         68                        56     12       54

PRECIPITATION (IN)
  YESTERDAY        0.00          0.21 1969   0.02  -0.02     0.05
  MONTH TO DATE    0.00                      0.38  -0.38     0.09
  SINCE SEP 1      0.00                      0.38  -0.38     0.09
  SINCE JAN 1      7.51                     10.12  -2.61     4.88

SNOWFALL (IN)
  YESTERDAY       MM                        MM     MM       MM
  MONTH TO DATE   MM                        MM     MM       MM
  SINCE JUL 1     MM                        MM     MM       MM
  SNOW DEPTH      MM

DEGREE DAYS
 HEATING
  YESTERDAY        0                         9     -9       11
  MONTH TO DATE   54                       130    -76       86
  SINCE SEP 1     54                       130    -76       86
  SINCE JUL 1    102                       249   -147      154

 COOLING
  YESTERDAY        3                         0      3        0
  MONTH TO DATE    5                         9     -4       17
  SINCE SEP 1      5                         9     -4       17
  SINCE JAN 1    326                       168    158      285
..................................................................


WIND (MPH)
  HIGHEST WIND SPEED    14   HIGHEST WIND DIRECTION     N (340)
  HIGHEST GUST SPEED    16   HIGHEST GUST DIRECTION     N (340)
  AVERAGE WIND SPEED     5.8


SKY COVER
  POSSIBLE SUNSHINE  MM
  AVERAGE SKY COVER 0.0


WEATHER CONDITIONS
 THE FOLLOWING WEATHER WAS RECORDED YESTERDAY.
  NO SIGNIFICANT WEATHER WAS OBSERVED.


RELATIVE HUMIDITY (PERCENT)
 HIGHEST    80           600 AM
 LOWEST     16           300 PM

..........................................................


THE KLAMATH FALLS OR CLIMATE NORMALS FOR TODAY
                         NORMAL    RECORD    YEAR
 MAXIMUM TEMPERATURE (F)   74        89      1987
 MINIMUM TEMPERATURE (F)   37        23      1968


SUNRISE AND SUNSET
SEPTEMBER 21 2014.....SUNRISE   653 AM PDT   SUNSET   706 PM PDT
SEPTEMBER 22 2014.....SUNRISE   654 AM PDT   SUNSET   704 PM PDT


-  INDICATES NEGATIVE NUMBERS.
R  INDICATES RECORD WAS SET OR TIED.
MM INDICATES DATA IS MISSING.
T  INDICATES TRACE AMOUNT.




$$
