000
CDUS45 KRIW 100731
CLILND


CLIMATE REPORT
NATIONAL WEATHER SERVICE RIVERTON WY
130 AM MDT THU JUL 10 2014


...................................

...THE LANDER WY CLIMATE SUMMARY FOR JULY 9 2014...

CLIMATE NORMAL PERIOD 1981 TO 2010
CLIMATE RECORD PERIOD 1891 TO 2014


WEATHER ITEM   OBSERVED TIME   RECORD YEAR NORMAL DEPARTURE LAST
                VALUE   (LST)  VALUE       VALUE  FROM      YEAR
                                                  NORMAL
..................................................................
TEMPERATURE (F)
 YESTERDAY
  MAXIMUM         98R   346 PM  97    1976  86     12       93
  MINIMUM         60    621 AM  35    1902  55      5       57
  AVERAGE         79                        70      9       75

PRECIPITATION (IN)
  YESTERDAY        0.00          1.16 1926   0.02  -0.02     0.00
  MONTH TO DATE    T                         0.17  -0.17     0.18
  SINCE JUN 1      0.60                      1.44  -0.84     0.23
  SINCE JAN 1      4.79                      7.66  -2.87     7.75

SNOWFALL (IN)
  YESTERDAY        0.0                       0.0    0.0      0.0
  MONTH TO DATE    0.0                       0.0    0.0      0.0
  SINCE JUN 1      0.0                       0.1   -0.1      0.0
  SINCE JUL 1      0.0                       0.0    0.0      0.0
  SNOW DEPTH       0

DEGREE DAYS
 HEATING
  YESTERDAY        0                         1     -1        0
  MONTH TO DATE    3                         9     -6        0
  SINCE JUN 1    139                       135      4       54
  SINCE JUL 1      3                         9     -6        0

 COOLING
  YESTERDAY       14                         6      8       10
  MONTH TO DATE   70                        49     21       83
  SINCE JUN 1     93                       113    -20      197
  SINCE JAN 1    111                       118     -7      206
..................................................................


WIND (MPH)
  HIGHEST WIND SPEED    16   HIGHEST WIND DIRECTION     W (260)
  HIGHEST GUST SPEED    21   HIGHEST GUST DIRECTION     W (260)
  AVERAGE WIND SPEED     6.8


SKY COVER
  POSSIBLE SUNSHINE  MM
  AVERAGE SKY COVER 0.1


WEATHER CONDITIONS
 THE FOLLOWING WEATHER WAS RECORDED YESTERDAY.
  NO SIGNIFICANT WEATHER WAS OBSERVED.


RELATIVE HUMIDITY (PERCENT)
 HIGHEST    55           400 AM
 LOWEST      8           400 PM
 AVERAGE    32

..........................................................


THE LANDER WY CLIMATE NORMALS FOR TODAY
                         NORMAL    RECORD    YEAR
 MAXIMUM TEMPERATURE (F)   86       100      1939
 MINIMUM TEMPERATURE (F)   55        38      1915


SUNRISE AND SUNSET
JULY 10 2014..........SUNRISE   546 AM MDT   SUNSET   854 PM MDT
JULY 11 2014..........SUNRISE   547 AM MDT   SUNSET   854 PM MDT


-  INDICATES NEGATIVE NUMBERS.
R  INDICATES RECORD WAS SET OR TIED.
MM INDICATES DATA IS MISSING.
T  INDICATES TRACE AMOUNT.




$$
