000
CDUS45 KRIW 250733
CLILND


CLIMATE REPORT
NATIONAL WEATHER SERVICE RIVERTON WY
133 AM MDT MON JUL 25 2016


...................................

...THE LANDER WY CLIMATE SUMMARY FOR JULY 24 2016...

CLIMATE NORMAL PERIOD 1981 TO 2010
CLIMATE RECORD PERIOD 1891 TO 2016


WEATHER ITEM   OBSERVED TIME   RECORD YEAR NORMAL DEPARTURE LAST
                VALUE   (LST)  VALUE       VALUE  FROM      YEAR
                                                  NORMAL
..................................................................
TEMPERATURE (F)
 YESTERDAY
  MAXIMUM         89    459 PM 100    2003  88      1       88
  MINIMUM         56    602 AM  43    1924  57     -1       53
  AVERAGE         73                        72      1       71

PRECIPITATION (IN)
  YESTERDAY        0.00          2.11 1977   0.03  -0.03     0.00
  MONTH TO DATE    T                         0.56  -0.56     0.50
  SINCE JUN 1      0.57                      1.83  -1.26     1.30
  SINCE JAN 1     15.72                      8.05   7.67    11.82

SNOWFALL (IN)
  YESTERDAY        0.0                       0.0    0.0      0.0
  MONTH TO DATE    0.0                       0.0    0.0      0.0
  SINCE JUN 1      0.0                       0.1   -0.1      0.0
  SINCE JUL 1      0.0                       0.0    0.0      0.0
  SNOW DEPTH       0

DEGREE DAYS
 HEATING
  YESTERDAY        0                         0      0        0
  MONTH TO DATE    4                        11     -7       10
  SINCE JUN 1     26                       137   -111       41
  SINCE JUL 1      4                        11     -7       10

 COOLING
  YESTERDAY        8                         8      0        6
  MONTH TO DATE  170                       156     14       99
  SINCE JUN 1    298                       220     78      209
  SINCE JAN 1    298                       225     73      209
..................................................................


WIND (MPH)
  HIGHEST WIND SPEED    13   HIGHEST WIND DIRECTION    SW (230)
  HIGHEST GUST SPEED    17   HIGHEST GUST DIRECTION    NE (60)
  AVERAGE WIND SPEED     4.6


SKY COVER
  POSSIBLE SUNSHINE  MM
  AVERAGE SKY COVER 0.0


WEATHER CONDITIONS
 THE FOLLOWING WEATHER WAS RECORDED YESTERDAY.
  NO SIGNIFICANT WEATHER WAS OBSERVED.


RELATIVE HUMIDITY (PERCENT)
 HIGHEST    51           600 AM
 LOWEST     14           500 PM
 AVERAGE    33

..........................................................


THE LANDER WY CLIMATE NORMALS FOR TODAY
                         NORMAL    RECORD    YEAR
 MAXIMUM TEMPERATURE (F)   88        97      2011
                                             1945
                                             1933
 MINIMUM TEMPERATURE (F)   57        43      1892


SUNRISE AND SUNSET
JULY 25 2016..........SUNRISE   600 AM MDT   SUNSET   843 PM MDT
JULY 26 2016..........SUNRISE   601 AM MDT   SUNSET   842 PM MDT


-  INDICATES NEGATIVE NUMBERS.
R  INDICATES RECORD WAS SET OR TIED.
MM INDICATES DATA IS MISSING.
T  INDICATES TRACE AMOUNT.




$$
