000
CDUS45 KRIW 100744
CLILND


CLIMATE REPORT
NATIONAL WEATHER SERVICE RIVERTON WY
1235 AM MST WED FEB 10 2016


...................................

...THE LANDER WY CLIMATE SUMMARY FOR FEBRUARY 9 2016...

CLIMATE NORMAL PERIOD 1981 TO 2010
CLIMATE RECORD PERIOD 1891 TO 2016


WEATHER ITEM   OBSERVED TIME   RECORD YEAR NORMAL DEPARTURE LAST
                VALUE   (LST)  VALUE       VALUE  FROM      YEAR
                                                  NORMAL
..................................................................
TEMPERATURE (F)
 YESTERDAY
  MAXIMUM         39    400 PM  63    1996  35      4       59
  MINIMUM         19    803 AM -38    1933  12      7       27
  AVERAGE         29                        23      6       43

PRECIPITATION (IN)
  YESTERDAY        0.00          0.47 2013   0.02  -0.02     0.00
  MONTH TO DATE    0.43                      0.15   0.28     0.31
  SINCE DEC 1      1.33                      1.14   0.19     2.13
  SINCE JAN 1      0.85                      0.56   0.29     0.31

SNOWFALL (IN)
  YESTERDAY        0.0                       0.4   -0.4      0.0
  MONTH TO DATE    3.9                       2.9    1.0      3.4
  SINCE DEC 1     18.0                      20.6   -2.6     24.8
  SINCE JUL 1     37.0                      46.2   -9.2     33.7
  SNOW DEPTH       8

DEGREE DAYS
 HEATING
  YESTERDAY       36                        42     -6       22
  MONTH TO DATE  390                       381      9      259
  SINCE DEC 1   3109                      3098     11     2857
  SINCE JUL 1   4621                      4971   -350     4398

 COOLING
  YESTERDAY        0                         0      0        0
  MONTH TO DATE    0                         0      0        0
  SINCE DEC 1      0                         0      0        0
  SINCE JAN 1      0                         0      0        0
..................................................................


WIND (MPH)
  HIGHEST WIND SPEED    10   HIGHEST WIND DIRECTION    NW (320)
  HIGHEST GUST SPEED    10   HIGHEST GUST DIRECTION    NW (320)
  AVERAGE WIND SPEED     2.0


SKY COVER
  POSSIBLE SUNSHINE  MM
  AVERAGE SKY COVER 0.0


WEATHER CONDITIONS
 THE FOLLOWING WEATHER WAS RECORDED YESTERDAY.
  NO SIGNIFICANT WEATHER WAS OBSERVED.


RELATIVE HUMIDITY (PERCENT)
 HIGHEST    84           200 AM
 LOWEST     47           100 PM
 AVERAGE    66

..........................................................


THE LANDER WY CLIMATE NORMALS FOR TODAY
                         NORMAL    RECORD    YEAR
 MAXIMUM TEMPERATURE (F)   35        68      1951
 MINIMUM TEMPERATURE (F)   12       -31      1933


SUNRISE AND SUNSET
FEBRUARY 10 2016......SUNRISE   719 AM MST   SUNSET   539 PM MST
FEBRUARY 11 2016......SUNRISE   718 AM MST   SUNSET   541 PM MST


-  INDICATES NEGATIVE NUMBERS.
R  INDICATES RECORD WAS SET OR TIED.
MM INDICATES DATA IS MISSING.
T  INDICATES TRACE AMOUNT.




$$
