000
CDUS45 KRIW 050045
CLILND


CLIMATE REPORT
NATIONAL WEATHER SERVICE RIVERTON WY
644 PM MDT TUE AUG 4 2015


...................................

...THE LANDER WY CLIMATE SUMMARY FOR AUGUST 4 2015...
VALID TODAY AS OF 0500 PM LOCAL TIME.

CLIMATE NORMAL PERIOD 1981 TO 2010
CLIMATE RECORD PERIOD 1891 TO 2015


WEATHER ITEM   OBSERVED TIME   RECORD YEAR NORMAL DEPARTURE LAST
                VALUE   (LST)  VALUE       VALUE  FROM      YEAR
                                                  NORMAL
..................................................................
TEMPERATURE (F)
 TODAY
  MAXIMUM         84        MM  96    1979  88     -4       77
                                      1909
  MINIMUM         57        MM  42    1980  56      1       57
  AVERAGE         71                        72     -1       67

PRECIPITATION (IN)
  TODAY            0.03          0.43 2014   0.03   0.00     0.43
  MONTH TO DATE    0.49                      0.11   0.38     0.43
  SINCE JUN 1      1.79                      2.16  -0.37     1.65
  SINCE JAN 1     12.31                      8.38   3.93     5.84

DEGREE DAYS
 HEATING
  TODAY            0                         0      0        0
  MONTH TO DATE    0                         0      0        0
  SINCE JUN 1     49                       142    -93      139
  SINCE JUL 1     18                        16      2        3

 COOLING
  TODAY            6                         7     -1        2
  MONTH TO DATE   33                        28      5       24
  SINCE JUN 1    279                       300    -21      289
  SINCE JAN 1    279                       305    -26      307
..................................................................


WIND (MPH)
  HIGHEST WIND SPEED    10   HIGHEST WIND DIRECTION    NW (320)
  HIGHEST GUST SPEED    23   HIGHEST GUST DIRECTION    NW (320)
  AVERAGE WIND SPEED     3.9


SKY COVER
  POSSIBLE SUNSHINE  MM
  AVERAGE SKY COVER 0.7


WEATHER CONDITIONS
 THE FOLLOWING WEATHER WAS RECORDED TODAY.
  LIGHT RAIN


RELATIVE HUMIDITY (PERCENT)
 HIGHEST    93          1200 AM
 LOWEST     28           300 PM
 AVERAGE    61

..........................................................


THE LANDER WY CLIMATE NORMALS FOR TOMORROW
                         NORMAL    RECORD    YEAR
 MAXIMUM TEMPERATURE (F)   87       101      1979
 MINIMUM TEMPERATURE (F)   56        39      1896


SUNRISE AND SUNSET
AUGUST  4 2015........SUNRISE   609 AM MDT   SUNSET   832 PM MDT
AUGUST  5 2015........SUNRISE   610 AM MDT   SUNSET   831 PM MDT


-  INDICATES NEGATIVE NUMBERS.
R  INDICATES RECORD WAS SET OR TIED.
MM INDICATES DATA IS MISSING.
T  INDICATES TRACE AMOUNT.




$$
