000
CDUS45 KRIW 160737
CLILND


CLIMATE REPORT
NATIONAL WEATHER SERVICE RIVERTON WY
1232 AM MST TUE JAN 16 2018


...................................

...THE LANDER WY CLIMATE SUMMARY FOR JANUARY 15 2018...

CLIMATE NORMAL PERIOD 1981 TO 2010
CLIMATE RECORD PERIOD 1891 TO 2018


WEATHER ITEM   OBSERVED TIME   RECORD YEAR NORMAL DEPARTURE LAST
                VALUE   (LST)  VALUE       VALUE  FROM      YEAR
                                                  NORMAL
..................................................................
TEMPERATURE (F)
 YESTERDAY
  MAXIMUM         31   1221 AM  60    1974  33     -2       15
  MINIMUM         21   1159 PM -24    1930  10     11       -1
  AVERAGE         26                        22      4        7

PRECIPITATION (IN)
  YESTERDAY        0.02          0.35 1995   0.02   0.00     0.00
  MONTH TO DATE    0.08                      0.21  -0.13     0.46
  SINCE DEC 1      1.31                      0.79   0.52     1.36
  SINCE JAN 1      0.08                      0.21  -0.13     0.46

SNOWFALL (IN)
  YESTERDAY        0.1                       0.2   -0.1      0.0
  MONTH TO DATE    1.6                       3.7   -2.1      7.7
  SINCE DEC 1     20.0                      13.8    6.2     16.8
  SINCE JUL 1     28.0                      39.4  -11.4     30.8
  SNOW DEPTH       2

DEGREE DAYS
 HEATING
  YESTERDAY       39                        43     -4       58
  MONTH TO DATE  635                       654    -19      840
  SINCE DEC 1   1959                      2027    -68     2331
  SINCE JUL 1   3559                      3900   -341     3887

 COOLING
  YESTERDAY        0                         0      0        0
  MONTH TO DATE    0                         0      0        0
  SINCE DEC 1      0                         0      0        0
  SINCE JAN 1      0                         0      0        0
..................................................................


WIND (MPH)
  HIGHEST WIND SPEED    20   HIGHEST WIND DIRECTION    NE (30)
  HIGHEST GUST SPEED    23   HIGHEST GUST DIRECTION    NE (40)
  AVERAGE WIND SPEED     5.2


SKY COVER
  POSSIBLE SUNSHINE  MM
  AVERAGE SKY COVER 0.9


WEATHER CONDITIONS
 THE FOLLOWING WEATHER WAS RECORDED YESTERDAY.
  LIGHT SNOW
  FOG


RELATIVE HUMIDITY (PERCENT)
 HIGHEST   100           900 AM
 LOWEST     74           700 AM
 AVERAGE    87

..........................................................


THE LANDER WY CLIMATE NORMALS FOR TODAY
                         NORMAL    RECORD    YEAR
 MAXIMUM TEMPERATURE (F)   33        54      1920
                                             1909
 MINIMUM TEMPERATURE (F)   10       -22      1943
                                             1930


SUNRISE AND SUNSET
JANUARY 16 2018.......SUNRISE   742 AM MST   SUNSET   508 PM MST
JANUARY 17 2018.......SUNRISE   742 AM MST   SUNSET   509 PM MST


-  INDICATES NEGATIVE NUMBERS.
R  INDICATES RECORD WAS SET OR TIED.
MM INDICATES DATA IS MISSING.
T  INDICATES TRACE AMOUNT.




$$
