000
CDUS45 KRIW 170740
CLILND


CLIMATE REPORT
NATIONAL WEATHER SERVICE RIVERTON WY
1240 AM MST FRI NOV 17 2017


...................................

...THE LANDER WY CLIMATE SUMMARY FOR NOVEMBER 16 2017...

CLIMATE NORMAL PERIOD 1981 TO 2010
CLIMATE RECORD PERIOD 1891 TO 2017


WEATHER ITEM   OBSERVED TIME   RECORD YEAR NORMAL DEPARTURE LAST
                VALUE   (LST)  VALUE       VALUE  FROM      YEAR
                                                  NORMAL
..................................................................
TEMPERATURE (F)
 YESTERDAY
  MAXIMUM         57    936 AM  66    1896  42     15       62
  MINIMUM         29    250 AM -17    1978  19     10       32
  AVERAGE         43                        31     12       47

PRECIPITATION (IN)
  YESTERDAY        T             0.30 1911   0.03  -0.03     0.08
  MONTH TO DATE    0.40                      0.49  -0.09     0.08
  SINCE SEP 1      1.73                      2.83  -1.10     2.74
  SINCE JAN 1     14.91                     11.71   3.20    18.98

SNOWFALL (IN)
  YESTERDAY        0.0                       0.4   -0.4       T
  MONTH TO DATE    3.5                       6.8   -3.3       T
  SINCE SEP 1      8.0                      19.3  -11.3       T
  SINCE JUL 1      8.0                      19.3  -11.3       T
  SNOW DEPTH       0

DEGREE DAYS
 HEATING
  YESTERDAY       22                        34    -12       18
  MONTH TO DATE  465                       478    -13      293
  SINCE SEP 1   1239                      1299    -60      956
  SINCE JUL 1   1239                      1339   -100     1008

 COOLING
  YESTERDAY        0                         0      0        0
  MONTH TO DATE    0                         0      0        0
  SINCE SEP 1      0                        27    -27       34
  SINCE JAN 1    292                       472   -180      562
..................................................................


WIND (MPH)
  HIGHEST WIND SPEED    48   HIGHEST WIND DIRECTION    SW (230)
  HIGHEST GUST SPEED    59   HIGHEST GUST DIRECTION    SW (230)
  AVERAGE WIND SPEED    16.6


SKY COVER
  POSSIBLE SUNSHINE  MM
  AVERAGE SKY COVER 0.2


WEATHER CONDITIONS
 THE FOLLOWING WEATHER WAS RECORDED YESTERDAY.
  LIGHT RAIN


RELATIVE HUMIDITY (PERCENT)
 HIGHEST    71          1100 PM
 LOWEST     32           600 AM
 AVERAGE    52

..........................................................


THE LANDER WY CLIMATE NORMALS FOR TODAY
                         NORMAL    RECORD    YEAR
 MAXIMUM TEMPERATURE (F)   42        67      2008
 MINIMUM TEMPERATURE (F)   19       -10      1978


SUNRISE AND SUNSET
NOVEMBER 17 2017......SUNRISE   710 AM MST   SUNSET   450 PM MST
NOVEMBER 18 2017......SUNRISE   711 AM MST   SUNSET   449 PM MST


-  INDICATES NEGATIVE NUMBERS.
R  INDICATES RECORD WAS SET OR TIED.
MM INDICATES DATA IS MISSING.
T  INDICATES TRACE AMOUNT.




$$
