000
CDUS45 KRIW 270738
CLILND


CLIMATE REPORT
NATIONAL WEATHER SERVICE RIVERTON WY
135 AM MDT SAT MAY 27 2017


...................................

...THE LANDER WY CLIMATE SUMMARY FOR MAY 26 2017...

CLIMATE NORMAL PERIOD 1981 TO 2010
CLIMATE RECORD PERIOD 1891 TO 2017


WEATHER ITEM   OBSERVED TIME   RECORD YEAR NORMAL DEPARTURE LAST
                VALUE   (LST)  VALUE       VALUE  FROM      YEAR
                                                  NORMAL
..................................................................
TEMPERATURE (F)
 YESTERDAY
  MAXIMUM         47    404 PM  86    2006  70    -23       66
                                      2003
  MINIMUM         39    411 AM  26    1975  43     -4       35
                                      1893
  AVERAGE         43                        56    -13       51

PRECIPITATION (IN)
  YESTERDAY        0.35          1.91 2008   0.07   0.28      T
  MONTH TO DATE    2.19                      1.89   0.30     5.02
  SINCE MAR 1     10.10                      4.92   5.18    14.22
  SINCE JAN 1     12.48                      5.91   6.57    15.14

SNOWFALL (IN)
  YESTERDAY        0.0                       0.0    0.0      0.0
  MONTH TO DATE    6.8                       4.7    2.1       T
  SINCE MAR 1     29.9                      37.6   -7.7     38.2
  SINCE JUL 1     90.9                      91.2   -0.3     75.2
  SNOW DEPTH       0

DEGREE DAYS
 HEATING
  YESTERDAY       22                         9     13       14
  MONTH TO DATE  342                       327     15      377
  SINCE MAR 1   1724                      1877   -153     1803
  SINCE JUL 1   7427                      7581   -154     6954

 COOLING
  YESTERDAY        0                         0      0        0
  MONTH TO DATE    0                         0      0        0
  SINCE MAR 1      0                         0      0        0
  SINCE JAN 1      0                         0      0        0
..................................................................


WIND (MPH)
  HIGHEST WIND SPEED    16   HIGHEST WIND DIRECTION    NW (320)
  HIGHEST GUST SPEED    20   HIGHEST GUST DIRECTION    NW (300)
  AVERAGE WIND SPEED     6.5


SKY COVER
  POSSIBLE SUNSHINE  MM
  AVERAGE SKY COVER 1.0


WEATHER CONDITIONS
 THE FOLLOWING WEATHER WAS RECORDED YESTERDAY.
  THUNDERSTORM
  RAIN
  LIGHT RAIN
  FOG


RELATIVE HUMIDITY (PERCENT)
 HIGHEST    89          1000 PM
 LOWEST     70           200 AM
 AVERAGE    80

..........................................................


THE LANDER WY CLIMATE NORMALS FOR TODAY
                         NORMAL    RECORD    YEAR
 MAXIMUM TEMPERATURE (F)   70        90      1969
 MINIMUM TEMPERATURE (F)   43        27      1893


SUNRISE AND SUNSET
MAY 27 2017...........SUNRISE   542 AM MDT   SUNSET   843 PM MDT
MAY 28 2017...........SUNRISE   541 AM MDT   SUNSET   844 PM MDT


-  INDICATES NEGATIVE NUMBERS.
R  INDICATES RECORD WAS SET OR TIED.
MM INDICATES DATA IS MISSING.
T  INDICATES TRACE AMOUNT.




$$
