000
CDUS45 KRIW 290739
CLILND


CLIMATE REPORT
NATIONAL WEATHER SERVICE RIVERTON WY
137 AM MDT THU SEP 29 2016


...................................

...THE LANDER WY CLIMATE SUMMARY FOR SEPTEMBER 28 2016...

CLIMATE NORMAL PERIOD 1981 TO 2010
CLIMATE RECORD PERIOD 1891 TO 2016


WEATHER ITEM   OBSERVED TIME   RECORD YEAR NORMAL DEPARTURE LAST
                VALUE   (LST)  VALUE       VALUE  FROM      YEAR
                                                  NORMAL
..................................................................
TEMPERATURE (F)
 YESTERDAY
  MAXIMUM         77    355 PM  89    2010  66     11       75
  MINIMUM         45    633 AM  22    1985  39      6       49
  AVERAGE         61                        53      8       62

PRECIPITATION (IN)
  YESTERDAY        0.00          1.37 2014   0.04  -0.04     0.17
  MONTH TO DATE    1.68                      0.96   0.72     0.17
  SINCE SEP 1      1.68                      0.96   0.72     0.17
  SINCE JAN 1     17.92                      9.84   8.08    12.57

SNOWFALL (IN)
  YESTERDAY        0.0                       0.1   -0.1      0.0
  MONTH TO DATE    0.0                       2.3   -2.3      0.0
  SINCE SEP 1      0.0                       2.3   -2.3      0.0
  SINCE JUL 1      0.0                       2.3   -2.3      0.0
  SNOW DEPTH       0

DEGREE DAYS
 HEATING
  YESTERDAY        4                        12     -8        3
  MONTH TO DATE  193                       193      0       62
  SINCE SEP 1    193                       193      0       62
  SINCE JUL 1    245                       233     12      102

 COOLING
  YESTERDAY        0                         0      0        0
  MONTH TO DATE   34                        26      8       83
  SINCE SEP 1     34                        26      8       83
  SINCE JAN 1    562                       471     91      518
..................................................................


WIND (MPH)
  HIGHEST WIND SPEED    17   HIGHEST WIND DIRECTION    SW (240)
  HIGHEST GUST SPEED    19   HIGHEST GUST DIRECTION    SW (240)
  AVERAGE WIND SPEED     5.8


SKY COVER
  POSSIBLE SUNSHINE  MM
  AVERAGE SKY COVER 0.0


WEATHER CONDITIONS
 THE FOLLOWING WEATHER WAS RECORDED YESTERDAY.
  HAZE


RELATIVE HUMIDITY (PERCENT)
 HIGHEST    66           300 AM
 LOWEST     24           400 PM
 AVERAGE    45

..........................................................


THE LANDER WY CLIMATE NORMALS FOR TODAY
                         NORMAL    RECORD    YEAR
 MAXIMUM TEMPERATURE (F)   66        84      1969
 MINIMUM TEMPERATURE (F)   39        23      1985


SUNRISE AND SUNSET
SEPTEMBER 29 2016.....SUNRISE   711 AM MDT   SUNSET   659 PM MDT
SEPTEMBER 30 2016.....SUNRISE   712 AM MDT   SUNSET   657 PM MDT


-  INDICATES NEGATIVE NUMBERS.
R  INDICATES RECORD WAS SET OR TIED.
MM INDICATES DATA IS MISSING.
T  INDICATES TRACE AMOUNT.




$$
