690
CDUS43 KOAX 230626
CLILNK


CLIMATE REPORT
NATIONAL WEATHER SERVICE OMAHA NEBRASKA
123 AM CDT THU MAR 23 2017


...................................

...THE LINCOLN, NEBRASKA CLIMATE SUMMARY FOR MARCH 22 2017...

CLIMATE NORMAL PERIOD 1981 TO 2010
CLIMATE RECORD PERIOD 1887 TO 2017


WEATHER ITEM   OBSERVED TIME   RECORD YEAR NORMAL DEPARTURE LAST
                VALUE   (LST)  VALUE       VALUE  FROM      YEAR
                                                  NORMAL
..................................................................
TEMPERATURE (F)
 YESTERDAY
  MAXIMUM         54    535 PM  90    1910  55     -1       67
  MINIMUM         34    706 AM   6    2002  30      4       51
  AVERAGE         44                        42      2       59

PRECIPITATION (IN)
  YESTERDAY        T             1.75 1979   0.07  -0.07     0.00
  MONTH TO DATE    0.07                      1.24  -1.17     0.58
  SINCE MAR 1      0.07                      1.24  -1.17     0.58
  SINCE JAN 1      1.72                      2.65  -0.93     2.17

SNOWFALL (IN)
  YESTERDAY        T                         0.1   -0.1      0.0
  MONTH TO DATE    0.6                       3.7   -3.1       T
  SINCE JUL 1      7.5                      23.4  -15.9     20.5
  SNOW DEPTH       0

DEGREE DAYS
 HEATING
  YESTERDAY       21                        23     -2        6
  MONTH TO DATE  497                       586    -89      380
  SINCE MAR 1    497                       586    -89      380
  SINCE JUL 1   4380                      5289   -909     4297

 COOLING
  YESTERDAY        0                         0      0        0
  MONTH TO DATE    1                         0      1        1
  SINCE MAR 1      1                         0      1        1
  SINCE JAN 1      1                         0      1        1
..................................................................


WIND (MPH)
  HIGHEST WIND SPEED    22   HIGHEST WIND DIRECTION    SE (120)
  HIGHEST GUST SPEED    27   HIGHEST GUST DIRECTION    SE (140)
  AVERAGE WIND SPEED    13.4


SKY COVER
  POSSIBLE SUNSHINE  MM
  AVERAGE SKY COVER 0.7


WEATHER CONDITIONS
 THE FOLLOWING WEATHER WAS RECORDED YESTERDAY.
  SLEET


RELATIVE HUMIDITY (PERCENT)
 HIGHEST    70          1200 AM
 LOWEST     26           200 PM
 AVERAGE    48

..........................................................


THE LINCOLN, NEBRASKA CLIMATE NORMALS FOR TODAY
                         NORMAL    RECORD    YEAR
 MAXIMUM TEMPERATURE (F)   56        88      1910
 MINIMUM TEMPERATURE (F)   30         7      1965


SUNRISE AND SUNSET
MARCH 23 2017.........SUNRISE   725 AM CDT   SUNSET   743 PM CDT
MARCH 24 2017.........SUNRISE   723 AM CDT   SUNSET   744 PM CDT


-  INDICATES NEGATIVE NUMBERS.
R  INDICATES RECORD WAS SET OR TIED.
MM INDICATES DATA IS MISSING.
T  INDICATES TRACE AMOUNT.


$$

BCM
