000
CDUS43 KOAX 010630
CLILNK


CLIMATE REPORT
NATIONAL WEATHER SERVICE OMAHA NEBRASKA
127 AM CDT SUN MAY 1 2016


...................................

...THE LINCOLN, NEBRASKA CLIMATE SUMMARY FOR APRIL 30 2016...

CLIMATE NORMAL PERIOD 1981 TO 2010
CLIMATE RECORD PERIOD 1887 TO 2016


WEATHER ITEM   OBSERVED TIME   RECORD YEAR NORMAL DEPARTURE LAST
                VALUE   (LST)  VALUE       VALUE  FROM      YEAR
                                                  NORMAL
..................................................................
TEMPERATURE (F)
 YESTERDAY
  MAXIMUM         53    539 PM  90    1992  69    -16       77
                                      1965
  MINIMUM         46    837 AM  25    1907  45      1       36
                                      1903
  AVERAGE         50                        57     -7       57

PRECIPITATION (IN)
  YESTERDAY        0.75          1.24 1972   0.12   0.63     0.00
  MONTH TO DATE    4.37                      2.71   1.66     1.99
  SINCE MAR 1      5.30                      4.64   0.66     2.76
  SINCE JAN 1      6.89                      6.05   0.84     4.60

SNOWFALL (IN)
  YESTERDAY        0.0                       0.0    0.0      0.0
  MONTH TO DATE    0.0                       1.4   -1.4      0.0
  SINCE JUL 1     20.5                      25.9   -5.4     21.9
  SNOW DEPTH       0

DEGREE DAYS
 HEATING
  YESTERDAY       15                         9      6        8
  MONTH TO DATE  298                       416   -118      328
  SINCE MAR 1    836                      1190   -354      996
  SINCE JUL 1   4753                      5893  -1140     5683

 COOLING
  YESTERDAY        0                         1     -1        0
  MONTH TO DATE    8                        13     -5        3
  SINCE MAR 1      9                        14     -5        5
  SINCE JAN 1      9                        14     -5        5
..................................................................


WIND (MPH)
  HIGHEST WIND SPEED    25   HIGHEST WIND DIRECTION    NE (60)
  HIGHEST GUST SPEED    31   HIGHEST GUST DIRECTION    NE (50)
  AVERAGE WIND SPEED    11.2


SKY COVER
  POSSIBLE SUNSHINE  MM
  AVERAGE SKY COVER 1.0


WEATHER CONDITIONS
 THE FOLLOWING WEATHER WAS RECORDED YESTERDAY.
  HEAVY RAIN
  RAIN
  LIGHT RAIN
  FOG


RELATIVE HUMIDITY (PERCENT)
 HIGHEST    96           300 PM
 LOWEST     86          1200 AM
 AVERAGE    91

..........................................................


THE LINCOLN, NEBRASKA CLIMATE NORMALS FOR TODAY
                         NORMAL    RECORD    YEAR
 MAXIMUM TEMPERATURE (F)   69        93      1959
 MINIMUM TEMPERATURE (F)   45        24      1994


SUNRISE AND SUNSET
MAY  1 2016...........SUNRISE   625 AM CDT   SUNSET   824 PM CDT
MAY  2 2016...........SUNRISE   623 AM CDT   SUNSET   825 PM CDT


-  INDICATES NEGATIVE NUMBERS.
R  INDICATES RECORD WAS SET OR TIED.
MM INDICATES DATA IS MISSING.
T  INDICATES TRACE AMOUNT.




$$
