000
CDUS43 KOAX 192224
CLILNK


CLIMATE REPORT
NATIONAL WEATHER SERVICE OMAHA NEBRASKA
422 PM CST FRI JAN 19 2018


...................................

...THE LINCOLN, NEBRASKA CLIMATE SUMMARY FOR JANUARY 19 2018...
VALID TODAY AS OF 0400 PM LOCAL TIME.

CLIMATE NORMAL PERIOD 1981 TO 2010
CLIMATE RECORD PERIOD 1887 TO 2018


WEATHER ITEM   OBSERVED TIME   RECORD YEAR NORMAL DEPARTURE LAST
                VALUE   (LST)  VALUE       VALUE  FROM      YEAR
                                                  NORMAL
..................................................................
TEMPERATURE (F)
 TODAY
  MAXIMUM         52    256 PM  66    2014  35     17       44
  MINIMUM         29   1201 AM -29    1892  14     15       31
  AVERAGE         41                        24     17       38

PRECIPITATION (IN)
  TODAY            0.00          0.78 1889   0.02  -0.02     0.00
  MONTH TO DATE    0.12                      0.37  -0.25     0.95
  SINCE DEC 1      0.50                      1.32  -0.82     2.57
  SINCE JAN 1      0.12                      0.37  -0.25     0.95

SNOWFALL (IN)
  TODAY            0.0                       0.2   -0.2      0.0
  MONTH TO DATE    1.6                       3.1   -1.5      2.0
  SINCE JUL 1      5.9                      11.8   -5.9      3.7
  SNOW DEPTH       0

DEGREE DAYS
 HEATING
  TODAY           24                        41    -17       27
  MONTH TO DATE  867                       776     91      790
  SINCE DEC 1   2010                      1960     50     1973
  SINCE JUL 1   3063                      3221   -158     2781

 COOLING
  TODAY            0                         0      0        0
  MONTH TO DATE    0                         0      0        0
  SINCE DEC 1      0                         0      0        0
  SINCE JAN 1      0                         0      0        0
..................................................................


WIND (MPH)
  HIGHEST WIND SPEED    17   HIGHEST WIND DIRECTION     S (200)
  HIGHEST GUST SPEED    24   HIGHEST GUST DIRECTION    SW (210)
  AVERAGE WIND SPEED     9.6


SKY COVER
  POSSIBLE SUNSHINE  MM
  AVERAGE SKY COVER 0.0


WEATHER CONDITIONS
 THE FOLLOWING WEATHER WAS RECORDED TODAY.
  NO SIGNIFICANT WEATHER WAS OBSERVED.


RELATIVE HUMIDITY (PERCENT)
 HIGHEST    72           100 AM
 LOWEST     35           100 PM
 AVERAGE    54

..........................................................


THE LINCOLN, NEBRASKA CLIMATE NORMALS FOR TOMORROW
                         NORMAL    RECORD    YEAR
 MAXIMUM TEMPERATURE (F)   35        68      1944
 MINIMUM TEMPERATURE (F)   14       -18      1888


SUNRISE AND SUNSET
JANUARY 19 2018.......SUNRISE   747 AM CST   SUNSET   529 PM CST
JANUARY 20 2018.......SUNRISE   747 AM CST   SUNSET   530 PM CST


-  INDICATES NEGATIVE NUMBERS.
R  INDICATES RECORD WAS SET OR TIED.
MM INDICATES DATA IS MISSING.
T  INDICATES TRACE AMOUNT.




$$
