000
CDUS43 KOAX 250626
CLILNK


CLIMATE REPORT
NATIONAL WEATHER SERVICE OMAHA NEBRASKA
126 AM CDT THU MAY 25 2017


...................................

...THE LINCOLN, NEBRASKA CLIMATE SUMMARY FOR MAY 24 2017...

CLIMATE NORMAL PERIOD 1981 TO 2010
CLIMATE RECORD PERIOD 1887 TO 2017


WEATHER ITEM   OBSERVED TIME   RECORD YEAR NORMAL DEPARTURE LAST
                VALUE   (LST)  VALUE       VALUE  FROM      YEAR
                                                  NORMAL
..................................................................
TEMPERATURE (F)
 YESTERDAY
  MAXIMUM         70    544 PM 100    1967  77     -7       83
  MINIMUM         47    535 AM  34    1924  53     -6       59
                                      1897
  AVERAGE         59                        65     -6       71

PRECIPITATION (IN)
  YESTERDAY        0.00          1.43 1970   0.14  -0.14      T
  MONTH TO DATE    5.87                      3.33   2.54     3.27
  SINCE MAR 1     11.04                      7.97   3.07     8.57
  SINCE JAN 1     12.69                      9.38   3.31    10.16

SNOWFALL (IN)
  YESTERDAY        0.0                       0.0    0.0      0.0
  MONTH TO DATE    T                         0.1   -0.1      0.0
  SINCE JUL 1      7.5                      26.0  -18.5     20.5
  SNOW DEPTH       0

DEGREE DAYS
 HEATING
  YESTERDAY        6                         3      3        0
  MONTH TO DATE  125                       133     -8      127
  SINCE MAR 1   1129                      1323   -194      963
  SINCE JUL 1   5012                      6026  -1014     4880

 COOLING
  YESTERDAY        0                         3     -3        6
  MONTH TO DATE   58                        40     18       26
  SINCE MAR 1     71                        54     17       35
  SINCE JAN 1     71                        54     17       35
..................................................................


WIND (MPH)
  HIGHEST WIND SPEED    16   HIGHEST WIND DIRECTION     N (350)
  HIGHEST GUST SPEED    20   HIGHEST GUST DIRECTION     N (340)
  AVERAGE WIND SPEED     7.8


SKY COVER
  POSSIBLE SUNSHINE  MM
  AVERAGE SKY COVER 0.3


WEATHER CONDITIONS
 THE FOLLOWING WEATHER WAS RECORDED YESTERDAY.
  NO SIGNIFICANT WEATHER WAS OBSERVED.


RELATIVE HUMIDITY (PERCENT)
 HIGHEST    93           500 AM
 LOWEST     39           600 PM
 AVERAGE    66

..........................................................


THE LINCOLN, NEBRASKA CLIMATE NORMALS FOR TODAY
                         NORMAL    RECORD    YEAR
 MAXIMUM TEMPERATURE (F)   77        98      1967
 MINIMUM TEMPERATURE (F)   54        35      1925


SUNRISE AND SUNSET
MAY 25 2017...........SUNRISE   601 AM CDT   SUNSET   847 PM CDT
MAY 26 2017...........SUNRISE   601 AM CDT   SUNSET   848 PM CDT


-  INDICATES NEGATIVE NUMBERS.
R  INDICATES RECORD WAS SET OR TIED.
MM INDICATES DATA IS MISSING.
T  INDICATES TRACE AMOUNT.




$$
