000
CDUS43 KOAX 270634
CLILNK


CLIMATE REPORT
NATIONAL WEATHER SERVICE OMAHA NEBRASKA
1230 AM CST SAT DEC 27 2014


...................................

...THE LINCOLN, NEBRASKA CLIMATE SUMMARY FOR DECEMBER 26 2014...

CLIMATE NORMAL PERIOD 1981 TO 2010
CLIMATE RECORD PERIOD 1887 TO 2014


WEATHER ITEM   OBSERVED TIME   RECORD YEAR NORMAL DEPARTURE LAST
                VALUE   (LST)  VALUE       VALUE  FROM      YEAR
                                                  NORMAL
..................................................................
TEMPERATURE (F)
 YESTERDAY
  MAXIMUM         34    359 AM  64    1959  35     -1       51
                                      1908
  MINIMUM         28   1159 PM -16    1948  15     13       17
  AVERAGE         31                        25      6       34

PRECIPITATION (IN)
  YESTERDAY        0.03          0.59 1942   0.03   0.00     0.00
  MONTH TO DATE    1.17                      0.83   0.34     0.22
  SINCE DEC 1      1.17                      0.83   0.34     0.22
  SINCE JAN 1     34.69                     28.83   5.86    26.71

SNOWFALL (IN)
  YESTERDAY        T                         0.2   -0.2      0.0
  MONTH TO DATE    0.7                       5.0   -4.3      5.7
  SINCE JUL 1      3.7                       7.8   -4.1      5.9
  SNOW DEPTH       0

DEGREE DAYS
 HEATING
  YESTERDAY       34                        40     -6       31
  MONTH TO DATE  780                       983   -203     1134
  SINCE DEC 1    780                       983   -203     1134
  SINCE JUL 1   2089                      2244   -155     2431

 COOLING
  YESTERDAY        0                         0      0        0
  MONTH TO DATE    0                         0      0        0
  SINCE DEC 1      0                         0      0        0
  SINCE JAN 1   1237                      1173     64     1236
..................................................................


WIND (MPH)
  HIGHEST WIND SPEED    24   HIGHEST WIND DIRECTION     N (360)
  HIGHEST GUST SPEED    29   HIGHEST GUST DIRECTION     N (360)
  AVERAGE WIND SPEED    14.3


SKY COVER
  POSSIBLE SUNSHINE  MM
  AVERAGE SKY COVER 0.9


WEATHER CONDITIONS
 THE FOLLOWING WEATHER WAS RECORDED YESTERDAY.
  LT FREEZING RAIN
  LIGHT SNOW
  FOG
  HAZE


RELATIVE HUMIDITY (PERCENT)
 HIGHEST    92          1200 AM
 LOWEST     78           400 PM
 AVERAGE    85

..........................................................


THE LINCOLN, NEBRASKA CLIMATE NORMALS FOR TODAY
                         NORMAL    RECORD    YEAR
 MAXIMUM TEMPERATURE (F)   35        62      2013
                                             1946
                                             1889
 MINIMUM TEMPERATURE (F)   15       -15      1924


SUNRISE AND SUNSET
DECEMBER 27 2014......SUNRISE   750 AM CST   SUNSET   506 PM CST
DECEMBER 28 2014......SUNRISE   751 AM CST   SUNSET   507 PM CST


-  INDICATES NEGATIVE NUMBERS.
R  INDICATES RECORD WAS SET OR TIED.
MM INDICATES DATA IS MISSING.
T  INDICATES TRACE AMOUNT.




$$
