978
CDUS43 KOAX 302154
CLILNK


CLIMATE REPORT
NATIONAL WEATHER SERVICE OMAHA NEBRASKA
452 PM CDT SAT JUL 30 2016


...................................

...THE LINCOLN, NEBRASKA CLIMATE SUMMARY FOR JULY 30 2016...
VALID TODAY AS OF 400 PM LOCAL TIME.

CLIMATE NORMAL PERIOD 1981 TO 2010
CLIMATE RECORD PERIOD 1887 TO 2016


WEATHER ITEM   OBSERVED TIME   RECORD YEAR NORMAL DEPARTURE LAST
                VALUE   (LST)  VALUE       VALUE  FROM      YEAR
                                                  NORMAL
..................................................................
TEMPERATURE (F)
 TODAY
  MAXIMUM         78    259 PM 106    1917  89    -11       92
  MINIMUM         60    459 AM  46    1971  66     -6       59
  AVERAGE         69                        77     -8       76

PRECIPITATION (IN)
  TODAY            0.03          1.58 1992   0.10  -0.07     0.00
  MONTH TO DATE    4.38                      3.29   1.09     2.39
  SINCE JUN 1      4.96                      7.64  -2.68    10.05
  SINCE JAN 1     17.27                     17.98  -0.71    25.55

SNOWFALL (IN)
  TODAY            0.0                       0.0    0.0      0.0
  MONTH TO DATE    0.0                       0.0    0.0      0.0
  SINCE JUL 1      0.0                       0.0    0.0      0.0
  SNOW DEPTH       0

DEGREE DAYS
 HEATING
  TODAY            0                         0      0        0
  MONTH TO DATE    0                         0      0        1
  SINCE JUN 1      0                        16    -16        1
  SINCE JUL 1      0                         0      0        1

 COOLING
  TODAY            4                        12     -8       11
  MONTH TO DATE  387                       381      6      368
  SINCE JUN 1    807                       623    184      631
  SINCE JAN 1    878                       702    176      683
..................................................................


WIND (MPH)
  HIGHEST WIND SPEED    14   HIGHEST WIND DIRECTION    SE (150)
  HIGHEST GUST SPEED    17   HIGHEST GUST DIRECTION     S (160)
  AVERAGE WIND SPEED     4.3


SKY COVER
  POSSIBLE SUNSHINE  MM
  AVERAGE SKY COVER 0.4


WEATHER CONDITIONS
 THE FOLLOWING WEATHER WAS RECORDED TODAY.
  LIGHT RAIN
  FOG


RELATIVE HUMIDITY (PERCENT)
 HIGHEST    97           500 AM
 LOWEST     69           100 PM
 AVERAGE    83

..........................................................


THE LINCOLN, NEBRASKA CLIMATE NORMALS FOR TOMORROW
                         NORMAL    RECORD    YEAR
 MAXIMUM TEMPERATURE (F)   89       105      2006
                                             1935
 MINIMUM TEMPERATURE (F)   66        50      1925
                                             1903


SUNRISE AND SUNSET
JULY 30 2016..........SUNRISE   622 AM CDT   SUNSET   844 PM CDT
JULY 31 2016..........SUNRISE   623 AM CDT   SUNSET   843 PM CDT


-  INDICATES NEGATIVE NUMBERS.
R  INDICATES RECORD WAS SET OR TIED.
MM INDICATES DATA IS MISSING.
T  INDICATES TRACE AMOUNT.




$$

KLISH
