000
CDUS43 KOAX 260649
CLILNK


CLIMATE REPORT
NATIONAL WEATHER SERVICE OMAHA NEBRASKA
1249 AM CST SUN FEB 26 2017


...................................

...THE LINCOLN, NEBRASKA CLIMATE SUMMARY FOR FEBRUARY 25 2017...

CLIMATE NORMAL PERIOD 1981 TO 2010
CLIMATE RECORD PERIOD 1887 TO 2017


WEATHER ITEM   OBSERVED TIME   RECORD YEAR NORMAL DEPARTURE LAST
                VALUE   (LST)  VALUE       VALUE  FROM      YEAR
                                                  NORMAL
..................................................................
TEMPERATURE (F)
 YESTERDAY
  MAXIMUM         36    538 PM  77    1995  44     -8       38
  MINIMUM         11    727 AM  -8    1890  21    -10       24
  AVERAGE         24                        32     -8       31

PRECIPITATION (IN)
  YESTERDAY        0.00          1.12 1951   0.03  -0.03     0.01
  MONTH TO DATE    0.55                      0.67  -0.12     0.76
  SINCE DEC 1      3.27                      2.26   1.01     6.01
  SINCE JAN 1      1.65                      1.31   0.34     1.59

SNOWFALL (IN)
  YESTERDAY        0.0                       0.2   -0.2       T
  MONTH TO DATE    2.0                       5.1   -3.1      7.3
  SINCE JUL 1      6.9                      19.2  -12.3     20.5
  SNOW DEPTH       2

DEGREE DAYS
 HEATING
  YESTERDAY       41                        33      8       34
  MONTH TO DATE  660                       911   -251      793
  SINCE DEC 1   2994                      3347   -353     2943
  SINCE JUL 1   3802                      4608   -806     3843

 COOLING
  YESTERDAY        0                         0      0        0
  MONTH TO DATE    0                         0      0        0
  SINCE DEC 1      0                         0      0        0
  SINCE JAN 1      0                         0      0        0
..................................................................


WIND (MPH)
  HIGHEST WIND SPEED    18   HIGHEST WIND DIRECTION     N (340)
  HIGHEST GUST SPEED    25   HIGHEST GUST DIRECTION     N (340)
  AVERAGE WIND SPEED     8.1


SKY COVER
  POSSIBLE SUNSHINE  MM
  AVERAGE SKY COVER 0.0


WEATHER CONDITIONS
 THE FOLLOWING WEATHER WAS RECORDED YESTERDAY.
  NO SIGNIFICANT WEATHER WAS OBSERVED.


RELATIVE HUMIDITY (PERCENT)
 HIGHEST    80           500 AM
 LOWEST     51           300 PM
 AVERAGE    66

..........................................................


THE LINCOLN, NEBRASKA CLIMATE NORMALS FOR TODAY
                         NORMAL    RECORD    YEAR
 MAXIMUM TEMPERATURE (F)   44        79      1896
 MINIMUM TEMPERATURE (F)   22        -9      1934
                                             1897


SUNRISE AND SUNSET
FEBRUARY 26 2017......SUNRISE   705 AM CST   SUNSET   615 PM CST
FEBRUARY 27 2017......SUNRISE   704 AM CST   SUNSET   616 PM CST


-  INDICATES NEGATIVE NUMBERS.
R  INDICATES RECORD WAS SET OR TIED.
MM INDICATES DATA IS MISSING.
T  INDICATES TRACE AMOUNT.




$$
