000
CDUS43 KOAX 252155
CLILNK


CLIMATE REPORT
NATIONAL WEATHER SERVICE OMAHA NEBRASKA
451 PM CDT MON MAY 25 2015


...................................

...THE LINCOLN, NEBRASKA CLIMATE SUMMARY FOR MAY 25 2015...
VALID TODAY AS OF 400 PM LOCAL TIME.

CLIMATE NORMAL PERIOD 1981 TO 2010
CLIMATE RECORD PERIOD 1887 TO 2015


WEATHER ITEM   OBSERVED TIME   RECORD YEAR NORMAL DEPARTURE LAST
                VALUE   (LST)  VALUE       VALUE  FROM      YEAR
                                                  NORMAL
..................................................................
TEMPERATURE (F)
 TODAY
  MAXIMUM         79    252 PM  98    1967  77      2       86
  MINIMUM         59    447 AM  35    1925  54      5       67
  AVERAGE         69                        65      4       77

PRECIPITATION (IN)
  TODAY            T             1.78 1951   0.13  -0.13     0.37
  MONTH TO DATE   10.68                      3.46   7.22     4.40
  SINCE MAR 1     13.44                      8.10   5.34     8.03
  SINCE JAN 1     15.28                      9.51   5.77     8.89

SNOWFALL (IN)
  TODAY            0.0                       0.0    0.0      0.0
  MONTH TO DATE    0.0                       0.1   -0.1      0.0
  SINCE JUL 1     21.9                      26.0   -4.1     18.2
  SNOW DEPTH       0

DEGREE DAYS
 HEATING
  TODAY            0                         3     -3        0
  MONTH TO DATE  133                       136     -3      134
  SINCE MAR 1   1129                      1326   -197     1365
  SINCE JUL 1   5816                      6029   -213     6482

 COOLING
  TODAY            4                         3      1       12
  MONTH TO DATE   35                        43     -8       75
  SINCE MAR 1     40                        57    -17       90
  SINCE JAN 1     40                        57    -17       90
..................................................................


WIND (MPH)
  HIGHEST WIND SPEED    18   HIGHEST WIND DIRECTION     S (190)
  HIGHEST GUST SPEED    23   HIGHEST GUST DIRECTION     S (200)
  AVERAGE WIND SPEED     7.8


SKY COVER
  POSSIBLE SUNSHINE  MM
  AVERAGE SKY COVER 0.4


WEATHER CONDITIONS
 THE FOLLOWING WEATHER WAS RECORDED TODAY.
  LIGHT RAIN
  FOG


RELATIVE HUMIDITY (PERCENT)
 HIGHEST   100           200 AM
 LOWEST     53          1200 PM
 AVERAGE    77

..........................................................


THE LINCOLN, NEBRASKA CLIMATE NORMALS FOR TOMORROW
                         NORMAL    RECORD    YEAR
 MAXIMUM TEMPERATURE (F)   77        98      1912
 MINIMUM TEMPERATURE (F)   54        38      1901


SUNRISE AND SUNSET
MAY 25 2015...........SUNRISE   602 AM CDT   SUNSET   847 PM CDT
MAY 26 2015...........SUNRISE   601 AM CDT   SUNSET   848 PM CDT


-  INDICATES NEGATIVE NUMBERS.
R  INDICATES RECORD WAS SET OR TIED.
MM INDICATES DATA IS MISSING.
T  INDICATES TRACE AMOUNT.




$$

KLISH
