000
CDUS43 KOAX 040643
CLILNK


CLIMATE REPORT
NATIONAL WEATHER SERVICE OMAHA NEBRASKA
142 AM CDT TUE AUG 4 2015


...................................

...THE LINCOLN, NEBRASKA CLIMATE SUMMARY FOR AUGUST 3 2015...

CLIMATE NORMAL PERIOD 1981 TO 2010
CLIMATE RECORD PERIOD 1887 TO 2015


WEATHER ITEM   OBSERVED TIME   RECORD YEAR NORMAL DEPARTURE LAST
                VALUE   (LST)  VALUE       VALUE  FROM      YEAR
                                                  NORMAL
..................................................................
TEMPERATURE (F)
 YESTERDAY
  MAXIMUM         86    228 PM 108    1930  88     -2       93
  MINIMUM         67    154 AM  51    1986  66      1       66
                                      1978
  AVERAGE         77                        77      0       80

PRECIPITATION (IN)
  YESTERDAY        T             2.05 1945   0.11  -0.11     0.00
  MONTH TO DATE    T                         0.32  -0.32     0.06
  SINCE JUN 1     10.05                      8.07   1.98     6.47
  SINCE JAN 1     25.55                     18.41   7.14    16.22

SNOWFALL (IN)
  YESTERDAY        0.0                       0.0    0.0      0.0
  MONTH TO DATE    0.0                       0.0    0.0      0.0
  SINCE JUL 1      0.0                       0.0    0.0      0.0
  SNOW DEPTH       0

DEGREE DAYS
 HEATING
  YESTERDAY        0                         0      0        0
  MONTH TO DATE    0                         0      0        0
  SINCE JUN 1      1                        17    -16        4
  SINCE JUL 1      1                         1      0        2

 COOLING
  YESTERDAY       12                        12      0       15
  MONTH TO DATE   42                        36      6       35
  SINCE JUN 1    688                       668     20      634
  SINCE JAN 1    740                       747     -7      794
..................................................................


WIND (MPH)
  HIGHEST WIND SPEED    16   HIGHEST WIND DIRECTION    SE (120)
  HIGHEST GUST SPEED    19   HIGHEST GUST DIRECTION    NE (050)
  AVERAGE WIND SPEED     8.1


SKY COVER
  POSSIBLE SUNSHINE  MM
  AVERAGE SKY COVER 0.2


WEATHER CONDITIONS
 THE FOLLOWING WEATHER WAS RECORDED YESTERDAY.
  THUNDERSTORM
  LIGHT RAIN


RELATIVE HUMIDITY (PERCENT)
 HIGHEST    93           200 AM
 LOWEST     51           400 PM
 AVERAGE    72

..........................................................


THE LINCOLN, NEBRASKA CLIMATE NORMALS FOR TODAY
                         NORMAL    RECORD    YEAR
 MAXIMUM TEMPERATURE (F)   88       109      1918
 MINIMUM TEMPERATURE (F)   66        45      1978
                                             1974


SUNRISE AND SUNSET
AUGUST  4 2015........SUNRISE   626 AM CDT   SUNSET   840 PM CDT
AUGUST  5 2015........SUNRISE   627 AM CDT   SUNSET   838 PM CDT


-  INDICATES NEGATIVE NUMBERS.
R  INDICATES RECORD WAS SET OR TIED.
MM INDICATES DATA IS MISSING.
T  INDICATES TRACE AMOUNT.




$$
