000
CDUS43 KOAX 220642
CLILNK


CLIMATE REPORT
NATIONAL WEATHER SERVICE OMAHA NEBRASKA
139 AM CDT SAT JUL 22 2017


...................................

...THE LINCOLN, NEBRASKA CLIMATE SUMMARY FOR JULY 21 2017...

CLIMATE NORMAL PERIOD 1981 TO 2010
CLIMATE RECORD PERIOD 1887 TO 2017


WEATHER ITEM   OBSERVED TIME   RECORD YEAR NORMAL DEPARTURE LAST
                VALUE   (LST)  VALUE       VALUE  FROM      YEAR
                                                  NORMAL
..................................................................
TEMPERATURE (F)
 YESTERDAY
  MAXIMUM        100    501 PM 107    1934  89     11       99
  MINIMUM         79    541 AM  50    1944  66     13       79
  AVERAGE         90                        78     12       89

PRECIPITATION (IN)
  YESTERDAY        0.00          1.70 1943   0.10  -0.10     0.00
  MONTH TO DATE    3.16                      2.38   0.78     4.21
  SINCE JUN 1     10.51                      6.73   3.78     4.79
  SINCE JAN 1     23.62                     17.07   6.55    17.10

SNOWFALL (IN)
  YESTERDAY        0.0                       0.0    0.0      0.0
  MONTH TO DATE    0.0                       0.0    0.0      0.0
  SINCE JUL 1      0.0                       0.0    0.0      0.0
  SNOW DEPTH       0

DEGREE DAYS
 HEATING
  YESTERDAY        0                         0      0        0
  MONTH TO DATE    0                         0      0        0
  SINCE JUN 1      2                        16    -14        0
  SINCE JUL 1      0                         0      0        0

 COOLING
  YESTERDAY       25                        13     12       24
  MONTH TO DATE  316                       266     50      270
  SINCE JUN 1    622                       508    114      690
  SINCE JAN 1    705                       587    118      761
..................................................................


WIND (MPH)
  HIGHEST WIND SPEED    21   HIGHEST WIND DIRECTION     S (190)
  HIGHEST GUST SPEED    24   HIGHEST GUST DIRECTION     S (190)
  AVERAGE WIND SPEED    11.4


SKY COVER
  POSSIBLE SUNSHINE  MM
  AVERAGE SKY COVER 0.0


WEATHER CONDITIONS
 THE FOLLOWING WEATHER WAS RECORDED YESTERDAY.
  NO SIGNIFICANT WEATHER WAS OBSERVED.


RELATIVE HUMIDITY (PERCENT)
 HIGHEST    67           300 AM
 LOWEST     40           300 PM
 AVERAGE    54

..........................................................


THE LINCOLN, NEBRASKA CLIMATE NORMALS FOR TODAY
                         NORMAL    RECORD    YEAR
 MAXIMUM TEMPERATURE (F)   89       105      2012
                                             1941
                                             1934
 MINIMUM TEMPERATURE (F)   66        53      1947
                                             1942
                                             1915


SUNRISE AND SUNSET
JULY 22 2017..........SUNRISE   614 AM CDT   SUNSET   852 PM CDT
JULY 23 2017..........SUNRISE   615 AM CDT   SUNSET   851 PM CDT


-  INDICATES NEGATIVE NUMBERS.
R  INDICATES RECORD WAS SET OR TIED.
MM INDICATES DATA IS MISSING.
T  INDICATES TRACE AMOUNT.




$$
