000
CDUS43 KOAX 172157
CLILNK


CLIMATE REPORT
NATIONAL WEATHER SERVICE OMAHA NEBRASKA
455 PM CDT THU APR 17 2014


...................................

...THE LINCOLN, NEBRASKA CLIMATE SUMMARY FOR APRIL 17 2014...
VALID TODAY AS OF 0400 PM LOCAL TIME.

CLIMATE NORMAL PERIOD 1981 TO 2010
CLIMATE RECORD PERIOD 1887 TO 2014


WEATHER ITEM   OBSERVED TIME   RECORD YEAR NORMAL DEPARTURE LAST
                VALUE   (LST)  VALUE       VALUE  FROM      YEAR
                                                  NORMAL
..................................................................
TEMPERATURE (F)
 TODAY
  MAXIMUM         57    259 PM  90    2004  65     -8       45
  MINIMUM         33    605 AM  20    1907  39     -6       35
  AVERAGE         45                        52     -7       40

PRECIPITATION (IN)
  TODAY            0.00          1.59 1952   0.09  -0.09     0.72
  MONTH TO DATE    1.48                      1.32   0.16     2.36
  SINCE MAR 1      1.61                      3.25  -1.64     4.48
  SINCE JAN 1      2.47                      4.66  -2.19     5.75

SNOWFALL (IN)
  TODAY            0.0                       0.1   -0.1      0.0
  MONTH TO DATE    0.5                       1.1   -0.6      0.5
  SINCE JUL 1     18.2                      25.6   -7.4     24.7
  SNOW DEPTH       0

DEGREE DAYS
 HEATING
  TODAY           20                        13      7       25
  MONTH TO DATE  290                       273     17      350
  SINCE MAR 1   1147                      1046    101     1279
  SINCE JUL 1   6264                      5749    515     5907

 COOLING
  TODAY            0                         0      0        0
  MONTH TO DATE    5                         0      5        0
  SINCE MAR 1      5                         1      4        0
  SINCE JAN 1      5                         1      4        0
..................................................................


WIND (MPH)
  HIGHEST WIND SPEED    22   HIGHEST WIND DIRECTION     N (350)
  HIGHEST GUST SPEED    26   HIGHEST GUST DIRECTION     N (360)
  AVERAGE WIND SPEED    11.4


SKY COVER
  POSSIBLE SUNSHINE  MM
  AVERAGE SKY COVER 0.6


WEATHER CONDITIONS
 THE FOLLOWING WEATHER WAS RECORDED TODAY.
  NO SIGNIFICANT WEATHER WAS OBSERVED.


RELATIVE HUMIDITY (PERCENT)
 HIGHEST    69           400 AM
 LOWEST     28           300 PM
 AVERAGE    49

..........................................................


THE LINCOLN, NEBRASKA CLIMATE NORMALS FOR TOMORROW
                         NORMAL    RECORD    YEAR
 MAXIMUM TEMPERATURE (F)   65        94      1994
 MINIMUM TEMPERATURE (F)   40        21      1953


SUNRISE AND SUNSET
APRIL 17 2014.........SUNRISE   645 AM CDT   SUNSET   809 PM CDT
APRIL 18 2014.........SUNRISE   644 AM CDT   SUNSET   810 PM CDT


-  INDICATES NEGATIVE NUMBERS.
R  INDICATES RECORD WAS SET OR TIED.
MM INDICATES DATA IS MISSING.
T  INDICATES TRACE AMOUNT.




$$
