000
CDUS43 KOAX 040659
CLILNK


CLIMATE REPORT
NATIONAL WEATHER SERVICE OMAHA NEBRASKA
1258 AM CST WED MAR 4 2015


...................................

...THE LINCOLN, NEBRASKA CLIMATE SUMMARY FOR MARCH 3 2015...

CLIMATE NORMAL PERIOD 1981 TO 2010
CLIMATE RECORD PERIOD 1887 TO 2015


WEATHER ITEM   OBSERVED TIME   RECORD YEAR NORMAL DEPARTURE LAST
                VALUE   (LST)  VALUE       VALUE  FROM      YEAR
                                                  NORMAL
..................................................................
TEMPERATURE (F)
 YESTERDAY
  MAXIMUM         38   1136 AM  78    1983  46     -8       21
  MINIMUM         18   1042 PM -10    1978  24     -6       -7
  AVERAGE         28                        35     -7        7

PRECIPITATION (IN)
  YESTERDAY        0.00          0.92 1923   0.04  -0.04     0.00
  MONTH TO DATE    0.00                      0.12  -0.12     0.03
  SINCE MAR 1      0.00                      0.12  -0.12     0.03
  SINCE JAN 1      1.84                      1.53   0.31     0.89

SNOWFALL (IN)
  YESTERDAY        0.0                       0.2   -0.2      0.0
  MONTH TO DATE    0.0                       0.5   -0.5      0.6
  SINCE JUL 1     21.4                      20.2    1.2     17.6
  SNOW DEPTH       0

DEGREE DAYS
 HEATING
  YESTERDAY       37                        30      7       58
  MONTH TO DATE  105                        91     14      178
  SINCE MAR 1    105                        91     14      178
  SINCE JUL 1   4792                      4794     -2     5295

 COOLING
  YESTERDAY        0                         0      0        0
  MONTH TO DATE    0                         0      0        0
  SINCE MAR 1      0                         0      0        0
  SINCE JAN 1      0                         0      0        0
..................................................................


WIND (MPH)
  HIGHEST WIND SPEED    31   HIGHEST WIND DIRECTION     N (340)
  HIGHEST GUST SPEED    39   HIGHEST GUST DIRECTION    NW (320)
  AVERAGE WIND SPEED    15.7


SKY COVER
  POSSIBLE SUNSHINE  MM
  AVERAGE SKY COVER 0.6


WEATHER CONDITIONS
 THE FOLLOWING WEATHER WAS RECORDED YESTERDAY.
  FOG
  HAZE


RELATIVE HUMIDITY (PERCENT)
 HIGHEST   100           500 AM
 LOWEST     32           600 PM
 AVERAGE    66

..........................................................


THE LINCOLN, NEBRASKA CLIMATE NORMALS FOR TODAY
                         NORMAL    RECORD    YEAR
 MAXIMUM TEMPERATURE (F)   47        80      1921
 MINIMUM TEMPERATURE (F)   24       -19      1978


SUNRISE AND SUNSET
MARCH  4 2015.........SUNRISE   657 AM CST   SUNSET   621 PM CST
MARCH  5 2015.........SUNRISE   655 AM CST   SUNSET   622 PM CST


-  INDICATES NEGATIVE NUMBERS.
R  INDICATES RECORD WAS SET OR TIED.
MM INDICATES DATA IS MISSING.
T  INDICATES TRACE AMOUNT.




$$
