000
CDUS43 KLOT 310636
CLILOT


CLIMATE REPORT
NATIONAL WEATHER SERVICE CHICAGO IL
1235 AM CST SAT JAN 31 2015


...................................

...THE ROMEOVILLE  WFO CLIMATE SUMMARY FOR JANUARY 30 2015...

CLIMATE NORMAL PERIOD 1981 TO 2010
CLIMATE RECORD PERIOD 1992 TO 2015


WEATHER ITEM   OBSERVED RECORD YEAR NORMAL DEPARTURE LAST
                VALUE   VALUE       VALUE  FROM      YEAR
                                           NORMAL
...........................................................
TEMPERATURE (F)
 YESTERDAY
  MAXIMUM         31     53    2012  31      0       33
  MINIMUM         17     -9    2004  16      1       18
  AVERAGE         24                 24      0       26

PRECIPITATION (IN)
  YESTERDAY        0.00   0.72 2002   0.05  -0.05     0.02
  MONTH TO DATE    1.27               1.88  -0.61     2.57
  SINCE DEC 1      2.32               4.13  -1.81     3.91
  SINCE JAN 1      1.27               1.88  -0.61     2.57

SNOWFALL (IN)
  YESTERDAY        0.0    7.9  2002   0.4   -0.4      0.3
  MONTH TO DATE    9.4               10.5   -1.1     29.5
  SINCE DEC 1      9.4               19.8  -10.4     41.7
  SINCE JUL 1     10.8               20.7   -9.9     42.6
  SNOW DEPTH       0

DEGREE DAYS
 HEATING
  YESTERDAY       41                 41      0
  MONTH TO DATE 1289               1254     35
  SINCE DEC 1   2316               2421   -105
  SINCE JUL 1   3792               3640    152

 COOLING
  YESTERDAY        0                  0      0
  MONTH TO DATE    0                  0      0
  SINCE DEC 1      0                  0      0
  SINCE JAN 1      0                  0      0
...........................................................







THE ROMEOVILLE  WFO CLIMATE NORMALS FOR TODAY
                         NORMAL    RECORD    YEAR
 MAXIMUM TEMPERATURE (F)   32        57      2012
 MINIMUM TEMPERATURE (F)   16       -12      1996


SUNRISE AND SUNSET
JANUARY 31 2015.......SUNRISE   705 AM CST   SUNSET   507 PM CST
FEBRUARY  1 2015......SUNRISE   704 AM CST   SUNSET   508 PM CST


-  INDICATES NEGATIVE NUMBERS.
R  INDICATES RECORD WAS SET OR TIED.
MM INDICATES DATA IS MISSING.
T  INDICATES TRACE AMOUNT.




$$
