000
CDUS43 KLOT 280638
CLILOT


CLIMATE REPORT
NATIONAL WEATHER SERVICE CHICAGO IL
137 AM CDT THU JUL 28 2016


...................................

...THE ROMEOVILLE  WFO CLIMATE SUMMARY FOR JULY 27 2016...

CLIMATE NORMAL PERIOD 1981 TO 2010
CLIMATE RECORD PERIOD 1992 TO 2016


WEATHER ITEM   OBSERVED RECORD YEAR NORMAL DEPARTURE LAST
                VALUE   VALUE       VALUE  FROM      YEAR
                                           NORMAL
...........................................................
TEMPERATURE (F)
 YESTERDAY
  MAXIMUM         87     94    1997  84      3       89
  MINIMUM         68     55    2013  64      4       68
                               1994
  AVERAGE         78                 74      4       79

PRECIPITATION (IN)
  YESTERDAY        0.00   4.90 2003   0.16  -0.16     0.00
  MONTH TO DATE    6.88               4.05   2.83     3.73
  SINCE JUN 1      9.07               8.39   0.68    12.23
  SINCE JAN 1     21.30              23.09  -1.79    24.14

DEGREE DAYS
 HEATING
  YESTERDAY        0                  0      0
  MONTH TO DATE    2                  0      2
  SINCE JUN 1      9                 33    -24
  SINCE JUL 1      2                  0      2

 COOLING
  YESTERDAY       13                  9      4
  MONTH TO DATE  270                243     27
  SINCE JUN 1    488                423     65
  SINCE JAN 1    581                481    100
...........................................................







THE ROMEOVILLE  WFO CLIMATE NORMALS FOR TODAY
                         NORMAL    RECORD    YEAR
 MAXIMUM TEMPERATURE (F)   83        91      2010
                                             2006
                                             1999
 MINIMUM TEMPERATURE (F)   64        50      2013


SUNRISE AND SUNSET
JULY 28 2016..........SUNRISE   543 AM CDT   SUNSET   814 PM CDT
JULY 29 2016..........SUNRISE   544 AM CDT   SUNSET   813 PM CDT


-  INDICATES NEGATIVE NUMBERS.
R  INDICATES RECORD WAS SET OR TIED.
MM INDICATES DATA IS MISSING.
T  INDICATES TRACE AMOUNT.




$$
