000
CDUS43 KLOT 050659
CLILOT


CLIMATE REPORT
NATIONAL WEATHER SERVICE CHICAGO IL
158 AM CDT THU MAY 5 2016


...................................

...THE ROMEOVILLE  WFO CLIMATE SUMMARY FOR MAY 4 2016...

CLIMATE NORMAL PERIOD 1981 TO 2010
CLIMATE RECORD PERIOD 1992 TO 2016


WEATHER ITEM   OBSERVED RECORD YEAR NORMAL DEPARTURE LAST
                VALUE   VALUE       VALUE  FROM      YEAR
                                           NORMAL
...........................................................
TEMPERATURE (F)
 YESTERDAY
  MAXIMUM         53     82    2000  68    -15       75
                               1999
  MINIMUM         42     35    2005  46     -4       55
  AVERAGE         48                 57     -9       65

PRECIPITATION (IN)
  YESTERDAY        0.20   1.07 2003   0.14   0.06     0.08
  MONTH TO DATE    0.53               0.58  -0.05     0.10
  SINCE MAR 1      7.16               7.31  -0.15     4.35
  SINCE JAN 1      9.23              11.02  -1.79     7.19

DEGREE DAYS
 HEATING
  YESTERDAY       17                  9      8
  MONTH TO DATE   61                 37     24
  SINCE MAR 1   1160               1303   -143
  SINCE JUL 1   5193               6031   -838

 COOLING
  YESTERDAY        0                  1     -1
  MONTH TO DATE    0                  2     -2
  SINCE MAR 1     11                  7      4
  SINCE JAN 1     11                  7      4
...........................................................







THE ROMEOVILLE  WFO CLIMATE NORMALS FOR TODAY
                         NORMAL    RECORD    YEAR
 MAXIMUM TEMPERATURE (F)   68        84      2000
 MINIMUM TEMPERATURE (F)   46        32      1992


SUNRISE AND SUNSET
MAY  5 2016...........SUNRISE   543 AM CDT   SUNSET   755 PM CDT
MAY  6 2016...........SUNRISE   542 AM CDT   SUNSET   756 PM CDT


-  INDICATES NEGATIVE NUMBERS.
R  INDICATES RECORD WAS SET OR TIED.
MM INDICATES DATA IS MISSING.
T  INDICATES TRACE AMOUNT.




$$
