000
CDUS43 KLMK 260628
CLILOU


CLIMATE REPORT
NATIONAL WEATHER SERVICE LOUISVILLE KY
227 AM EDT MON SEP 26 2016


...................................

...THE LOUISVILLE BOWMAN KY CLIMATE SUMMARY FOR SEPTEMBER 25 2016...

CLIMATE NORMAL PERIOD 1981 TO 2010
CLIMATE RECORD PERIOD 9999 TO 9999


WEATHER ITEM   OBSERVED TIME   RECORD YEAR NORMAL DEPARTURE LAST
                VALUE   (LST)  VALUE       VALUE  FROM      YEAR
                                                  NORMAL
..................................................................
TEMPERATURE (F)
 YESTERDAY
  MAXIMUM         91    228 PM  MM      MM  76     15       77
  MINIMUM         67    542 AM  MM      MM  55     12       59
  AVERAGE         79                        65     14       68

PRECIPITATION (IN)
  YESTERDAY        0.00         MM      MM   0.11  -0.11     0.08
  MONTH TO DATE    0.83                      2.52  -1.69     0.87
  SINCE SEP 1      0.83                      2.52  -1.69     0.87
  SINCE JAN 1     36.40                     34.06   2.34    41.54

SNOWFALL (IN)
  YESTERDAY       MM            MM      MM  MM     MM       MM
  MONTH TO DATE   MM                        MM     MM       MM
  SINCE SEP 1     MM                        MM     MM       MM
  SINCE JUL 1     MM                        MM     MM       MM
  SNOW DEPTH      MM

DEGREE DAYS
 HEATING
  YESTERDAY        0                         3     -3        0
  MONTH TO DATE    0                        19    -19        6
  SINCE SEP 1      0                        19    -19        6
  SINCE JUL 1      0                        19    -19        6

 COOLING
  YESTERDAY       14                         3     11        3
  MONTH TO DATE  300                       160    140      212
  SINCE SEP 1    300                       160    140      212
  SINCE JAN 1   1774                      1399    375     1509
..................................................................


WIND (MPH)
  HIGHEST WIND SPEED     6   HIGHEST WIND DIRECTION     W (270)
  HIGHEST GUST SPEED    13   HIGHEST GUST DIRECTION     E (100)
  AVERAGE WIND SPEED     1.3


SKY COVER
  POSSIBLE SUNSHINE  MM
  AVERAGE SKY COVER 0.0


WEATHER CONDITIONS
 THE FOLLOWING WEATHER WAS RECORDED YESTERDAY.
  FOG
  HAZE


RELATIVE HUMIDITY (PERCENT)
 HIGHEST    84           300 AM
 LOWEST     38           200 PM
 AVERAGE    61

..........................................................


THE LOUISVILLE BOWMAN KY CLIMATE NORMALS FOR TODAY
                         NORMAL
 MAXIMUM TEMPERATURE (F)   76
 MINIMUM TEMPERATURE (F)   54


SUNRISE AND SUNSET
SEPTEMBER 26 2016.....SUNRISE   734 AM EDT   SUNSET   733 PM EDT
SEPTEMBER 27 2016.....SUNRISE   735 AM EDT   SUNSET   731 PM EDT


-  INDICATES NEGATIVE NUMBERS.
R  INDICATES RECORD WAS SET OR TIED.
MM INDICATES DATA IS MISSING.
T  INDICATES TRACE AMOUNT.




$$
