367
CDUS43 KJKL 300533
CLILOZ

CLIMATE REPORT
NATIONAL WEATHER SERVICE JACKSON KY
133 AM EDT SUN APR 30 2017
...................................

...THE LONDON KY CLIMATE SUMMARY FOR APRIL 29 2017...

CLIMATE NORMAL PERIOD 1981 TO 2010
CLIMATE RECORD PERIOD 1954 TO 2017

WEATHER ITEM   OBSERVED TIME   RECORD YEAR NORMAL DEPARTURE LAST
                VALUE   (LST)  VALUE       VALUE  FROM      YEAR
                                                  NORMAL
..................................................................
TEMPERATURE (F)
 YESTERDAY
  MAXIMUM         88R   220 PM  86    1970  73     15       78
  MINIMUM         63    605 AM  30    1961  49     14       51
  AVERAGE         76                        60     16       65

PRECIPITATION (IN)
  YESTERDAY        0.00          1.33 1994   0.14  -0.14     0.00
  MONTH TO DATE    5.31                      3.92   1.39     2.90
  SINCE MAR 1     10.34                      7.97   2.37     5.03

SNOWFALL (IN)
  YESTERDAY       MM
  MONTH TO DATE   MM
  SINCE MAR 1     MM
  SINCE JUL 1     MM
  SNOW DEPTH      MM

DEGREE DAYS
 HEATING
  YESTERDAY        0                         6     -6        0
  MONTH TO DATE  124                       270   -146      228
  SINCE MAR 1    637                       819   -182      627
  SINCE JUL 1   3232                      4095   -863     3543

 COOLING
  YESTERDAY       11                         1     10        0
  MONTH TO DATE   43                        21     22       22
  SINCE MAR 1     46                        24     22       22
  SINCE JAN 1     46                        24     22       22
..................................................................

WIND (MPH)
  HIGHEST WIND SPEED    16   HIGHEST WIND DIRECTION     S (190)
  HIGHEST GUST SPEED    22   HIGHEST GUST DIRECTION     S (180)
  AVERAGE WIND SPEED     4.5

SKY COVER
  POSSIBLE SUNSHINE  MM
  AVERAGE SKY COVER 0.1

WEATHER CONDITIONS
 THE FOLLOWING WEATHER WAS RECORDED YESTERDAY.
  FOG

RELATIVE HUMIDITY (PERCENT)
 HIGHEST    93           600 AM
 LOWEST     42           100 PM
 AVERAGE    68
..........................................................

THE LONDON KY CLIMATE NORMALS FOR TODAY
                         NORMAL    RECORD    YEAR
 MAXIMUM TEMPERATURE (F)   73        89      1962
 MINIMUM TEMPERATURE (F)   49        33      2008
                                             1988

SUNRISE AND SUNSET
APRIL 30 2017.........SUNRISE   643 AM EDT   SUNSET   825 PM EDT
MAY  1 2017...........SUNRISE   642 AM EDT   SUNSET   826 PM EDT

-  INDICATES NEGATIVE NUMBERS.
R  INDICATES RECORD WAS SET OR TIED.
MM INDICATES DATA IS MISSING.
T  INDICATES TRACE AMOUNT.

$$
