000
CDUS43 KJKL 200541
CLILOZ

CLIMATE REPORT
NATIONAL WEATHER SERVICE JACKSON KY
123 AM EDT FRI OCT 20 2017

...................................

...THE LONDON KY CLIMATE SUMMARY FOR OCTOBER 19 2017...

CLIMATE NORMAL PERIOD 1981 TO 2010
CLIMATE RECORD PERIOD 1954 TO 2017

WEATHER ITEM   OBSERVED TIME   RECORD YEAR NORMAL DEPARTURE LAST
                VALUE   (LST)  VALUE       VALUE  FROM      YEAR
                                                  NORMAL
..................................................................
TEMPERATURE (F)
 YESTERDAY
  MAXIMUM         71    328 PM  87    2016  69      2       87
  MINIMUM         39    630 AM  29    2009  44     -5       58
  AVERAGE         55                        56     -1       73

PRECIPITATION (IN)
  YESTERDAY        0.00          2.04 1993   0.09  -0.09     0.00
  MONTH TO DATE    3.45                      1.78   1.67     0.08
  SINCE SEP 1      5.24                      5.15   0.09     1.26

SNOWFALL (IN)
  YESTERDAY       MM
  MONTH TO DATE   MM
  SINCE SEP 1     MM
  SINCE JUL 1     MM
  SNOW DEPTH      MM

DEGREE DAYS
 HEATING
  YESTERDAY       10                         9      1        0
  MONTH TO DATE   56                       129    -73       46
  SINCE SEP 1     97                       175    -78       67
  SINCE JUL 1     97                       176    -79       67

 COOLING
  YESTERDAY        0                         0      0        8
  MONTH TO DATE   42                        17     25       36
  SINCE SEP 1    166                       160      6      268
  SINCE JAN 1   1135                      1184    -49     1491
..................................................................

WIND (MPH)
  HIGHEST WIND SPEED    10   HIGHEST WIND DIRECTION    SW (240)
  HIGHEST GUST SPEED    18   HIGHEST GUST DIRECTION    SW (240)
  AVERAGE WIND SPEED     2.1

SKY COVER
  POSSIBLE SUNSHINE  MM
  AVERAGE SKY COVER 0.0

WEATHER CONDITIONS
 THE FOLLOWING WEATHER WAS RECORDED YESTERDAY.
  FOG

RELATIVE HUMIDITY (PERCENT)
 HIGHEST    96           300 AM
 LOWEST     37           300 PM
 AVERAGE    67
..........................................................

THE LONDON KY CLIMATE NORMALS FOR TODAY
                         NORMAL    RECORD    YEAR
 MAXIMUM TEMPERATURE (F)   68        82      2016
                                             1963
 MINIMUM TEMPERATURE (F)   44        26      1964

SUNRISE AND SUNSET
OCTOBER 20 2017.......SUNRISE   749 AM EDT   SUNSET   653 PM EDT
OCTOBER 21 2017.......SUNRISE   750 AM EDT   SUNSET   651 PM EDT

-  INDICATES NEGATIVE NUMBERS.
R  INDICATES RECORD WAS SET OR TIED.
MM INDICATES DATA IS MISSING.
T  INDICATES TRACE AMOUNT.

$$

SHALLENBERGER
