000
CDUS43 KJKL 160537
CLILOZ

CLIMATE REPORT
NATIONAL WEATHER SERVICE JACKSON KY
137 AM EDT TUE SEP 16 2014

...................................

...THE LONDON KY CLIMATE SUMMARY FOR SEPTEMBER 15 2014...

CLIMATE NORMAL PERIOD 1981 TO 2010
CLIMATE RECORD PERIOD 1954 TO 2014

WEATHER ITEM   OBSERVED TIME   RECORD YEAR NORMAL DEPARTURE LAST
                VALUE   (LST)  VALUE       VALUE  FROM      YEAR
                                                  NORMAL
..................................................................
TEMPERATURE (F)
 YESTERDAY
  MAXIMUM         75    236 PM  94    1991  80     -5       79
  MINIMUM         53    622 AM  36    1964  57     -4       50
  AVERAGE         64                        69     -5       65

PRECIPITATION (IN)
  YESTERDAY        0.00          1.63 1981   0.11  -0.11     0.00
  MONTH TO DATE    1.36                      1.67  -0.31     0.81
  SINCE SEP 1      1.36                      1.67  -0.31     0.81
  SINCE JAN 1        MM                     34.35     MM    41.85

SNOWFALL (IN)
  YESTERDAY       MM
  MONTH TO DATE   MM
  SINCE SEP 1     MM
  SINCE JUL 1     MM
  SNOW DEPTH      MM

DEGREE DAYS
 HEATING
  YESTERDAY        1                         1      0        0
  MONTH TO DATE    6                         5      1        7
  SINCE SEP 1      6                         5      1        7
  SINCE JUL 1      6                         6      0        7

 COOLING
  YESTERDAY        0                         5     -5        0
  MONTH TO DATE  126                        97     29      117
  SINCE SEP 1    126                        97     29      117
  SINCE JAN 1     MM                      1121     MM     1009
..................................................................

WIND (MPH)
  HIGHEST WIND SPEED     9   HIGHEST WIND DIRECTION     W (270)
  HIGHEST GUST SPEED    12   HIGHEST GUST DIRECTION     S (190)
  AVERAGE WIND SPEED     2.1

SKY COVER
  POSSIBLE SUNSHINE  MM
  AVERAGE SKY COVER 0.3

WEATHER CONDITIONS
 THE FOLLOWING WEATHER WAS RECORDED YESTERDAY.
  FOG
  FOG W/VISIBILITY <= 1/4 MILE

RELATIVE HUMIDITY (PERCENT)
 HIGHEST    93          1200 AM
 LOWEST     53           300 PM
 AVERAGE    73
..........................................................

THE LONDON KY CLIMATE NORMALS FOR TODAY
                         NORMAL    RECORD    YEAR
 MAXIMUM TEMPERATURE (F)   80        92      1955
 MINIMUM TEMPERATURE (F)   57        36      1961

SUNRISE AND SUNSET
SEPTEMBER 16 2014.....SUNRISE   719 AM EDT   SUNSET   742 PM EDT
SEPTEMBER 17 2014.....SUNRISE   720 AM EDT   SUNSET   741 PM EDT

-  INDICATES NEGATIVE NUMBERS.
R  INDICATES RECORD WAS SET OR TIED.
MM INDICATES DATA IS MISSING.
T  INDICATES TRACE AMOUNT.

$$

GEOGERIAN
