000
CDUS44 KCRP 191032
CLILRD

CLIMATE REPORT
NATIONAL WEATHER SERVICE CORPUS CHRISTI TX
428 AM CST SUN NOV 19 2017

...THE LAREDO CLIMATE SUMMARY FOR NOVEMBER 18 2017...

CLIMATE NORMAL PERIOD 1981 TO 2010
CLIMATE RECORD PERIOD 1900 TO 2017


WEATHER ITEM   OBSERVED TIME   RECORD YEAR NORMAL DEPARTURE LAST
                VALUE   (LST)  VALUE       VALUE  FROM      YEAR
                                                  NORMAL
..................................................................
TEMPERATURE (F)
 YESTERDAY
  MAXIMUM         86        MM  92    1921  75     11       85
  MINIMUM         65        MM  31    1959  54     11       65
  AVERAGE         76                        65     11       75

PRECIPITATION (IN)
  YESTERDAY        0.00          0.86 2000   0.04  -0.04     0.00
  MONTH TO DATE    0.62                      0.78  -0.16     0.67
  SINCE SEP 1      9.68                      5.92   3.76     5.80
  SINCE JAN 1     22.27                     18.91   3.36    22.88

SNOWFALL (IN)
  YESTERDAY        0.0
  MONTH TO DATE    0.0
  SINCE SEP 1      0.0
  SINCE JUL 1      0.0

DEGREE DAYS
 HEATING
  YESTERDAY        0                         4     -4        0
  MONTH TO DATE   20                        41    -21        0
  SINCE SEP 1     43                        53    -10        0
  SINCE JUL 1     43                        53    -10        0

 COOLING
  YESTERDAY       11                         3      8       10
  MONTH TO DATE  171                        95     76      164
  SINCE SEP 1   1088                       981    107     1250
  SINCE JAN 1   4813                      4224    589     4669
..................................................................


WIND (MPH)
  HIGHEST WIND SPEED    MM   HIGHEST WIND DIRECTION    MM
  HIGHEST GUST SPEED    MM   HIGHEST GUST DIRECTION    MM
  AVERAGE WIND SPEED    MM


SKY COVER
  POSSIBLE SUNSHINE  MM
  AVERAGE SKY COVER 0.4


WEATHER CONDITIONS
 THE FOLLOWING WEATHER WAS RECORDED YESTERDAY.
  NO SIGNIFICANT WEATHER WAS OBSERVED.


RELATIVE HUMIDITY (PERCENT)
 HIGHEST    97           300 AM
 LOWEST     32           600 PM

..........................................................


THE LAREDO CLIMATE NORMALS FOR TODAY
                         NORMAL    RECORD    YEAR
 MAXIMUM TEMPERATURE (F)   75        93      2011
 MINIMUM TEMPERATURE (F)   54        32      1917


SUNRISE AND SUNSET
NOVEMBER 19 2017......SUNRISE   702 AM CST   SUNSET   544 PM CST
NOVEMBER 20 2017......SUNRISE   703 AM CST   SUNSET   544 PM CST


-  INDICATES NEGATIVE NUMBERS.
R  INDICATES RECORD WAS SET OR TIED.
MM INDICATES DATA IS MISSING.
T  INDICATES TRACE AMOUNT.

$$

87
