000
CDUS44 KCRP 202148
CLILRD

CLIMATE REPORT
NATIONAL WEATHER SERVICE CORPUS CHRISTI TX
348 PM CST THU NOV 20 2014


...THE LAREDO CLIMATE SUMMARY FOR NOVEMBER 20 2014...
VALID TODAY AS OF 330 PM LOCAL TIME.

CLIMATE NORMAL PERIOD 1981 TO 2010
CLIMATE RECORD PERIOD 1900 TO 2014


WEATHER ITEM   OBSERVED TIME   RECORD YEAR NORMAL DEPARTURE LAST
                VALUE   (LST)  VALUE       VALUE  FROM      YEAR
                                                  NORMAL
..................................................................
TEMPERATURE (F)
 TODAY
  MAXIMUM         72    200 PM  93    2011  75     -3       83
  MINIMUM         55    311 AM  28    1969  53      2       64
  AVERAGE         64                        64      0       74

PRECIPITATION (IN)
  TODAY            T             1.70 1985   0.03  -0.03     0.00
  MONTH TO DATE    1.81                      0.85   0.96     0.10
  SINCE SEP 1      8.09                      5.99   2.10     7.23
  SINCE JAN 1     15.67                     18.98  -3.31    20.10

SNOWFALL (IN)
  TODAY            0.0
  MONTH TO DATE    0.0
  SINCE SEP 1      0.0
  SINCE JUL 1      0.0

DEGREE DAYS
 HEATING
  TODAY            1                         4     -3        0
  MONTH TO DATE  134                        49     85       34
  SINCE SEP 1    134                        61     73       34
  SINCE JUL 1    134                        61     73       34

 COOLING
  TODAY            0                         3     -3        9
  MONTH TO DATE   34                       101    -67      111
  SINCE SEP 1   1015                       987     28     1063
  SINCE JAN 1   4448                      4230    218     4468
..................................................................


WIND (MPH)
  HIGHEST WIND SPEED    15   HIGHEST WIND DIRECTION     S (170)
  HIGHEST GUST SPEED    18   HIGHEST GUST DIRECTION     S (170)


SKY COVER
  POSSIBLE SUNSHINE  MM
  AVERAGE SKY COVER 0.7


WEATHER CONDITIONS
 THE FOLLOWING WEATHER WAS RECORDED TODAY.
  LIGHT RAIN
  FOG


RELATIVE HUMIDITY (PERCENT)
 HIGHEST   100           300 AM
 LOWEST     83          1200 AM
 AVERAGE    92

..........................................................


THE LAREDO CLIMATE NORMALS FOR TOMORROW
                         NORMAL    RECORD    YEAR
 MAXIMUM TEMPERATURE (F)   74        93      1909
 MINIMUM TEMPERATURE (F)   53        21      1906


SUNRISE AND SUNSET
NOVEMBER 20 2014......SUNRISE   702 AM CST   SUNSET   544 PM CST
NOVEMBER 21 2014......SUNRISE   703 AM CST   SUNSET   544 PM CST


-  INDICATES NEGATIVE NUMBERS.
R  INDICATES RECORD WAS SET OR TIED.
MM INDICATES DATA IS MISSING.
T  INDICATES TRACE AMOUNT.


$$

TMT
