000
CDUS44 KCRP 300033 RRA
CLILRD

CLIMATE REPORT
NATIONAL WEATHER SERVICE CORPUS CHRISTI TX
729 PM CDT MON MAY 29 2017


...................................

...THE LAREDO CLIMATE SUMMARY FOR MAY 29 2017...
VALID TODAY AS OF 700 PM LOCAL TIME.

CLIMATE NORMAL PERIOD 1981 TO 2010
CLIMATE RECORD PERIOD 1900 TO 2017


WEATHER ITEM   OBSERVED TIME   RECORD YEAR NORMAL DEPARTURE LAST
                VALUE   (LST)  VALUE       VALUE  FROM      YEAR
                                                  NORMAL
..................................................................
TEMPERATURE (F)
 TODAY
  MAXIMUM         90        MM 109    1912  96     -6       95
  MINIMUM         72        MM  59    1917  74     -2       78
  AVERAGE         81                        85     -4       87

PRECIPITATION (IN)
  TODAY            T             1.29 1995   0.08  -0.08     0.00
  MONTH TO DATE    5.61                      2.32   3.29     2.33
  SINCE MAR 1      9.43                      4.86   4.57     8.21
  SINCE JAN 1     10.40                      6.70   3.70    10.10

SNOWFALL (IN)
  TODAY            0.0
  MONTH TO DATE    0.0
  SINCE MAR 1      0.0
  SINCE JUL 1      0.0

DEGREE DAYS
 HEATING
  TODAY            0                         0      0        0
  MONTH TO DATE    0                         0      0        0
  SINCE MAR 1     16                        82    -66       18
  SINCE JUL 1    396                       926   -530      594

 COOLING
  TODAY           16                        20     -4       22
  MONTH TO DATE  513                       503     10      469
  SINCE MAR 1   1181                      1018    163     1110
  SINCE JAN 1   1487                      1103    384     1228
..................................................................


WIND (MPH)
  HIGHEST WIND SPEED    12   HIGHEST WIND DIRECTION    SE (120)
  HIGHEST GUST SPEED    MM   HIGHEST GUST DIRECTION    MM


SKY COVER
  POSSIBLE SUNSHINE  MM
  AVERAGE SKY COVER 0.1


WEATHER CONDITIONS
 THE FOLLOWING WEATHER WAS RECORDED TODAY.
  THUNDERSTORM
  LIGHT RAIN
  FOG


RELATIVE HUMIDITY (PERCENT)
 HIGHEST    93           500 AM
 LOWEST     50           400 PM
 AVERAGE    72

..........................................................


THE LAREDO CLIMATE NORMALS FOR TOMORROW
                         NORMAL    RECORD    YEAR
 MAXIMUM TEMPERATURE (F)   96       107      2011
                                             1998
 MINIMUM TEMPERATURE (F)   74        56      1984


SUNRISE AND SUNSET
MAY 29 2017...........SUNRISE   643 AM CDT   SUNSET   828 PM CDT
MAY 30 2017...........SUNRISE   643 AM CDT   SUNSET   828 PM CDT


-  INDICATES NEGATIVE NUMBERS.
R  INDICATES RECORD WAS SET OR TIED.
MM INDICATES DATA IS MISSING.
T  INDICATES TRACE AMOUNT.




$$

92
