000
CDUS44 KCRP 270135 RRA
CLILRD

CLIMATE REPORT
NATIONAL WEATHER SERVICE CORPUS CHRISTI TX
831 PM CDT FRI AUG 26 2016


...................................

...THE LAREDO CLIMATE SUMMARY FOR AUGUST 26 2016...
VALID TODAY AS OF 700 PM LOCAL TIME.

CLIMATE NORMAL PERIOD 1981 TO 2010
CLIMATE RECORD PERIOD 1900 TO 2016


WEATHER ITEM   OBSERVED TIME   RECORD YEAR NORMAL DEPARTURE LAST
                VALUE   (LST)  VALUE       VALUE  FROM      YEAR
                                                  NORMAL
..................................................................
TEMPERATURE (F)
 TODAY
  MAXIMUM         97        MM 108    1935  99     -2      102
  MINIMUM         75        MM  62    1973  77     -2       76
  AVERAGE         86                        88     -2       89

PRECIPITATION (IN)
  TODAY            0.00          1.00 1918   0.09  -0.09     0.00
  MONTH TO DATE    2.85                      1.40   1.45     0.03
  SINCE JUN 1      6.11                      5.64   0.47     1.29
  SINCE JAN 1     16.62                     12.51   4.11    19.99

SNOWFALL (IN)
  TODAY            0.0
  MONTH TO DATE    0.0
  SINCE JUN 1      0.0
  SINCE JUL 1      0.0

DEGREE DAYS
 HEATING
  TODAY            0                         0      0        0
  MONTH TO DATE    0                         0      0        0
  SINCE JUN 1      0                         0      0        0
  SINCE JUL 1      0                         0      0        0

 COOLING
  TODAY           21                        23     -2       24
  MONTH TO DATE  615                       618     -3      674
  SINCE JUN 1   2055                      1991     64     2033
  SINCE JAN 1   3319                      3134    185     2975
..................................................................


WIND (MPH)
  HIGHEST WIND SPEED    10   HIGHEST WIND DIRECTION     E (100)
  HIGHEST GUST SPEED    MM   HIGHEST GUST DIRECTION    MM


SKY COVER
  POSSIBLE SUNSHINE  MM
  AVERAGE SKY COVER 0.1


WEATHER CONDITIONS
 THE FOLLOWING WEATHER WAS RECORDED TODAY.
  NO SIGNIFICANT WEATHER WAS OBSERVED.


RELATIVE HUMIDITY (PERCENT)
 HIGHEST    94           500 AM
 LOWEST     38           400 PM
 AVERAGE    66

..........................................................


THE LAREDO CLIMATE NORMALS FOR TOMORROW
                         NORMAL    RECORD    YEAR
 MAXIMUM TEMPERATURE (F)   99       106      1940
 MINIMUM TEMPERATURE (F)   77        61      1973


SUNRISE AND SUNSET
AUGUST 26 2016........SUNRISE   714 AM CDT   SUNSET   804 PM CDT
AUGUST 27 2016........SUNRISE   715 AM CDT   SUNSET   803 PM CDT


-  INDICATES NEGATIVE NUMBERS.
R  INDICATES RECORD WAS SET OR TIED.
MM INDICATES DATA IS MISSING.
T  INDICATES TRACE AMOUNT.




$$
