000
CDUS44 KCRP 110851
CLILRD

CLIMATE REPORT
NATIONAL WEATHER SERVICE CORPUS CHRISTI TX
456 PM CDT THU JUL 10 2014

...................................

...THE LAREDO CLIMATE SUMMARY FOR JULY 10 2014...
VALID TODAY AS OF 434 PM LOCAL TIME.

CLIMATE NORMAL PERIOD 1981 TO 2010
CLIMATE RECORD PERIOD 1900 TO 2014


WEATHER ITEM   OBSERVED TIME   RECORD YEAR NORMAL DEPARTURE LAST
                VALUE   (LST)  VALUE       VALUE  FROM      YEAR
                                                  NORMAL
..................................................................
TEMPERATURE (F)
 TODAY
  MAXIMUM         88    334 PM 109    1917  99    -11      101
  MINIMUM         73    921 AM  64    1905  77     -4       77
  AVERAGE         81                        88     -7       89

PRECIPITATION (IN)
  TODAY           MM             1.89 1996   0.09  MM        0.00
  MONTH TO DATE    0.40                      0.80  -0.40      T
  SINCE JUN 1      0.95                      3.03  -2.08     2.01
  SINCE JAN 1      5.98                      9.90  -3.92     9.09

SNOWFALL (IN)
  TODAY            0.0
  MONTH TO DATE    0.0
  SINCE JUN 1      0.0
  SINCE JUL 1      0.0

DEGREE DAYS
 HEATING
  TODAY            0                         0      0        0
  MONTH TO DATE    0                         0      0        0
  SINCE JUN 1      0                         0      0        0
  SINCE JUL 1      0                         0      0        0

 COOLING
  TODAY           16                        23     -7       24
  MONTH TO DATE  223                       230     -7      221
  SINCE JUN 1    959                       890     69      927
  SINCE JAN 1   2084                      2033     51     2128
..................................................................


WIND (MPH)
  HIGHEST WIND SPEED    20   HIGHEST WIND DIRECTION     E (110)
  HIGHEST GUST SPEED    25   HIGHEST GUST DIRECTION    SE (130)


SKY COVER
  POSSIBLE SUNSHINE  MM
  AVERAGE SKY COVER 0.6


WEATHER CONDITIONS
 THE FOLLOWING WEATHER WAS RECORDED TODAY.
  RAIN
  LIGHT RAIN
  FOG


RELATIVE HUMIDITY (PERCENT)
 HIGHEST    93           900 AM
 LOWEST     53          1200 AM
 AVERAGE    73

..........................................................


THE LAREDO CLIMATE NORMALS FOR TOMORROW
                         NORMAL    RECORD    YEAR
 MAXIMUM TEMPERATURE (F)   99       108      1998
 MINIMUM TEMPERATURE (F)   77        64      1905


SUNRISE AND SUNSET
JULY 10 2014..........SUNRISE   650 AM CDT   SUNSET   836 PM CDT
JULY 11 2014..........SUNRISE   650 AM CDT   SUNSET   836 PM CDT


-  INDICATES NEGATIVE NUMBERS.
R  INDICATES RECORD WAS SET OR TIED.
MM INDICATES DATA IS MISSING.
T  INDICATES TRACE AMOUNT.




$$
