000
CDUS44 KCRP 221002
CLILRD

CLIMATE REPORT
NATIONAL WEATHER SERVICE CORPUS CHRISTI TX
400 AM CST MON DEC 22 2014

...................................

...THE LAREDO CLIMATE SUMMARY FOR DECEMBER 21 2014...

CLIMATE NORMAL PERIOD 1981 TO 2010
CLIMATE RECORD PERIOD 1900 TO 2014


WEATHER ITEM   OBSERVED TIME   RECORD YEAR NORMAL DEPARTURE LAST
                VALUE   (LST)  VALUE       VALUE  FROM      YEAR
                                                  NORMAL
..................................................................
TEMPERATURE (F)
 YESTERDAY
  MAXIMUM         67    518 PM  88    1981  67      0       79
  MINIMUM         51    406 AM  16    1973  46      5       56
  AVERAGE         59                        56      3       68

PRECIPITATION (IN)
  YESTERDAY        0.00          1.01 1942   0.03  -0.03      T
  MONTH TO DATE    0.14                      0.56  -0.42     0.01
  SINCE DEC 1      0.14                      0.56  -0.42     0.01
  SINCE JAN 1     15.81                     19.88  -4.07    20.41

SNOWFALL (IN)
  YESTERDAY        0.0
  MONTH TO DATE    0.0
  SINCE DEC 1      0.0
  SINCE JUL 1      0.0

DEGREE DAYS
 HEATING
  YESTERDAY        6                        10     -4        0
  MONTH TO DATE   71                       175   -104      183
  SINCE DEC 1     71                       175   -104      183
  SINCE JUL 1    229                       290    -61      348

 COOLING
  YESTERDAY        0                         1     -1        3
  MONTH TO DATE   33                        25      8       37
  SINCE DEC 1     33                        25      8       37
  SINCE JAN 1   4508                      4280    228     4519
..................................................................


WIND (MPH)
  HIGHEST WIND SPEED    17   HIGHEST WIND DIRECTION    SE (150)
  HIGHEST GUST SPEED    23   HIGHEST GUST DIRECTION     S (160)
  AVERAGE WIND SPEED     4.8


SKY COVER
  POSSIBLE SUNSHINE  MM
  AVERAGE SKY COVER 0.5


WEATHER CONDITIONS
 THE FOLLOWING WEATHER WAS RECORDED YESTERDAY.
  FOG


RELATIVE HUMIDITY (PERCENT)
 HIGHEST    96           800 AM
 LOWEST     63           300 PM

..........................................................


THE LAREDO CLIMATE NORMALS FOR TODAY
                         NORMAL    RECORD    YEAR
 MAXIMUM TEMPERATURE (F)   67        85      1970
 MINIMUM TEMPERATURE (F)   46        18      1973


SUNRISE AND SUNSET
DECEMBER 22 2014......SUNRISE   724 AM CST   SUNSET   549 PM CST
DECEMBER 23 2014......SUNRISE   725 AM CST   SUNSET   549 PM CST


-  INDICATES NEGATIVE NUMBERS.
R  INDICATES RECORD WAS SET OR TIED.
MM INDICATES DATA IS MISSING.
T  INDICATES TRACE AMOUNT.

$$
