000
CDUS44 KCRP 050824
CLILRD

CLIMATE REPORT
NATIONAL WEATHER SERVICE CORPUS CHRISTI TX
321 AM CDT SAT SEP 5 2015


...................................

...THE LAREDO CLIMATE SUMMARY FOR SEPTEMBER 4 2015...

CLIMATE NORMAL PERIOD 1981 TO 2010
CLIMATE RECORD PERIOD 1900 TO 2015


WEATHER ITEM   OBSERVED TIME   RECORD YEAR NORMAL DEPARTURE LAST
                VALUE   (LST)  VALUE       VALUE  FROM      YEAR
                                                  NORMAL
..................................................................
TEMPERATURE (F)
 YESTERDAY
  MAXIMUM        101    450 PM 107    2000  97      4       92
  MINIMUM         79    549 AM  64    1974  75      4       75
  AVERAGE         90                        86      4       84

PRECIPITATION (IN)
  YESTERDAY        0.00          2.49 1953   0.11  -0.11     0.08
  MONTH TO DATE    0.00                      0.44  -0.44     0.43
  SINCE SEP 1      0.00                      0.44  -0.44     0.43
  SINCE JAN 1     19.99                     13.43   6.56     8.01

SNOWFALL (IN)
  YESTERDAY        0.0
  MONTH TO DATE    0.0
  SINCE SEP 1      0.0
  SINCE JUL 1      0.0

DEGREE DAYS
 HEATING
  YESTERDAY        0                         0      0        0
  MONTH TO DATE    0                         0      0        0
  SINCE SEP 1      0                         0      0        0
  SINCE JUL 1      0                         0      0        0

 COOLING
  YESTERDAY       25                        21      4       19
  MONTH TO DATE   91                        85      6       88
  SINCE SEP 1     91                        85      6       88
  SINCE JAN 1   3180                      3328   -148     3521
..................................................................


WIND (MPH)
  HIGHEST WIND SPEED    23   HIGHEST WIND DIRECTION     E (110)
  HIGHEST GUST SPEED    28   HIGHEST GUST DIRECTION     E (110)
  AVERAGE WIND SPEED    12.1


SKY COVER
  POSSIBLE SUNSHINE  MM
  AVERAGE SKY COVER 0.5


WEATHER CONDITIONS
 THE FOLLOWING WEATHER WAS RECORDED YESTERDAY.
  NO SIGNIFICANT WEATHER WAS OBSERVED.


RELATIVE HUMIDITY (PERCENT)
 HIGHEST    85           500 AM
 LOWEST     31           400 PM

..........................................................


THE LAREDO CLIMATE NORMALS FOR TODAY
                         NORMAL    RECORD    YEAR
 MAXIMUM TEMPERATURE (F)   96       110      2000
 MINIMUM TEMPERATURE (F)   75        56      1974


SUNRISE AND SUNSET
SEPTEMBER  5 2015.....SUNRISE   719 AM CDT   SUNSET   754 PM CDT
SEPTEMBER  6 2015.....SUNRISE   719 AM CDT   SUNSET   753 PM CDT


-  INDICATES NEGATIVE NUMBERS.
R  INDICATES RECORD WAS SET OR TIED.
MM INDICATES DATA IS MISSING.
T  INDICATES TRACE AMOUNT.

$$

CB
