000
CDUS44 KCRP 270951
CLILRD

CLIMATE REPORT
NATIONAL WEATHER SERVICE CORPUS CHRISTI TX
349 AM CST FRI FEB 27 2015


...................................

...THE LAREDO CLIMATE SUMMARY FOR FEBRUARY 26 2015...

CLIMATE NORMAL PERIOD 1981 TO 2010
CLIMATE RECORD PERIOD 1900 TO 2015


WEATHER ITEM   OBSERVED TIME   RECORD YEAR NORMAL DEPARTURE LAST
                VALUE   (LST)  VALUE       VALUE  FROM      YEAR
                                                  NORMAL
..................................................................
TEMPERATURE (F)
 YESTERDAY
  MAXIMUM         75    324 PM  96    1986  75      0       72
  MINIMUM         44    715 AM  33    1974  53     -9       43
  AVERAGE         60                        64     -4       58

PRECIPITATION (IN)
  YESTERDAY        0.00          0.78 2005   0.04  -0.04     0.04
  MONTH TO DATE    0.27                      0.85  -0.58     0.13
  SINCE DEC 1      1.81                      2.63  -0.82     1.44
  SINCE JAN 1      0.86                      1.75  -0.89     0.21

SNOWFALL (IN)
  YESTERDAY        0.0
  MONTH TO DATE    0.0
  SINCE DEC 1      0.0
  SINCE JUL 1      0.0

DEGREE DAYS
 HEATING
  YESTERDAY        5                         4      1        7
  MONTH TO DATE  172                       156     16      194
  SINCE DEC 1    728                       720      8      812
  SINCE JUL 1    886                       835     51      977

 COOLING
  YESTERDAY        0                         3     -3        0
  MONTH TO DATE   39                        52    -13       99
  SINCE DEC 1     84                       115    -31      146
  SINCE JAN 1     48                        80    -32      109
..................................................................


WIND (MPH)
  HIGHEST WIND SPEED    25   HIGHEST WIND DIRECTION     E (110)
  HIGHEST GUST SPEED    31   HIGHEST GUST DIRECTION     E (110)
  AVERAGE WIND SPEED    11.2


SKY COVER
  POSSIBLE SUNSHINE  MM
  AVERAGE SKY COVER 0.1


WEATHER CONDITIONS
 THE FOLLOWING WEATHER WAS RECORDED YESTERDAY.
  NO SIGNIFICANT WEATHER WAS OBSERVED.


RELATIVE HUMIDITY (PERCENT)
 HIGHEST    79           700 AM
 LOWEST     26           300 PM

..........................................................


THE LAREDO CLIMATE NORMALS FOR TODAY
                         NORMAL    RECORD    YEAR
 MAXIMUM TEMPERATURE (F)   75       103      2011
 MINIMUM TEMPERATURE (F)   53        28      1924


SUNRISE AND SUNSET
FEBRUARY 27 2015......SUNRISE   704 AM CST   SUNSET   637 PM CST
FEBRUARY 28 2015......SUNRISE   703 AM CST   SUNSET   638 PM CST


-  INDICATES NEGATIVE NUMBERS.
R  INDICATES RECORD WAS SET OR TIED.
MM INDICATES DATA IS MISSING.
T  INDICATES TRACE AMOUNT.

$$

CB
