000
CDUS44 KCRP 300901
CLILRD

CLIMATE REPORT
NATIONAL WEATHER SERVICE CORPUS CHRISTI TX
400 AM CDT TUE SEP 30 2014


...................................

...THE LAREDO CLIMATE SUMMARY FOR SEPTEMBER 29 2014...

CLIMATE NORMAL PERIOD 1981 TO 2010
CLIMATE RECORD PERIOD 1900 TO 2014


WEATHER ITEM   OBSERVED TIME   RECORD YEAR NORMAL DEPARTURE LAST
                VALUE   (LST)  VALUE       VALUE  FROM      YEAR
                                                  NORMAL
..................................................................
TEMPERATURE (F)
 YESTERDAY
  MAXIMUM         88    425 PM 106    1928  90     -2       79
  MINIMUM         73    707 AM  45    1918  69      4       73
  AVERAGE         81                        80      1       76

PRECIPITATION (IN)
  YESTERDAY        0.00          2.33 2012   0.08  -0.08     0.54
  MONTH TO DATE    5.74                      2.84   2.90     3.35
  SINCE SEP 1      5.74                      2.84   2.90     3.35
  SINCE JAN 1     13.32                     15.83  -2.51    16.22

SNOWFALL (IN)
  YESTERDAY        0.0
  MONTH TO DATE    0.0
  SINCE SEP 1      0.0
  SINCE JUL 1      0.0

DEGREE DAYS
 HEATING
  YESTERDAY        0                         0      0        0
  MONTH TO DATE    0                         0      0        0
  SINCE SEP 1      0                         0      0        0
  SINCE JUL 1      0                         0      0        0

 COOLING
  YESTERDAY       16                        15      1       11
  MONTH TO DATE  529                       526      3      543
  SINCE SEP 1    529                       526      3      543
  SINCE JAN 1   3962                      3769    193     3948
..................................................................


WIND (MPH)
  HIGHEST WIND SPEED    15   HIGHEST WIND DIRECTION     E (70)
  HIGHEST GUST SPEED    18   HIGHEST GUST DIRECTION     E (70)
  AVERAGE WIND SPEED     5.2


SKY COVER
  POSSIBLE SUNSHINE  MM
  AVERAGE SKY COVER 0.6


WEATHER CONDITIONS
 THE FOLLOWING WEATHER WAS RECORDED YESTERDAY.
  NO SIGNIFICANT WEATHER WAS OBSERVED.


RELATIVE HUMIDITY (PERCENT)
 HIGHEST    93           400 AM
 LOWEST     53           400 PM

..........................................................


THE LAREDO CLIMATE NORMALS FOR TODAY
                         NORMAL    RECORD    YEAR
 MAXIMUM TEMPERATURE (F)   90       100      1997
 MINIMUM TEMPERATURE (F)   69        49      1918


SUNRISE AND SUNSET
SEPTEMBER 30 2014.....SUNRISE   730 AM CDT   SUNSET   725 PM CDT
OCTOBER  1 2014.......SUNRISE   731 AM CDT   SUNSET   724 PM CDT


-  INDICATES NEGATIVE NUMBERS.
R  INDICATES RECORD WAS SET OR TIED.
MM INDICATES DATA IS MISSING.
T  INDICATES TRACE AMOUNT.




$$
