000
CDUS44 KCRP 172135
CLILRD

CLIMATE REPORT
NATIONAL WEATHER SERVICE CORPUS CHRISTI TX
332 PM CST WED JAN 17 2018


...................................

...THE LAREDO CLIMATE SUMMARY FOR JANUARY 17 2018...
VALID AS OF 300 PM LOCAL TIME.

CLIMATE NORMAL PERIOD 1981 TO 2010
CLIMATE RECORD PERIOD 1900 TO 2018


WEATHER ITEM   OBSERVED TIME   RECORD YEAR NORMAL DEPARTURE LAST
                VALUE   (LST)  VALUE       VALUE  FROM      YEAR
                                                  NORMAL
..................................................................
TEMPERATURE (F)
 TODAY
  MAXIMUM         38        MM  98    1936  67    -29       76
  MINIMUM         32        MM  25    1982  46    -14       58
  AVERAGE         35                        56    -21       67

PRECIPITATION (IN)
  TODAY            0.00          0.83 1934   0.02  -0.02     0.01
  MONTH TO DATE    0.10                      0.49  -0.39     0.01
  SINCE DEC 1      2.79                      1.37   1.42     1.63
  SINCE JAN 1      0.10                      0.49  -0.39     0.01

SNOWFALL (IN)
  TODAY            0.0
  MONTH TO DATE    T
  SINCE DEC 1      1.3
  SINCE JUL 1      1.3
  SNOW DEPTH       0

DEGREE DAYS
 HEATING
  TODAY           30                         9     21        0
  MONTH TO DATE  230                       169     61       89
  SINCE DEC 1    543                       444     99      268
  SINCE JUL 1    612                       559     53      285

 COOLING
  TODAY            0                         1     -1        2
  MONTH TO DATE    1                        17    -16       76
  SINCE DEC 1     44                        52     -8      139
  SINCE JAN 1      1                        17    -16       76
..................................................................


WIND (MPH)
  HIGHEST WIND SPEED    MM   HIGHEST WIND DIRECTION    MM
  HIGHEST GUST SPEED    MM   HIGHEST GUST DIRECTION    MM


SKY COVER
  POSSIBLE SUNSHINE  MM
  AVERAGE SKY COVER 1.0


WEATHER CONDITIONS
 THE FOLLOWING WEATHER WAS RECORDED TODAY.
  NO SIGNIFICANT WEATHER WAS OBSERVED.


RELATIVE HUMIDITY (PERCENT)
 HIGHEST    56          1200 AM
 LOWEST     35          1100 AM
 AVERAGE    46

..........................................................


THE LAREDO CLIMATE NORMALS FOR TOMORROW
                         NORMAL    RECORD    YEAR
 MAXIMUM TEMPERATURE (F)   67        98      1914
 MINIMUM TEMPERATURE (F)   46        22      1930


SUNRISE AND SUNSET
JANUARY 17 2018.......SUNRISE   729 AM CST   SUNSET   607 PM CST
JANUARY 18 2018.......SUNRISE   729 AM CST   SUNSET   608 PM CST


-  INDICATES NEGATIVE NUMBERS.
R  INDICATES RECORD WAS SET OR TIED.
MM INDICATES DATA IS MISSING.
T  INDICATES TRACE AMOUNT.




$$
