000
CDUS44 KCRP 280659
CLILRD

CLIMATE REPORT
NATIONAL WEATHER SERVICE CORPUS CHRISTI TX
155 AM CDT FRI JUL 28 2017


...................................

...THE LAREDO CLIMATE SUMMARY FOR JULY 27 2017...

CLIMATE NORMAL PERIOD 1981 TO 2010
CLIMATE RECORD PERIOD 1900 TO 2017


WEATHER ITEM   OBSERVED TIME   RECORD YEAR NORMAL DEPARTURE LAST
                VALUE   (LST)  VALUE       VALUE  FROM      YEAR
                                                  NORMAL
..................................................................
TEMPERATURE (F)
 YESTERDAY
  MAXIMUM        103    300 PM 109    1954 100      3       96
  MINIMUM         76    600 AM  65    1915  77     -1       77
  AVERAGE         90                        88      2       87

PRECIPITATION (IN)
  YESTERDAY        0.00          1.20 1919   0.05  -0.05     0.06
  MONTH TO DATE    0.42                      1.84  -1.42     0.23
  SINCE JUN 1      1.38                      4.07  -2.69     2.15
  SINCE JAN 1     11.78                     10.94   0.84    12.66

SNOWFALL (IN)
  YESTERDAY        0.0
  MONTH TO DATE    0.0
  SINCE JUN 1      0.0
  SINCE JUL 1      0.0

DEGREE DAYS
 HEATING
  YESTERDAY        0                         0      0        0
  MONTH TO DATE    0                         0      0        0
  SINCE JUN 1      0                         0      0        0
  SINCE JUL 1      0                         0      0        0

 COOLING
  YESTERDAY       25                        23      2       22
  MONTH TO DATE  666                       621     45      704
  SINCE JUN 1   1348                      1281     67     1347
  SINCE JAN 1   2871                      2424    447     2611
..................................................................


WIND (MPH)
  HIGHEST WIND SPEED    22   HIGHEST WIND DIRECTION    SE (130)
  HIGHEST GUST SPEED    30   HIGHEST GUST DIRECTION    SE (120)
  AVERAGE WIND SPEED    15.0


SKY COVER
  POSSIBLE SUNSHINE  MM
  AVERAGE SKY COVER 0.1


WEATHER CONDITIONS
 THE FOLLOWING WEATHER WAS RECORDED YESTERDAY.
  NO SIGNIFICANT WEATHER WAS OBSERVED.


RELATIVE HUMIDITY (PERCENT)
 HIGHEST    87           600 AM
 LOWEST     29           300 PM

..........................................................


THE LAREDO CLIMATE NORMALS FOR TODAY
                         NORMAL    RECORD    YEAR
 MAXIMUM TEMPERATURE (F)  100       109      1995
 MINIMUM TEMPERATURE (F)   77        65      1923


SUNRISE AND SUNSET
JULY 28 2017..........SUNRISE   659 AM CDT   SUNSET   829 PM CDT
JULY 29 2017..........SUNRISE   700 AM CDT   SUNSET   829 PM CDT


-  INDICATES NEGATIVE NUMBERS.
R  INDICATES RECORD WAS SET OR TIED.
MM INDICATES DATA IS MISSING.
T  INDICATES TRACE AMOUNT.

$$

GW
