000
CDUS44 KCRP 310036 RRB
CLILRD

CLIMATE REPORT
NATIONAL WEATHER SERVICE CORPUS CHRISTI TX
734 PM CDT SAT JUL 30 2016

...................................

...THE LAREDO CLIMATE SUMMARY FOR JULY 30 2016...
VALID TODAY AS OF 700 PM LOCAL TIME.

CLIMATE NORMAL PERIOD 1981 TO 2010
CLIMATE RECORD PERIOD 1900 TO 2016


WEATHER ITEM   OBSERVED TIME   RECORD YEAR NORMAL DEPARTURE LAST
                VALUE   (LST)  VALUE       VALUE  FROM      YEAR
                                                  NORMAL
..................................................................
TEMPERATURE (F)
 TODAY
  MAXIMUM        102    400 PM 110    1999 100      2      104
  MINIMUM         74    300 AM  65    1923  77     -3       74
  AVERAGE         88                        89     -1       89

PRECIPITATION (IN)
  TODAY            0.03          1.50 1994   0.04  -0.01     0.00
  MONTH TO DATE    1.32                      1.97  -0.65      T
  SINCE JUN 1      3.24                      4.20  -0.96     1.20
  SINCE JAN 1     13.75                     11.07   2.68    19.90

SNOWFALL (IN)
  TODAY           MM
  MONTH TO DATE    0.0
  SINCE JUN 1      0.0
  SINCE JUL 1      0.0

DEGREE DAYS
 HEATING
  TODAY            0                         0      0        0
  MONTH TO DATE    0                         0      0        0
  SINCE JUN 1      0                         0      0        0
  SINCE JUL 1      0                         0      0        0

 COOLING
  TODAY           23                        24     -1       24
  MONTH TO DATE  772                       692     80      734
  SINCE JUN 1   1415                      1352     63     1334
  SINCE JAN 1   2679                      2495    184     2276
..................................................................


WIND (MPH)
  HIGHEST WIND SPEED    15   HIGHEST WIND DIRECTION    SE (120)
  HIGHEST GUST SPEED    20   HIGHEST GUST DIRECTION    SE (120)


SKY COVER
  POSSIBLE SUNSHINE  MM
  AVERAGE SKY COVER 0.2


WEATHER CONDITIONS
 THE FOLLOWING WEATHER WAS RECORDED TODAY.
  THUNDERSTORM
  RAIN


RELATIVE HUMIDITY (PERCENT)
 HIGHEST   100           200 AM
 LOWEST     33           300 PM
 AVERAGE    67

..........................................................


THE LAREDO CLIMATE NORMALS FOR TOMORROW
                         NORMAL    RECORD    YEAR
 MAXIMUM TEMPERATURE (F)  100       112      1991
 MINIMUM TEMPERATURE (F)   77        62      1908


SUNRISE AND SUNSET
JULY 30 2016..........SUNRISE   700 AM CDT   SUNSET   828 PM CDT
JULY 31 2016..........SUNRISE   701 AM CDT   SUNSET   827 PM CDT


-  INDICATES NEGATIVE NUMBERS.
R  INDICATES RECORD WAS SET OR TIED.
MM INDICATES DATA IS MISSING.
T  INDICATES TRACE AMOUNT.




$$
