000
CDUS43 KARX 240645
CLILSE


CLIMATE REPORT
NATIONAL WEATHER SERVICE LA CROSSE WI
145 AM CDT TUE OCT 24 2017


...................................

...THE LA CROSSE WI CLIMATE SUMMARY FOR OCTOBER 23 2017...

CLIMATE NORMAL PERIOD 1981 TO 2010
CLIMATE RECORD PERIOD 1873 TO 2017


WEATHER ITEM   OBSERVED TIME   RECORD YEAR NORMAL DEPARTURE LAST
                VALUE   (LST)  VALUE       VALUE  FROM      YEAR
                                                  NORMAL
..................................................................
TEMPERATURE (F)
 YESTERDAY
  MAXIMUM         59   1258 PM  84    1899  57      2       68
  MINIMUM         45    201 AM  17    1895  38      7       43
  AVERAGE         52                        48      4       56

PRECIPITATION (IN)
  YESTERDAY        0.02          1.65 1959   0.06  -0.04     0.00
  MONTH TO DATE    5.95                      1.67   4.28     0.42
  SINCE SEP 1      6.90                      5.23   1.67    10.88
  SINCE JAN 1     38.66                     29.19   9.47    39.60

SNOWFALL (IN)
  YESTERDAY        0.0           1.6  1929   0.0    0.0      0.0
  MONTH TO DATE    0.0                       0.1   -0.1      0.0
  SINCE JUL 1      0.0                       0.1   -0.1      0.0
  SNOW DEPTH       0

DEGREE DAYS
 HEATING
  YESTERDAY       13                        18     -5        9
  MONTH TO DATE  150                       314   -164      162
  SINCE JUL 1    198                       474   -276      182

 COOLING
  YESTERDAY        0                         0      0        0
  MONTH TO DATE   14                         7      7       13
  SINCE JAN 1   1001                       781    220     1033
..................................................................


WIND (MPH)
  HIGHEST WIND SPEED    26   HIGHEST WIND DIRECTION    NW (320)
  HIGHEST GUST SPEED    33   HIGHEST GUST DIRECTION    NW (320)
  AVERAGE WIND SPEED    11.2


SKY COVER
  POSSIBLE SUNSHINE  MM
  AVERAGE SKY COVER 0.6


WEATHER CONDITIONS
 THE FOLLOWING WEATHER WAS RECORDED YESTERDAY.
  LIGHT RAIN


RELATIVE HUMIDITY (PERCENT)
 HIGHEST    93           300 AM
 LOWEST     53          1200 PM
 AVERAGE    73

..........................................................


THE LA CROSSE WI CLIMATE NORMALS FOR TODAY
                         NORMAL    RECORD    YEAR
 MAXIMUM TEMPERATURE (F)   56        80      1973
 MINIMUM TEMPERATURE (F)   38        17      1887


SUNRISE AND SUNSET
OCTOBER 24 2017.......SUNRISE   731 AM CDT   SUNSET   606 PM CDT
OCTOBER 25 2017.......SUNRISE   732 AM CDT   SUNSET   605 PM CDT


-  INDICATES NEGATIVE NUMBERS.
R  INDICATES RECORD WAS SET OR TIED.
MM INDICATES DATA IS MISSING.
T  INDICATES TRACE AMOUNT.




$$
