000
CDUS43 KARX 260631
CLILSE


CLIMATE REPORT
NATIONAL WEATHER SERVICE LA CROSSE WI
128 AM CDT THU MAY 26 2016


...................................

...THE LA CROSSE WI CLIMATE SUMMARY FOR MAY 25 2016...

CLIMATE NORMAL PERIOD 1981 TO 2010
CLIMATE RECORD PERIOD 1873 TO 2016


WEATHER ITEM   OBSERVED TIME   RECORD YEAR NORMAL DEPARTURE LAST
                VALUE   (LST)  VALUE       VALUE  FROM      YEAR
                                                  NORMAL
..................................................................
TEMPERATURE (F)
 YESTERDAY
  MAXIMUM         80    438 PM  91    1980  73      7       81
                                      1911
  MINIMUM         60    457 AM  34    1979  51      9       60
                                      1925
  AVERAGE         70                        62      8       71

PRECIPITATION (IN)
  YESTERDAY        0.10          1.59 1879   0.12  -0.02     0.21
  MONTH TO DATE    1.54                      2.80  -1.26     2.86
  SINCE MAR 1      6.23                      8.18  -1.95     7.83
  SINCE JAN 1      7.88                     10.35  -2.47     9.04

SNOWFALL (IN)
  YESTERDAY        0.0           0.0  2002   0.0    0.0      0.0
                                      2001
  MONTH TO DATE    0.0                       0.1   -0.1      0.0
  SINCE JUL 1     40.3                      43.4   -3.1     38.8
  SNOW DEPTH       0

DEGREE DAYS
 HEATING
  YESTERDAY        0                         4     -4        0
  MONTH TO DATE  192                       181     11      132
  SINCE JUL 1   5949                      7133  -1184     7039

 COOLING
  YESTERDAY        5                         2      3        6
  MONTH TO DATE   31                        28      3       41
  SINCE JAN 1     42                        35      7       42
..................................................................


WIND (MPH)
  HIGHEST WIND SPEED    18   HIGHEST WIND DIRECTION    SW (220)
  HIGHEST GUST SPEED    23   HIGHEST GUST DIRECTION    SW (210)
  AVERAGE WIND SPEED     6.3


SKY COVER
  POSSIBLE SUNSHINE  MM
  AVERAGE SKY COVER 0.2


WEATHER CONDITIONS
 THE FOLLOWING WEATHER WAS RECORDED YESTERDAY.
  THUNDERSTORM
  LIGHT RAIN
  FOG


RELATIVE HUMIDITY (PERCENT)
 HIGHEST    93          1000 PM
 LOWEST     58           500 PM
 AVERAGE    76

..........................................................


THE LA CROSSE WI CLIMATE NORMALS FOR TODAY
                         NORMAL    RECORD    YEAR
 MAXIMUM TEMPERATURE (F)   74        94      1967
 MINIMUM TEMPERATURE (F)   52        34      1925


SUNRISE AND SUNSET
MAY 26 2016...........SUNRISE   529 AM CDT   SUNSET   836 PM CDT
MAY 27 2016...........SUNRISE   528 AM CDT   SUNSET   837 PM CDT


-  INDICATES NEGATIVE NUMBERS.
R  INDICATES RECORD WAS SET OR TIED.
MM INDICATES DATA IS MISSING.
T  INDICATES TRACE AMOUNT.




$$
