000
CDUS46 KMTR 310027
CLILVK


CLIMATE REPORT
NATIONAL WEATHER SERVICE SAN FRANCISCO BAY AREA
526 PM PDT SAT AUG 30 2014


...................................

...THE LIVERMORE AIRPORT CLIMATE SUMMARY FOR AUGUST 30 2014...
VALID TODAY AS OF 0500 PM LOCAL TIME.

CLIMATE NORMAL PERIOD 1981 TO 2010
CLIMATE RECORD PERIOD 1930 TO 2014


WEATHER ITEM   OBSERVED TIME   RECORD YEAR NORMAL DEPARTURE LAST
                VALUE   (LST)  VALUE       VALUE  FROM      YEAR
                                                  NORMAL
..................................................................
TEMPERATURE (F)
 TODAY
  MAXIMUM         94    142 PM 105    1976  87      7       97
  MINIMUM         60    455 AM  46    1937  57      3       61
  AVERAGE         77                        72      5       79

PRECIPITATION (IN)
  TODAY            0.00          0.09 1953   0.00   0.00     0.00
  MONTH TO DATE    0.00                      0.01  -0.01     0.00
  SINCE JUL 1      T                         0.01  -0.01     0.00
  SINCE JAN 1      4.88                      9.91  -5.03     2.12

DEGREE DAYS
 HEATING
  TODAY            0                         0      0        0
  MONTH TO DATE    0                         0      0        0
  SINCE JUN 1      4                        36    -32        5
  SINCE JUL 1      0                         4     -4        0

 COOLING
  TODAY           12                         7      5       14
  MONTH TO DATE  257                       218     39      246
  SINCE JUN 1    777                       559    218      713
  SINCE JAN 1    903                       612    291      814
..................................................................


WIND (MPH)
  RESULTANT WIND SPEED   6   RESULTANT WIND DIRECTION   W (280)
  HIGHEST WIND SPEED    20   HIGHEST WIND DIRECTION    NW (300)
  HIGHEST GUST SPEED    23   HIGHEST GUST DIRECTION     W (280)
  AVERAGE WIND SPEED     7.0


SKY COVER
  POSSIBLE SUNSHINE  MM
  AVERAGE SKY COVER 0.0


WEATHER CONDITIONS
 THE FOLLOWING WEATHER WAS RECORDED TODAY.
  NO SIGNIFICANT WEATHER WAS OBSERVED.


RELATIVE HUMIDITY (PERCENT)
 HIGHEST    78           500 AM
 LOWEST     14           100 PM
 AVERAGE    46

..........................................................


THE LIVERMORE AIRPORT CLIMATE NORMALS FOR TOMORROW
                         NORMAL    RECORD    YEAR
 MAXIMUM TEMPERATURE (F)   87       106      1955
 MINIMUM TEMPERATURE (F)   57        46      1973


SUNRISE AND SUNSET
AUGUST 30 2014........SUNRISE   636 AM PDT   SUNSET   739 PM PDT
AUGUST 31 2014........SUNRISE   637 AM PDT   SUNSET   738 PM PDT


-  INDICATES NEGATIVE NUMBERS.
R  INDICATES RECORD WAS SET OR TIED.
MM INDICATES DATA IS MISSING.
T  INDICATES TRACE AMOUNT.




$$
