000
CDUS46 KMTR 270025
CLILVK


CLIMATE REPORT
NATIONAL WEATHER SERVICE SAN FRANCISCO BAY AREA
425 PM PST THU FEB 26 2015


...................................

...THE LIVERMORE AIRPORT CLIMATE SUMMARY FOR FEBRUARY 26 2015...
VALID TODAY AS OF 0400 PM LOCAL TIME.

CLIMATE NORMAL PERIOD 1981 TO 2010
CLIMATE RECORD PERIOD 1930 TO 2015


WEATHER ITEM   OBSERVED TIME   RECORD YEAR NORMAL DEPARTURE LAST
                VALUE   (LST)  VALUE       VALUE  FROM      YEAR
                                                  NORMAL
..................................................................
TEMPERATURE (F)
 TODAY
  MAXIMUM         73    232 PM  77    1954  63     10       62
  MINIMUM         42    647 AM  26    1987  42      0       53
  AVERAGE         58                        52      6       58

PRECIPITATION (IN)
  TODAY            0.00          1.06 1934   0.12  -0.12     0.46
  MONTH TO DATE    2.26                      2.81  -0.55     1.68
  SINCE OCT 1     11.88                     11.40   0.48     3.68
  SINCE JAN 1      2.26                      5.82  -3.56     1.77

DEGREE DAYS
 HEATING
  TODAY            7                        13     -6        7
  MONTH TO DATE  217                       384   -167      289
  SINCE DEC 1    932                      1510   -578     1183
  SINCE JUL 1   1163                      1982   -819     1501

 COOLING
  TODAY            0                         0      0        0
  MONTH TO DATE    0                         0      0        0
  SINCE DEC 1      0                         0      0        0
  SINCE JAN 1      0                         0      0        0
..................................................................


WIND (MPH)
  RESULTANT WIND SPEED   2   RESULTANT WIND DIRECTION   W (280)
  HIGHEST WIND SPEED    13   HIGHEST WIND DIRECTION     W (280)
  HIGHEST GUST SPEED    17   HIGHEST GUST DIRECTION     W (280)
  AVERAGE WIND SPEED     1.9


SKY COVER
  POSSIBLE SUNSHINE  MM
  AVERAGE SKY COVER 0.0


WEATHER CONDITIONS
 THE FOLLOWING WEATHER WAS RECORDED TODAY.
  NO SIGNIFICANT WEATHER WAS OBSERVED.


RELATIVE HUMIDITY (PERCENT)
 HIGHEST    89           400 AM
 LOWEST     33           200 PM
 AVERAGE    61

..........................................................


THE LIVERMORE AIRPORT CLIMATE NORMALS FOR TOMORROW
                         NORMAL    RECORD    YEAR
 MAXIMUM TEMPERATURE (F)   63        79      1932
 MINIMUM TEMPERATURE (F)   42        25      1962


SUNRISE AND SUNSET
FEBRUARY 26 2015......SUNRISE   643 AM PST   SUNSET   558 PM PST
FEBRUARY 27 2015......SUNRISE   642 AM PST   SUNSET   559 PM PST


-  INDICATES NEGATIVE NUMBERS.
R  INDICATES RECORD WAS SET OR TIED.
MM INDICATES DATA IS MISSING.
T  INDICATES TRACE AMOUNT.




$$
