000
CDUS46 KMTR 250845
CLILVK


CLIMATE REPORT
NATIONAL WEATHER SERVICE SAN FRANCISCO BAY AREA
1245 AM PST SUN JAN 25 2015


...................................

...THE LIVERMORE AIRPORT CLIMATE SUMMARY FOR JANUARY 24 2015...

CLIMATE NORMAL PERIOD 1981 TO 2010
CLIMATE RECORD PERIOD 1930 TO 2015


WEATHER ITEM   OBSERVED TIME   RECORD YEAR NORMAL DEPARTURE LAST
                VALUE   (LST)  VALUE       VALUE  FROM      YEAR
                                                  NORMAL
..................................................................
TEMPERATURE (F)
 YESTERDAY
  MAXIMUM         68    234 PM  73    1975  56     12       69
  MINIMUM         40    646 AM  23    1962  38      2       38
  AVERAGE         54                        47      7       54

PRECIPITATION (IN)
  YESTERDAY        0.00          1.83 2000   0.07  -0.07     0.00
  MONTH TO DATE    0.00                      2.48  -2.48      T
  SINCE JUL 1      9.83                      8.29   1.54     2.38
  SINCE JAN 1      0.00                      2.48  -2.48      T

DEGREE DAYS
 HEATING
  YESTERDAY       11                        18     -7       11
  MONTH TO DATE  343                       447   -104      300
  SINCE DEC 1    645                      1006   -361      833
  SINCE JUL 1    876                      1478   -602     1151

 COOLING
  YESTERDAY        0                         0      0        0
  MONTH TO DATE    0                         0      0        0
  SINCE DEC 1      0                         0      0        0
  SINCE JAN 1      0                         0      0        0
..................................................................


WIND (MPH)
  RESULTANT WIND SPEED   5   RESULTANT WIND DIRECTION   E (70)
  HIGHEST WIND SPEED    18   HIGHEST WIND DIRECTION    NE (50)
  HIGHEST GUST SPEED    24   HIGHEST GUST DIRECTION    NE (50)
  AVERAGE WIND SPEED     5.5


SKY COVER
  POSSIBLE SUNSHINE  MM
  AVERAGE SKY COVER 0.0


WEATHER CONDITIONS
 THE FOLLOWING WEATHER WAS RECORDED YESTERDAY.
  FOG
  HAZE


RELATIVE HUMIDITY (PERCENT)
 HIGHEST    89           800 AM
 LOWEST     37           100 PM
 AVERAGE    63

..........................................................


THE LIVERMORE AIRPORT CLIMATE NORMALS FOR TODAY
                         NORMAL    RECORD    YEAR
 MAXIMUM TEMPERATURE (F)   56        74      2014
 MINIMUM TEMPERATURE (F)   38        21      1950


SUNRISE AND SUNSET
JANUARY 25 2015.......SUNRISE   716 AM PST   SUNSET   523 PM PST
JANUARY 26 2015.......SUNRISE   716 AM PST   SUNSET   524 PM PST


-  INDICATES NEGATIVE NUMBERS.
R  INDICATES RECORD WAS SET OR TIED.
MM INDICATES DATA IS MISSING.
T  INDICATES TRACE AMOUNT.




$$
