329
CDUS46 KMTR 240826
CLILVK


CLIMATE REPORT
NATIONAL WEATHER SERVICE SAN FRANCISCO BAY AREA
1226 AM PST FRI FEB 24 2017


...................................

...THE LIVERMORE AIRPORT CLIMATE SUMMARY FOR FEBRUARY 23 2017...

CLIMATE NORMAL PERIOD 1981 TO 2010
CLIMATE RECORD PERIOD 1930 TO 2017


WEATHER ITEM   OBSERVED TIME   RECORD YEAR NORMAL DEPARTURE LAST
                VALUE   (LST)  VALUE       VALUE  FROM      YEAR
                                                  NORMAL
..................................................................
TEMPERATURE (F)
 YESTERDAY
  MAXIMUM         53    435 PM  77    2012  62     -9       72
  MINIMUM         33   1159 PM  27    1955  41     -8       39
  AVERAGE         43                        52     -9       56

PRECIPITATION (IN)
  YESTERDAY        0.00          1.06 2000   0.12  -0.12     0.00
  MONTH TO DATE    6.83                      2.45   4.38     1.03
  SINCE OCT 1     21.40                     11.04  10.36     9.97
  SINCE JAN 1     14.94                      5.46   9.48     4.97

DEGREE DAYS
 HEATING
  YESTERDAY       22                        13      9        9
  MONTH TO DATE  264                       345    -81      257
  SINCE DEC 1   1387                      1471    -84     1239
  SINCE JUL 1   1759                      1943   -184     1654

 COOLING
  YESTERDAY        0                         0      0        0
  MONTH TO DATE    0                         0      0        0
  SINCE DEC 1      0                         0      0        0
  SINCE JAN 1      0                         0      0        0
..................................................................


WIND (MPH)
  RESULTANT WIND SPEED   3   RESULTANT WIND DIRECTION   W (270)
  HIGHEST WIND SPEED    10   HIGHEST WIND DIRECTION     W (290)
  HIGHEST GUST SPEED    14   HIGHEST GUST DIRECTION     W (250)
  AVERAGE WIND SPEED     3.6


SKY COVER
  POSSIBLE SUNSHINE  MM
  AVERAGE SKY COVER 0.1


WEATHER CONDITIONS
 THE FOLLOWING WEATHER WAS RECORDED YESTERDAY.
  NO SIGNIFICANT WEATHER WAS OBSERVED.


RELATIVE HUMIDITY (PERCENT)
 HIGHEST    82          1100 PM
 LOWEST     38           200 PM
 AVERAGE    60

..........................................................


THE LIVERMORE AIRPORT CLIMATE NORMALS FOR TODAY
                         NORMAL    RECORD    YEAR
 MAXIMUM TEMPERATURE (F)   63        77      2012
                                             1985
 MINIMUM TEMPERATURE (F)   42        29      1987


SUNRISE AND SUNSET
FEBRUARY 24 2017......SUNRISE   645 AM PST   SUNSET   556 PM PST
FEBRUARY 25 2017......SUNRISE   644 AM PST   SUNSET   557 PM PST


-  INDICATES NEGATIVE NUMBERS.
R  INDICATES RECORD WAS SET OR TIED.
MM INDICATES DATA IS MISSING.
T  INDICATES TRACE AMOUNT.




$$
