000
CDUS45 KBYZ 091034
CLILVM


CLIMATE REPORT
NATIONAL WEATHER SERVICE BILLINGS MT
332 AM MST FRI DEC 9 2016


...................................

...THE LIVINGSTON MT CLIMATE SUMMARY FOR DECEMBER 8 2016...

CLIMATE NORMAL PERIOD 1981 TO 2010
CLIMATE RECORD PERIOD 1948 TO 2016


WEATHER ITEM   OBSERVED TIME   RECORD YEAR NORMAL DEPARTURE LAST
                VALUE   (LST)  VALUE       VALUE  FROM      YEAR
                                                  NORMAL
..................................................................
TEMPERATURE (F)
 YESTERDAY
  MAXIMUM          5    341 PM  58    1957  36    -31       55
  MINIMUM         -9    650 AM -30    1972  17    -26       44
  AVERAGE         -2                        26    -28       50

PRECIPITATION (IN)
  YESTERDAY        T             0.11 1986   0.02  -0.02      T
  MONTH TO DATE    0.11                      0.16  -0.05     0.09
  SINCE OCT 1      3.68                      2.01   1.67     2.82
  SINCE JAN 1     13.67                     14.45  -0.78    14.17

DEGREE DAYS
 HEATING
  YESTERDAY       67                        39     28       15
  MONTH TO DATE  363                       303     60      204
  SINCE DEC 1    363                       303     60      204
  SINCE JUL 1   1861                      2262   -401     1881

 COOLING
  YESTERDAY        0                         0      0        0
  MONTH TO DATE    0                         0      0        0
  SINCE DEC 1      0                         0      0        0
  SINCE JAN 1    330                       230    100      393
..................................................................


WIND (MPH)
  HIGHEST WIND SPEED    17   HIGHEST WIND DIRECTION     E (80)
  HIGHEST GUST SPEED    21   HIGHEST GUST DIRECTION     E (80)
  AVERAGE WIND SPEED     8.4


SKY COVER
  POSSIBLE SUNSHINE  MM
  AVERAGE SKY COVER 0.4


WEATHER CONDITIONS
 THE FOLLOWING WEATHER WAS RECORDED YESTERDAY.
  LIGHT SNOW


RELATIVE HUMIDITY (PERCENT)
 HIGHEST    87           300 AM
 LOWEST     72           400 AM
 AVERAGE    80

..........................................................


THE LIVINGSTON MT CLIMATE NORMALS FOR TODAY
                         NORMAL    RECORD    YEAR
 MAXIMUM TEMPERATURE (F)   35        60      1981
 MINIMUM TEMPERATURE (F)   17       -17      1972


SUNRISE AND SUNSET
DECEMBER  9 2016......SUNRISE   751 AM MST   SUNSET   438 PM MST
DECEMBER 10 2016......SUNRISE   752 AM MST   SUNSET   438 PM MST


-  INDICATES NEGATIVE NUMBERS.
R  INDICATES RECORD WAS SET OR TIED.
MM INDICATES DATA IS MISSING.
T  INDICATES TRACE AMOUNT.





&&

THIS IS AN AUTOMATED...UNATTENDED WEATHER STATION AND MAY
UNDERESTIMATE WINTER PRECIPITATION.

$$
