000
CDUS45 KBYZ 240936
CLILVM


CLIMATE REPORT
NATIONAL WEATHER SERVICE BILLINGS MT
335 AM MDT FRI MAR 24 2017


...................................

...THE LIVINGSTON MT CLIMATE SUMMARY FOR MARCH 23 2017...

CLIMATE NORMAL PERIOD 1981 TO 2010
CLIMATE RECORD PERIOD 1948 TO 2017


WEATHER ITEM   OBSERVED TIME   RECORD YEAR NORMAL DEPARTURE LAST
                VALUE   (LST)  VALUE       VALUE  FROM      YEAR
                                                  NORMAL
..................................................................
TEMPERATURE (F)
 YESTERDAY
  MAXIMUM         56    257 PM  71    2004  49      7       46
  MINIMUM         27   1159 PM -14    1965  25      2       25
  AVERAGE         42                        37      5       36

PRECIPITATION (IN)
  YESTERDAY        0.00          0.53 1959   0.03  -0.03      T
  MONTH TO DATE    0.60                      0.55   0.05     0.60
  SINCE OCT 1      5.85                      3.91   1.94     4.62
  SINCE JAN 1      1.92                      1.54   0.38     0.92

DEGREE DAYS
 HEATING
  YESTERDAY       23                        28     -5       29
  MONTH TO DATE  543                       696   -153      578
  SINCE MAR 1    543                       696   -153      578
  SINCE JUL 1   5769                      6044   -275     5181

 COOLING
  YESTERDAY        0                         0      0        0
  MONTH TO DATE    0                         0      0        0
  SINCE MAR 1      0                         0      0        0
  SINCE JAN 1      0                         0      0        0
..................................................................


WIND (MPH)
  HIGHEST WIND SPEED    21   HIGHEST WIND DIRECTION     W (250)
  HIGHEST GUST SPEED    26   HIGHEST GUST DIRECTION    NW (300)
  AVERAGE WIND SPEED     8.3


SKY COVER
  POSSIBLE SUNSHINE  MM
  AVERAGE SKY COVER 0.6


WEATHER CONDITIONS
 THE FOLLOWING WEATHER WAS RECORDED YESTERDAY.
  NO SIGNIFICANT WEATHER WAS OBSERVED.


RELATIVE HUMIDITY (PERCENT)
 HIGHEST    82           400 AM
 LOWEST     30           600 PM
 AVERAGE    56

..........................................................


THE LIVINGSTON MT CLIMATE NORMALS FOR TODAY
                         NORMAL    RECORD    YEAR
 MAXIMUM TEMPERATURE (F)   49        71      2007
                                             2004
 MINIMUM TEMPERATURE (F)   26       -21      1965


SUNRISE AND SUNSET
MARCH 24 2017.........SUNRISE   717 AM MDT   SUNSET   740 PM MDT
MARCH 25 2017.........SUNRISE   715 AM MDT   SUNSET   741 PM MDT


-  INDICATES NEGATIVE NUMBERS.
R  INDICATES RECORD WAS SET OR TIED.
MM INDICATES DATA IS MISSING.
T  INDICATES TRACE AMOUNT.





&&

THIS IS AN AUTOMATED...UNATTENDED WEATHER STATION AND MAY
UNDERESTIMATE WINTER PRECIPITATION.

$$
