000
CDUS45 KBYZ 260935
CLILVM


CLIMATE REPORT
NATIONAL WEATHER SERVICE BILLINGS MT
333 AM MDT TUE MAY 26 2015


...................................

...THE LIVINGSTON MT CLIMATE SUMMARY FOR MAY 25 2015...

CLIMATE NORMAL PERIOD 1981 TO 2010
CLIMATE RECORD PERIOD 1948 TO 2015


WEATHER ITEM   OBSERVED TIME   RECORD YEAR NORMAL DEPARTURE LAST
                VALUE   (LST)  VALUE       VALUE  FROM      YEAR
                                                  NORMAL
..................................................................
TEMPERATURE (F)
 YESTERDAY
  MAXIMUM         70    506 PM  86    1999  67      3       76
  MINIMUM         37    455 AM  26    2004  39     -2       45
  AVERAGE         54                        53      1       61

PRECIPITATION (IN)
  YESTERDAY        0.00          2.17 1980   0.10  -0.10     0.00
  MONTH TO DATE    3.29                      2.07   1.22     1.72
  SINCE OCT 1      7.77                      8.04  -0.27     8.73
  SINCE JAN 1      5.98                      5.67   0.31     6.44

DEGREE DAYS
 HEATING
  YESTERDAY       11                        12     -1        4
  MONTH TO DATE  408                       380     28      349
  SINCE MAR 1   1636                      1980   -344     1882
  SINCE JUL 1   6250                      7328  -1078     7125

 COOLING
  YESTERDAY        0                         0      0        0
  MONTH TO DATE    0                         0      0        0
  SINCE MAR 1      0                         0      0        0
  SINCE JAN 1      0                         0      0        0
..................................................................


WIND (MPH)
  HIGHEST WIND SPEED    15   HIGHEST WIND DIRECTION     E (70)
  HIGHEST GUST SPEED    19   HIGHEST GUST DIRECTION     E (80)
  AVERAGE WIND SPEED     4.9


SKY COVER
  POSSIBLE SUNSHINE  MM
  AVERAGE SKY COVER 0.1


WEATHER CONDITIONS
 THE FOLLOWING WEATHER WAS RECORDED YESTERDAY.
  FOG


RELATIVE HUMIDITY (PERCENT)
 HIGHEST    92           200 AM
 LOWEST     33           500 PM
 AVERAGE    63

..........................................................


THE LIVINGSTON MT CLIMATE NORMALS FOR TODAY
                         NORMAL    RECORD    YEAR
 MAXIMUM TEMPERATURE (F)   67        87      1958
 MINIMUM TEMPERATURE (F)   39        29      2005


SUNRISE AND SUNSET
MAY 26 2015...........SUNRISE   540 AM MDT   SUNSET   858 PM MDT
MAY 27 2015...........SUNRISE   539 AM MDT   SUNSET   859 PM MDT


-  INDICATES NEGATIVE NUMBERS.
R  INDICATES RECORD WAS SET OR TIED.
MM INDICATES DATA IS MISSING.
T  INDICATES TRACE AMOUNT.





&&

THIS IS AN AUTOMATED...UNATTENDED WEATHER STATION AND MAY
UNDERESTIMATE WINTER PRECIPITATION.

$$
