152
CDUS45 KBYZ 132323
CLILVM


CLIMATE REPORT
NATIONAL WEATHER SERVICE BILLINGS MT
423 PM MST WED DEC 13 2017


...................................

...THE LIVINGSTON MT CLIMATE SUMMARY FOR DECEMBER 13 2017...
VALID TODAY AS OF 0400 PM LOCAL TIME.

CLIMATE NORMAL PERIOD 1981 TO 2010
CLIMATE RECORD PERIOD 1948 TO 2017


WEATHER ITEM   OBSERVED TIME   RECORD YEAR NORMAL DEPARTURE LAST
                VALUE   (LST)  VALUE       VALUE  FROM      YEAR
                                                  NORMAL
..................................................................
TEMPERATURE (F)
 TODAY
  MAXIMUM         42   1233 AM  57    2014  35      7       29
                                      1995
  MINIMUM         25    237 AM -12    2008  17      8        3
  AVERAGE         34                        26      8       16

PRECIPITATION (IN)
  TODAY            0.06          0.07 1996   0.02   0.04      T
  MONTH TO DATE    0.13                      0.25  -0.12     0.23
  SINCE OCT 1      2.40                      2.10   0.30     3.80
  SINCE JAN 1     16.30                     14.54   1.76    13.79

DEGREE DAYS
 HEATING
  TODAY           31                        39     -8       49
  MONTH TO DATE  371                       498   -127      611
  SINCE DEC 1    371                       498   -127      611
  SINCE JUL 1   2194                      2457   -263     2109

 COOLING
  TODAY            0                         0      0        0
  MONTH TO DATE    0                         0      0        0
  SINCE DEC 1      0                         0      0        0
  SINCE JAN 1    397                       230    167      330
..................................................................


WIND (MPH)
  HIGHEST WIND SPEED    21   HIGHEST WIND DIRECTION     W (270)
  HIGHEST GUST SPEED    26   HIGHEST GUST DIRECTION     W (270)
  AVERAGE WIND SPEED     8.5


SKY COVER
  POSSIBLE SUNSHINE  MM
  AVERAGE SKY COVER 0.5


WEATHER CONDITIONS
 THE FOLLOWING WEATHER WAS RECORDED TODAY.
  SNOW
  LIGHT SNOW
  FOG


RELATIVE HUMIDITY (PERCENT)
 HIGHEST   100           100 PM
 LOWEST     27          1200 AM
 AVERAGE    64

..........................................................


THE LIVINGSTON MT CLIMATE NORMALS FOR TOMORROW
                         NORMAL    RECORD    YEAR
 MAXIMUM TEMPERATURE (F)   35        57      1997
 MINIMUM TEMPERATURE (F)   16       -18      2008


SUNRISE AND SUNSET
DECEMBER 13 2017......SUNRISE   754 AM MST   SUNSET   438 PM MST
DECEMBER 14 2017......SUNRISE   755 AM MST   SUNSET   438 PM MST


-  INDICATES NEGATIVE NUMBERS.
R  INDICATES RECORD WAS SET OR TIED.
MM INDICATES DATA IS MISSING.
T  INDICATES TRACE AMOUNT.




$$
