000
CDUS45 KBYZ 250932
CLILVM


CLIMATE REPORT
NATIONAL WEATHER SERVICE BILLINGS MT
331 AM MDT FRI JUL 25 2014


...................................

...THE LIVINGSTON MT CLIMATE SUMMARY FOR JULY 24 2014...

CLIMATE NORMAL PERIOD 1981 TO 2010
CLIMATE RECORD PERIOD 1948 TO 2014


WEATHER ITEM   OBSERVED TIME   RECORD YEAR NORMAL DEPARTURE LAST
                VALUE   (LST)  VALUE       VALUE  FROM      YEAR
                                                  NORMAL
..................................................................
TEMPERATURE (F)
 YESTERDAY
  MAXIMUM         91   1149 AM  99    1999  87      4       96
  MINIMUM         54    335 AM  41    2010  50      4       55
  AVERAGE         73                        68      5       76

PRECIPITATION (IN)
  YESTERDAY        0.00          0.43 1990   0.04  -0.04     0.00
  MONTH TO DATE    0.45                      1.20  -0.75     1.28
  SINCE OCT 1     11.54                     12.22  -0.68     9.37
  SINCE JAN 1      9.25                      9.85  -0.60     7.07

DEGREE DAYS
 HEATING
  YESTERDAY        0                         1     -1        0
  MONTH TO DATE    9                        43    -34        0
  SINCE JUN 1    204                       250    -46      137
  SINCE JUL 1      9                        43    -34        0

 COOLING
  YESTERDAY        8                         4      4       11
  MONTH TO DATE  145                        78     67      152
  SINCE JUN 1    147                        97     50      194
  SINCE JAN 1    152                        98     54      202
..................................................................


WIND (MPH)
  HIGHEST WIND SPEED    31   HIGHEST WIND DIRECTION     W (280)
  HIGHEST GUST SPEED    39   HIGHEST GUST DIRECTION     W (280)
  AVERAGE WIND SPEED    13.6


SKY COVER
  POSSIBLE SUNSHINE  MM
  AVERAGE SKY COVER 0.0


WEATHER CONDITIONS
 THE FOLLOWING WEATHER WAS RECORDED YESTERDAY.
  NO SIGNIFICANT WEATHER WAS OBSERVED.


RELATIVE HUMIDITY (PERCENT)
 HIGHEST    72           300 AM
 LOWEST     16          1200 PM
 AVERAGE    44

..........................................................


THE LIVINGSTON MT CLIMATE NORMALS FOR TODAY
                         NORMAL    RECORD    YEAR
 MAXIMUM TEMPERATURE (F)   87        96      2010
 MINIMUM TEMPERATURE (F)   50        39      1948


SUNRISE AND SUNSET
JULY 25 2014..........SUNRISE   557 AM MDT   SUNSET   859 PM MDT
JULY 26 2014..........SUNRISE   558 AM MDT   SUNSET   858 PM MDT


-  INDICATES NEGATIVE NUMBERS.
R  INDICATES RECORD WAS SET OR TIED.
MM INDICATES DATA IS MISSING.
T  INDICATES TRACE AMOUNT.





&&

THIS IS AN AUTOMATED...UNATTENDED WEATHER STATION AND MAY
UNDERESTIMATE WINTER PRECIPITATION.

$$
