000
CDUS45 KBYZ 200724
CLILVM


CLIMATE REPORT
NATIONAL WEATHER SERVICE BILLINGS MT
124 AM MDT SUN AUG 20 2017


...................................

...THE LIVINGSTON MT CLIMATE SUMMARY FOR AUGUST 19 2017...

CLIMATE NORMAL PERIOD 1981 TO 2010
CLIMATE RECORD PERIOD 1948 TO 2017


WEATHER ITEM   OBSERVED TIME   RECORD YEAR NORMAL DEPARTURE LAST
                VALUE   (LST)  VALUE       VALUE  FROM      YEAR
                                                  NORMAL
..................................................................
TEMPERATURE (F)
 YESTERDAY
  MAXIMUM         88    334 PM  98    2008  84      4       67
  MINIMUM         48    613 AM  36    1996  47      1       46
  AVERAGE         68                        65      3       57

PRECIPITATION (IN)
  YESTERDAY        0.00          0.67 1966   0.03  -0.03     0.59
  MONTH TO DATE    0.68                      0.68   0.00     1.11
  SINCE OCT 1     14.78                     13.17   1.61    12.00
  SINCE JAN 1     10.85                     10.80   0.05     8.30

DEGREE DAYS
 HEATING
  YESTERDAY        0                         2     -2        8
  MONTH TO DATE   16                        26    -10       18
  SINCE JUN 1    176                       283   -107      129
  SINCE JUL 1     18                        76    -58       51

 COOLING
  YESTERDAY        3                         3      0        0
  MONTH TO DATE   28                        67    -39       63
  SINCE JUN 1    284                       195     89      285
  SINCE JAN 1    284                       196     88      285
..................................................................


WIND (MPH)
  HIGHEST WIND SPEED    22   HIGHEST WIND DIRECTION     W (270)
  HIGHEST GUST SPEED    27   HIGHEST GUST DIRECTION     W (290)
  AVERAGE WIND SPEED     9.6


SKY COVER
  POSSIBLE SUNSHINE  MM
  AVERAGE SKY COVER 0.0


WEATHER CONDITIONS
 THE FOLLOWING WEATHER WAS RECORDED YESTERDAY.
  NO SIGNIFICANT WEATHER WAS OBSERVED.


RELATIVE HUMIDITY (PERCENT)
 HIGHEST    61           600 AM
 LOWEST     13           500 PM
 AVERAGE    37

..........................................................


THE LIVINGSTON MT CLIMATE NORMALS FOR TODAY
                         NORMAL    RECORD    YEAR
 MAXIMUM TEMPERATURE (F)   83        96      1971
 MINIMUM TEMPERATURE (F)   47        38      1956


SUNRISE AND SUNSET
AUGUST 20 2017........SUNRISE   629 AM MDT   SUNSET   821 PM MDT
AUGUST 21 2017........SUNRISE   630 AM MDT   SUNSET   819 PM MDT


-  INDICATES NEGATIVE NUMBERS.
R  INDICATES RECORD WAS SET OR TIED.
MM INDICATES DATA IS MISSING.
T  INDICATES TRACE AMOUNT.




$$
