000
CDUS45 KBYZ 180723
CLILVM


CLIMATE REPORT
NATIONAL WEATHER SERVICE BILLINGS MT
123 AM MDT WED OCT 18 2017


...................................

...THE LIVINGSTON MT CLIMATE SUMMARY FOR OCTOBER 17 2017...

CLIMATE NORMAL PERIOD 1981 TO 2010
CLIMATE RECORD PERIOD 1948 TO 2017


WEATHER ITEM   OBSERVED TIME   RECORD YEAR NORMAL DEPARTURE LAST
                VALUE   (LST)  VALUE       VALUE  FROM      YEAR
                                                  NORMAL
..................................................................
TEMPERATURE (F)
 YESTERDAY
  MAXIMUM         75    225 PM  79    1958  58     17       54
  MINIMUM         46    535 AM  10    1984  31     15       41
  AVERAGE         61                        45     16       48

PRECIPITATION (IN)
  YESTERDAY        0.00          0.90 1988   0.04  -0.04     0.02
  MONTH TO DATE    0.22                      0.80  -0.58     1.67
  SINCE OCT 1      0.22                      0.80  -0.58     1.67
  SINCE JAN 1     14.01                     13.24   0.77    11.66

DEGREE DAYS
 HEATING
  YESTERDAY        4                        20    -16       17
  MONTH TO DATE  342                       300     42      297
  SINCE SEP 1    658                       591     67      559
  SINCE JUL 1    681                       709    -28      647

 COOLING
  YESTERDAY        0                         0      0        0
  MONTH TO DATE    0                         0      0        0
  SINCE SEP 1     52                        14     38       17
  SINCE JAN 1    396                       229    167      329
..................................................................


WIND (MPH)
  HIGHEST WIND SPEED    48   HIGHEST WIND DIRECTION    SW (210)
  HIGHEST GUST SPEED    60   HIGHEST GUST DIRECTION    SW (220)
  AVERAGE WIND SPEED    30.5


SKY COVER
  POSSIBLE SUNSHINE  MM
  AVERAGE SKY COVER 0.0


WEATHER CONDITIONS
 THE FOLLOWING WEATHER WAS RECORDED YESTERDAY.
  NO SIGNIFICANT WEATHER WAS OBSERVED.


RELATIVE HUMIDITY (PERCENT)
 HIGHEST    32           600 AM
 LOWEST     12           200 PM
 AVERAGE    22

..........................................................


THE LIVINGSTON MT CLIMATE NORMALS FOR TODAY
                         NORMAL    RECORD    YEAR
 MAXIMUM TEMPERATURE (F)   58        81      2003
 MINIMUM TEMPERATURE (F)   31        13      1951


SUNRISE AND SUNSET
OCTOBER 18 2017.......SUNRISE   743 AM MDT   SUNSET   630 PM MDT
OCTOBER 19 2017.......SUNRISE   744 AM MDT   SUNSET   628 PM MDT


-  INDICATES NEGATIVE NUMBERS.
R  INDICATES RECORD WAS SET OR TIED.
MM INDICATES DATA IS MISSING.
T  INDICATES TRACE AMOUNT.




$$
