000
CDUS45 KBYZ 260724
CLILVM


CLIMATE REPORT
NATIONAL WEATHER SERVICE BILLINGS MT
124 AM MDT MON JUN 26 2017


...................................

...THE LIVINGSTON MT CLIMATE SUMMARY FOR JUNE 25 2017...

CLIMATE NORMAL PERIOD 1981 TO 2010
CLIMATE RECORD PERIOD 1948 TO 2017


WEATHER ITEM   OBSERVED TIME   RECORD YEAR NORMAL DEPARTURE LAST
                VALUE   (LST)  VALUE       VALUE  FROM      YEAR
                                                  NORMAL
..................................................................
TEMPERATURE (F)
 YESTERDAY
  MAXIMUM         82    506 PM  99    2012  77      5       75
  MINIMUM         36    449 AM  33    2003  46    -10       40
  AVERAGE         59                        62     -3       58

PRECIPITATION (IN)
  YESTERDAY        0.00          1.64 1969   0.06  -0.06     0.00
  MONTH TO DATE    1.54                      2.09  -0.55     0.61
  SINCE OCT 1     13.57                     10.72   2.85     9.38
  SINCE JAN 1      9.64                      8.35   1.29     5.68

DEGREE DAYS
 HEATING
  YESTERDAY        6                         4      2        7
  MONTH TO DATE  144                       188    -44       75
  SINCE JUN 1    144                       188    -44       75
  SINCE JUL 1   7134                      7584   -450     6395

 COOLING
  YESTERDAY        0                         1     -1        0
  MONTH TO DATE   17                         9      8       45
  SINCE JUN 1     17                         9      8       45
  SINCE JAN 1     17                        10      7       45
..................................................................


WIND (MPH)
  HIGHEST WIND SPEED    12   HIGHEST WIND DIRECTION    SE (130)
  HIGHEST GUST SPEED    15   HIGHEST GUST DIRECTION     E (110)
  AVERAGE WIND SPEED     3.6


SKY COVER
  POSSIBLE SUNSHINE  MM
  AVERAGE SKY COVER 0.0


WEATHER CONDITIONS
 THE FOLLOWING WEATHER WAS RECORDED YESTERDAY.
  NO SIGNIFICANT WEATHER WAS OBSERVED.


RELATIVE HUMIDITY (PERCENT)
 HIGHEST    85           400 AM
 LOWEST     21           500 PM
 AVERAGE    53

..........................................................


THE LIVINGSTON MT CLIMATE NORMALS FOR TODAY
                         NORMAL    RECORD    YEAR
 MAXIMUM TEMPERATURE (F)   78        94      1990
 MINIMUM TEMPERATURE (F)   46        32      2007


SUNRISE AND SUNSET
JUNE 26 2017..........SUNRISE   534 AM MDT   SUNSET   915 PM MDT
JUNE 27 2017..........SUNRISE   534 AM MDT   SUNSET   915 PM MDT


-  INDICATES NEGATIVE NUMBERS.
R  INDICATES RECORD WAS SET OR TIED.
MM INDICATES DATA IS MISSING.
T  INDICATES TRACE AMOUNT.




$$
