000
CDUS45 KBYZ 061036
CLILVM


CLIMATE REPORT
NATIONAL WEATHER SERVICE BILLINGS MT
335 AM MST FRI MAR 6 2015


...................................

...THE LIVINGSTON MT CLIMATE SUMMARY FOR MARCH 5 2015...

CLIMATE NORMAL PERIOD 1981 TO 2010
CLIMATE RECORD PERIOD 1948 TO 2015


WEATHER ITEM   OBSERVED TIME   RECORD YEAR NORMAL DEPARTURE LAST
                VALUE   (LST)  VALUE       VALUE  FROM      YEAR
                                                  NORMAL
..................................................................
TEMPERATURE (F)
 YESTERDAY
  MAXIMUM         50    150 PM  70    1987  45      5       48
  MINIMUM         29    718 AM -16    1951  21      8       36
  AVERAGE         40                        33      7       42

PRECIPITATION (IN)
  YESTERDAY        0.00          0.23        0.02  -0.02     0.00
  MONTH TO DATE    T                         0.10  -0.10     0.16
  SINCE OCT 1      2.98                      3.46  -0.48     3.55
  SINCE JAN 1      1.19                      1.09   0.10     1.26

DEGREE DAYS
 HEATING
  YESTERDAY       25                        32     -7       23
  MONTH TO DATE  212                       163     49      235
  SINCE MAR 1    212                       163     49      235
  SINCE JUL 1   4826                      5511   -685     5478

 COOLING
  YESTERDAY        0                         0      0        0
  MONTH TO DATE    0                         0      0        0
  SINCE MAR 1      0                         0      0        0
  SINCE JAN 1      0                         0      0        0
..................................................................


WIND (MPH)
  HIGHEST WIND SPEED    37   HIGHEST WIND DIRECTION    SW (230)
  HIGHEST GUST SPEED    47   HIGHEST GUST DIRECTION    SW (210)
  AVERAGE WIND SPEED    22.3


SKY COVER
  POSSIBLE SUNSHINE  MM
  AVERAGE SKY COVER 0.4


WEATHER CONDITIONS
 THE FOLLOWING WEATHER WAS RECORDED YESTERDAY.
  NO SIGNIFICANT WEATHER WAS OBSERVED.


RELATIVE HUMIDITY (PERCENT)
 HIGHEST    43           800 AM
 LOWEST     19           200 PM
 AVERAGE    31

..........................................................


THE LIVINGSTON MT CLIMATE NORMALS FOR TODAY
                         NORMAL    RECORD    YEAR
 MAXIMUM TEMPERATURE (F)   45        67      1987
 MINIMUM TEMPERATURE (F)   22       -20      1951


SUNRISE AND SUNSET
MARCH  6 2015.........SUNRISE   652 AM MST   SUNSET   615 PM MST
MARCH  7 2015.........SUNRISE   650 AM MST   SUNSET   617 PM MST


-  INDICATES NEGATIVE NUMBERS.
R  INDICATES RECORD WAS SET OR TIED.
MM INDICATES DATA IS MISSING.
T  INDICATES TRACE AMOUNT.





&&

THIS IS AN AUTOMATED...UNATTENDED WEATHER STATION AND MAY
UNDERESTIMATE WINTER PRECIPITATION.

$$
