000
CDUS45 KBYZ 170718
CLILVM


CLIMATE REPORT
NATIONAL WEATHER SERVICE BILLINGS MT
1218 AM MST SAT FEB 17 2018


...................................

...THE LIVINGSTON MT CLIMATE SUMMARY FOR FEBRUARY 16 2018...

CLIMATE NORMAL PERIOD 1981 TO 2010
CLIMATE RECORD PERIOD 1948 TO 2018


WEATHER ITEM   OBSERVED TIME   RECORD YEAR NORMAL DEPARTURE LAST
                VALUE   (LST)  VALUE       VALUE  FROM      YEAR
                                                  NORMAL
..................................................................
TEMPERATURE (F)
 YESTERDAY
  MAXIMUM         32    427 PM  63    1996  40     -8       61
  MINIMUM         19   1224 AM -19    1956  18      1       42
  AVERAGE         26                        29     -3       52

PRECIPITATION (IN)
  YESTERDAY        T             0.32 1961   0.01  -0.01     0.00
  MONTH TO DATE    0.24                      0.26  -0.02     0.67
  SINCE OCT 1      4.28                      3.12   1.16     5.01
  SINCE JAN 1      1.24                      0.75   0.49     1.08

DEGREE DAYS
 HEATING
  YESTERDAY       39                        36      3       13
  MONTH TO DATE  667                       589     78      590
  SINCE DEC 1   2917                      2971    -54     3352
  SINCE JUL 1   4740                      4930   -190     4850

 COOLING
  YESTERDAY        0                         0      0        0
  MONTH TO DATE    0                         0      0        0
  SINCE DEC 1      0                         0      0        0
  SINCE JAN 1      0                         0      0        0
..................................................................


WIND (MPH)
  HIGHEST WIND SPEED    53   HIGHEST WIND DIRECTION    SW (230)
  HIGHEST GUST SPEED    63   HIGHEST GUST DIRECTION    SW (230)
  AVERAGE WIND SPEED    30.1


SKY COVER
  POSSIBLE SUNSHINE  MM
  AVERAGE SKY COVER 0.7


WEATHER CONDITIONS
 THE FOLLOWING WEATHER WAS RECORDED YESTERDAY.
  LIGHT SNOW
  FOG
  HAZE


RELATIVE HUMIDITY (PERCENT)
 HIGHEST    75           800 PM
 LOWEST     49           400 PM
 AVERAGE    62

..........................................................


THE LIVINGSTON MT CLIMATE NORMALS FOR TODAY
                         NORMAL    RECORD    YEAR
 MAXIMUM TEMPERATURE (F)   40        60      1996
 MINIMUM TEMPERATURE (F)   18       -31      2006


SUNRISE AND SUNSET
FEBRUARY 17 2018......SUNRISE   720 AM MST   SUNSET   552 PM MST
FEBRUARY 18 2018......SUNRISE   719 AM MST   SUNSET   553 PM MST


-  INDICATES NEGATIVE NUMBERS.
R  INDICATES RECORD WAS SET OR TIED.
MM INDICATES DATA IS MISSING.
T  INDICATES TRACE AMOUNT.




$$
