000
CDUS45 KBYZ 272326
CLILVM


CLIMATE REPORT
NATIONAL WEATHER SERVICE BILLINGS MT
422 PM MST THU NOV 27 2014


...................................

...THE LIVINGSTON MT CLIMATE SUMMARY FOR NOVEMBER 27 2014...
VALID TODAY AS OF 0400 PM LOCAL TIME.

CLIMATE NORMAL PERIOD 1981 TO 2010
CLIMATE RECORD PERIOD 1948 TO 2014


WEATHER ITEM   OBSERVED TIME   RECORD YEAR NORMAL DEPARTURE LAST
                VALUE   (LST)  VALUE       VALUE  FROM      YEAR
                                                  NORMAL
..................................................................
TEMPERATURE (F)
 TODAY
  MAXIMUM         59   1254 PM  64    1950  38     21       54
  MINIMUM         42   1214 AM -11    1985  20     22       23
  AVERAGE         51                        29     22       39

PRECIPITATION (IN)
  TODAY            0.00          0.59        0.02  -0.02     0.00
  MONTH TO DATE    1.02                      0.53   0.49     0.36
  SINCE OCT 1      1.31                      1.79  -0.48     1.51
  SINCE JAN 1     14.98                     14.23   0.75    11.30

DEGREE DAYS
 HEATING
  TODAY           14                        36    -22       26
  MONTH TO DATE  906                       823     83      780
  SINCE SEP 1   1555                      1733   -178     1632
  SINCE JUL 1   1624                      1851   -227     1632

 COOLING
  TODAY            0                         0      0        0
  MONTH TO DATE    0                         0      0        0
  SINCE SEP 1     18                        15      3       56
  SINCE JAN 1    321                       230     91      495
..................................................................


WIND (MPH)
  HIGHEST WIND SPEED    44   HIGHEST WIND DIRECTION    SW (220)
  HIGHEST GUST SPEED    54   HIGHEST GUST DIRECTION    SW (220)
  AVERAGE WIND SPEED    30.7


SKY COVER
  POSSIBLE SUNSHINE  MM
  AVERAGE SKY COVER 0.5


WEATHER CONDITIONS
 THE FOLLOWING WEATHER WAS RECORDED TODAY.
  NO SIGNIFICANT WEATHER WAS OBSERVED.


RELATIVE HUMIDITY (PERCENT)
 HIGHEST    62          1200 AM
 LOWEST     33           100 PM
 AVERAGE    48

..........................................................


THE LIVINGSTON MT CLIMATE NORMALS FOR TOMORROW
                         NORMAL    RECORD    YEAR
 MAXIMUM TEMPERATURE (F)   38        57      2012
 MINIMUM TEMPERATURE (F)   20       -10      2006


SUNRISE AND SUNSET
NOVEMBER 27 2014......SUNRISE   737 AM MST   SUNSET   441 PM MST
NOVEMBER 28 2014......SUNRISE   739 AM MST   SUNSET   441 PM MST


-  INDICATES NEGATIVE NUMBERS.
R  INDICATES RECORD WAS SET OR TIED.
MM INDICATES DATA IS MISSING.
T  INDICATES TRACE AMOUNT.





&&

THIS IS AN AUTOMATED...UNATTENDED WEATHER STATION AND MAY
UNDERESTIMATE WINTER PRECIPITATION.

$$
