000
CDUS45 KBYZ 292223
CLILVM


CLIMATE REPORT
NATIONAL WEATHER SERVICE BILLINGS MT
422 PM MDT SAT AUG 29 2015


...................................

...THE LIVINGSTON MT CLIMATE SUMMARY FOR AUGUST 29 2015...
VALID TODAY AS OF 0400 PM LOCAL TIME.

CLIMATE NORMAL PERIOD 1981 TO 2010
CLIMATE RECORD PERIOD 1948 TO 2015


WEATHER ITEM   OBSERVED TIME   RECORD YEAR NORMAL DEPARTURE LAST
                VALUE   (LST)  VALUE       VALUE  FROM      YEAR
                                                  NORMAL
..................................................................
TEMPERATURE (F)
 TODAY
  MAXIMUM         89    139 PM  95    2005  80      9       85
                                      1998
  MINIMUM         50    450 AM  35    1992  44      6       51
  AVERAGE         70                        62      8       68

PRECIPITATION (IN)
  TODAY            0.00          1.04 1962   0.04  -0.04     0.02
  MONTH TO DATE    1.21                      1.04   0.17     2.28
  SINCE OCT 1     11.86                     13.53  -1.67    13.82
  SINCE JAN 1     10.07                     11.16  -1.09    11.53

DEGREE DAYS
 HEATING
  TODAY            0                         4     -4        0
  MONTH TO DATE   57                        58     -1       51
  SINCE JUN 1    121                       315   -194      255
  SINCE JUL 1     67                       108    -41       60

 COOLING
  TODAY            5                         1      4        3
  MONTH TO DATE  119                        85     34      123
  SINCE JUN 1    333                       213    120      298
  SINCE JAN 1    334                       214    120      303
..................................................................


WIND (MPH)
  HIGHEST WIND SPEED    33   HIGHEST WIND DIRECTION    SW (210)
  HIGHEST GUST SPEED    40   HIGHEST GUST DIRECTION    SW (220)
  AVERAGE WIND SPEED     7.9


SKY COVER
  POSSIBLE SUNSHINE  MM
  AVERAGE SKY COVER 0.1


WEATHER CONDITIONS
 THE FOLLOWING WEATHER WAS RECORDED TODAY.
  HAZE


RELATIVE HUMIDITY (PERCENT)
 HIGHEST    59           500 AM
 LOWEST     18           100 PM
 AVERAGE    39

..........................................................


THE LIVINGSTON MT CLIMATE NORMALS FOR TOMORROW
                         NORMAL    RECORD    YEAR
 MAXIMUM TEMPERATURE (F)   80        96      2007
                                             1954
 MINIMUM TEMPERATURE (F)   44        31      1993


SUNRISE AND SUNSET
AUGUST 29 2015........SUNRISE   639 AM MDT   SUNSET   806 PM MDT
AUGUST 30 2015........SUNRISE   640 AM MDT   SUNSET   804 PM MDT


-  INDICATES NEGATIVE NUMBERS.
R  INDICATES RECORD WAS SET OR TIED.
MM INDICATES DATA IS MISSING.
T  INDICATES TRACE AMOUNT.





&&

THIS IS AN AUTOMATED...UNATTENDED WEATHER STATION AND MAY
UNDERESTIMATE WINTER PRECIPITATION.

$$
