000
CDUS45 KBYZ 092222
CLILVM


CLIMATE REPORT
NATIONAL WEATHER SERVICE BILLINGS MT
421 PM MDT WED JUL 9 2014


...................................

...THE LIVINGSTON MT CLIMATE SUMMARY FOR JULY 9 2014...
VALID TODAY AS OF 0400 PM LOCAL TIME.

CLIMATE NORMAL PERIOD 1981 TO 2010
CLIMATE RECORD PERIOD 1948 TO 2014


WEATHER ITEM   OBSERVED TIME   RECORD YEAR NORMAL DEPARTURE LAST
                VALUE   (LST)  VALUE       VALUE  FROM      YEAR
                                                  NORMAL
..................................................................
TEMPERATURE (F)
 TODAY
  MAXIMUM         92    225 PM  97    2012  83      9       88
                                      1985
  MINIMUM         49    421 AM  37    2004  49      0       50
                                      1981
  AVERAGE         71                        66      5       69

PRECIPITATION (IN)
  TODAY            0.00          0.46 1998   0.05  -0.05     0.00
  MONTH TO DATE    T                         0.48  -0.48     1.23
  SINCE OCT 1     11.09                     11.50  -0.41     9.32
  SINCE JAN 1      8.80                      9.13  -0.33     7.02

DEGREE DAYS
 HEATING
  TODAY            0                         2     -2        0
  MONTH TO DATE    9                        23    -14        0
  SINCE JUN 1    204                       230    -26      137
  SINCE JUL 1      9                        23    -14        0

 COOLING
  TODAY            6                         3      3        4
  MONTH TO DATE   43                        21     22       61
  SINCE JUN 1     45                        40      5      103
  SINCE JAN 1     50                        41      9      111
..................................................................


WIND (MPH)
  HIGHEST WIND SPEED    10   HIGHEST WIND DIRECTION    SE (130)
  HIGHEST GUST SPEED    13   HIGHEST GUST DIRECTION     N (340)
  AVERAGE WIND SPEED     4.1


SKY COVER
  POSSIBLE SUNSHINE  MM
  AVERAGE SKY COVER 0.0


WEATHER CONDITIONS
 THE FOLLOWING WEATHER WAS RECORDED TODAY.
  NO SIGNIFICANT WEATHER WAS OBSERVED.


RELATIVE HUMIDITY (PERCENT)
 HIGHEST    77           300 AM
 LOWEST     25          1200 PM
 AVERAGE    51

..........................................................


THE LIVINGSTON MT CLIMATE NORMALS FOR TOMORROW
                         NORMAL    RECORD    YEAR
 MAXIMUM TEMPERATURE (F)   83       100      1973
 MINIMUM TEMPERATURE (F)   49        40      2011


SUNRISE AND SUNSET
JULY  9 2014..........SUNRISE   542 AM MDT   SUNSET   912 PM MDT
JULY 10 2014..........SUNRISE   543 AM MDT   SUNSET   911 PM MDT


-  INDICATES NEGATIVE NUMBERS.
R  INDICATES RECORD WAS SET OR TIED.
MM INDICATES DATA IS MISSING.
T  INDICATES TRACE AMOUNT.





&&

THIS IS AN AUTOMATED...UNATTENDED WEATHER STATION AND MAY
UNDERESTIMATE WINTER PRECIPITATION.

$$
