000
CDUS45 KBYZ 291032
CLILVM


CLIMATE REPORT
NATIONAL WEATHER SERVICE BILLINGS MT
331 AM MST THU JAN 29 2015


...................................

...THE LIVINGSTON MT CLIMATE SUMMARY FOR JANUARY 28 2015...

CLIMATE NORMAL PERIOD 1981 TO 2010
CLIMATE RECORD PERIOD 1948 TO 2015


WEATHER ITEM   OBSERVED TIME   RECORD YEAR NORMAL DEPARTURE LAST
                VALUE   (LST)  VALUE       VALUE  FROM      YEAR
                                                  NORMAL
..................................................................
TEMPERATURE (F)
 YESTERDAY
  MAXIMUM         53   1256 PM  56    1992  37     16       39
  MINIMUM         25   1144 PM -26    1969  18      7        7
  AVERAGE         39                        27     12       23

PRECIPITATION (IN)
  YESTERDAY        T             0.10        0.01  -0.01     0.00
  MONTH TO DATE    0.54                      0.44   0.10     0.19
  SINCE OCT 1      2.33                      2.81  -0.48     2.48
  SINCE JAN 1      0.54                      0.44   0.10     0.19

DEGREE DAYS
 HEATING
  YESTERDAY       26                        38    -12       42
  MONTH TO DATE  904                      1068   -164      869
  SINCE DEC 1   1951                      2274   -323     2117
  SINCE JUL 1   3689                      4233   -544     3824

 COOLING
  YESTERDAY        0                         0      0        0
  MONTH TO DATE    0                         0      0        0
  SINCE DEC 1      0                         0      0        0
  SINCE JAN 1      0                         0      0        0
..................................................................


WIND (MPH)
  HIGHEST WIND SPEED    35   HIGHEST WIND DIRECTION    SW (230)
  HIGHEST GUST SPEED    42   HIGHEST GUST DIRECTION    SW (210)
  AVERAGE WIND SPEED    13.1


SKY COVER
  POSSIBLE SUNSHINE  MM
  AVERAGE SKY COVER 0.9


WEATHER CONDITIONS
 THE FOLLOWING WEATHER WAS RECORDED YESTERDAY.
  NO SIGNIFICANT WEATHER WAS OBSERVED.


RELATIVE HUMIDITY (PERCENT)
 HIGHEST    70           700 AM
 LOWEST     32           100 PM
 AVERAGE    51

..........................................................


THE LIVINGSTON MT CLIMATE NORMALS FOR TODAY
                         NORMAL    RECORD    YEAR
 MAXIMUM TEMPERATURE (F)   37        54      2012
                                             1998
 MINIMUM TEMPERATURE (F)   18       -25      1980


SUNRISE AND SUNSET
JANUARY 29 2015.......SUNRISE   747 AM MST   SUNSET   523 PM MST
JANUARY 30 2015.......SUNRISE   746 AM MST   SUNSET   525 PM MST


-  INDICATES NEGATIVE NUMBERS.
R  INDICATES RECORD WAS SET OR TIED.
MM INDICATES DATA IS MISSING.
T  INDICATES TRACE AMOUNT.





&&

THIS IS AN AUTOMATED...UNATTENDED WEATHER STATION AND MAY
UNDERESTIMATE WINTER PRECIPITATION.

$$
