547
CDUS43 KTOP 220631
CLILWC


CLIMATE REPORT
NATIONAL WEATHER SERVICE TOPEKA KS
131 AM CDT MON MAY 22 2017


...................................

...THE LAWRENCE KS CLIMATE SUMMARY FOR MAY 21 2017...

CLIMATE NORMAL PERIOD 1981 TO 2010
CLIMATE RECORD PERIOD 9999 TO 9999


WEATHER ITEM   OBSERVED NORMAL DEPARTURE LAST
                VALUE   VALUE  FROM      YEAR
                               NORMAL
...............................................
TEMPERATURE (F)
 YESTERDAY
  MAXIMUM         71     78     -7       75
  MINIMUM         44     55    -11       47
  AVERAGE         58     66     -8       61

PRECIPITATION (IN)
  YESTERDAY        0.00   0.19  -0.19     0.07
  MONTH TO DATE    2.33   3.34  -1.01     2.64
  SINCE MAR 1     11.58   9.73   1.85     8.78
  SINCE JAN 1     12.59  12.04   0.55     9.90

DEGREE DAYS
 HEATING
  YESTERDAY        7      2      5        4
  MONTH TO DATE   74     90    -16      143
  SINCE MAR 1    850   1054   -204      867
  SINCE JUL 1   4131   5069   -938     4369

 COOLING
  YESTERDAY        0      4     -4        0
  MONTH TO DATE   57     48      9       12
  SINCE MAR 1     89     71     18       30
  SINCE JAN 1     89     71     18       30
...............................................


WIND (MPH)
  HIGHEST WIND SPEED    18   HIGHEST WIND DIRECTION     W (260)
  HIGHEST GUST SPEED    22   HIGHEST GUST DIRECTION    SW (240)
  AVERAGE WIND SPEED     8.2


SKY COVER
  AVERAGE SKY COVER 0.0


WEATHER CONDITIONS
 THE FOLLOWING WEATHER WAS RECORDED YESTERDAY.
  NO SIGNIFICANT WEATHER WAS OBSERVED.


RELATIVE HUMIDITY (PERCENT)
 HIGHEST    96
 LOWEST     38
 AVERAGE    67

..........................................................


THE LAWRENCE KS CLIMATE NORMALS FOR TODAY
                         NORMAL
 MAXIMUM TEMPERATURE (F)   78
 MINIMUM TEMPERATURE (F)   55


SUNRISE AND SUNSET
MAY 22 2017...........SUNRISE   602 AM CDT   SUNSET   833 PM CDT
MAY 23 2017...........SUNRISE   602 AM CDT   SUNSET   834 PM CDT


-  INDICATES NEGATIVE NUMBERS.
R  INDICATES RECORD WAS SET OR TIED.
MM INDICATES DATA IS MISSING.
T  INDICATES TRACE AMOUNT.




$$
