000
CDUS43 KTOP 300635
CLILWC


CLIMATE REPORT
NATIONAL WEATHER SERVICE TOPEKA KS
135 AM CDT TUE JUN 30 2015


...................................

...THE LAWRENCE KS CLIMATE SUMMARY FOR JUNE 29 2015...

CLIMATE NORMAL PERIOD 1981 TO 2010
CLIMATE RECORD PERIOD 9999 TO 9999


WEATHER ITEM   OBSERVED NORMAL DEPARTURE LAST
                VALUE   VALUE  FROM      YEAR
                               NORMAL
...............................................
TEMPERATURE (F)
 YESTERDAY
  MAXIMUM         87     88     -1       90
  MINIMUM         61     66     -5       66
  AVERAGE         74     77     -3       78

PRECIPITATION (IN)
  YESTERDAY        0.00   0.15  -0.15      T
  MONTH TO DATE    4.30   5.31  -1.01     9.16
  SINCE JUN 1      4.30   5.31  -1.01     9.16
  SINCE JAN 1     18.58  19.20  -0.62    16.82

DEGREE DAYS
 HEATING
  YESTERDAY        0      0      0        0
  MONTH TO DATE    3      6     -3        0
  SINCE JUN 1      3      6     -3        0
  SINCE JUL 1   5228   5090    138     5635

 COOLING
  YESTERDAY        9     12     -3       13
  MONTH TO DATE  328    264     64      301
  SINCE JUN 1    328    264     64      301
  SINCE JAN 1    404    383     21      494
...............................................


WIND (MPH)
  HIGHEST WIND SPEED    16   HIGHEST WIND DIRECTION    NW (320)
  HIGHEST GUST SPEED    21   HIGHEST GUST DIRECTION    NW (320)
  AVERAGE WIND SPEED     6.7


SKY COVER
  AVERAGE SKY COVER 0.0


WEATHER CONDITIONS
 THE FOLLOWING WEATHER WAS RECORDED YESTERDAY.
  HAZE


RELATIVE HUMIDITY (PERCENT)
 HIGHEST    97
 LOWEST     42
 AVERAGE    70

..........................................................


THE LAWRENCE KS CLIMATE NORMALS FOR TODAY
                         NORMAL
 MAXIMUM TEMPERATURE (F)   88
 MINIMUM TEMPERATURE (F)   66


SUNRISE AND SUNSET
JUNE 30 2015..........SUNRISE   558 AM CDT   SUNSET   851 PM CDT
JULY  1 2015..........SUNRISE   559 AM CDT   SUNSET   850 PM CDT


-  INDICATES NEGATIVE NUMBERS.
R  INDICATES RECORD WAS SET OR TIED.
MM INDICATES DATA IS MISSING.
T  INDICATES TRACE AMOUNT.




$$
