000
CDUS43 KTOP 240633
CLILWC


CLIMATE REPORT
NATIONAL WEATHER SERVICE TOPEKA KS
132 AM CDT SAT JUN 24 2017


...................................

...THE LAWRENCE KS CLIMATE SUMMARY FOR JUNE 23 2017...

CLIMATE NORMAL PERIOD 1981 TO 2010
CLIMATE RECORD PERIOD 9999 TO 9999


WEATHER ITEM   OBSERVED NORMAL DEPARTURE LAST
                VALUE   VALUE  FROM      YEAR
                               NORMAL
...............................................
TEMPERATURE (F)
 YESTERDAY
  MAXIMUM         82     87     -5       95
  MINIMUM         58     65     -7       69
  AVERAGE         70     76     -6       82

PRECIPITATION (IN)
  YESTERDAY        0.00   0.16  -0.16     0.00
  MONTH TO DATE    3.83   4.40  -0.57     0.90
  SINCE JUN 1      3.83   4.40  -0.57     0.90
  SINCE JAN 1     16.85  18.29  -1.44    15.54

DEGREE DAYS
 HEATING
  YESTERDAY        0      0      0        0
  MONTH TO DATE    0      6     -6        0
  SINCE JUN 1      0      6     -6        0
  SINCE JUL 1   4148   5090   -942     4369

 COOLING
  YESTERDAY        5     11     -6       17
  MONTH TO DATE  245    195     50      311
  SINCE JUN 1    245    195     50      311
  SINCE JAN 1    352    314     38      391
...............................................


WIND (MPH)
  HIGHEST WIND SPEED    23   HIGHEST WIND DIRECTION    NW (320)
  HIGHEST GUST SPEED    30   HIGHEST GUST DIRECTION     N (20)
  AVERAGE WIND SPEED     9.5


SKY COVER
  AVERAGE SKY COVER 0.3


WEATHER CONDITIONS
 THE FOLLOWING WEATHER WAS RECORDED YESTERDAY.
  NO SIGNIFICANT WEATHER WAS OBSERVED.


RELATIVE HUMIDITY (PERCENT)
 HIGHEST   100
 LOWEST     42
 AVERAGE    71

..........................................................


THE LAWRENCE KS CLIMATE NORMALS FOR TODAY
                         NORMAL
 MAXIMUM TEMPERATURE (F)   87
 MINIMUM TEMPERATURE (F)   65


SUNRISE AND SUNSET
JUNE 24 2017..........SUNRISE   556 AM CDT   SUNSET   850 PM CDT
JUNE 25 2017..........SUNRISE   557 AM CDT   SUNSET   851 PM CDT


-  INDICATES NEGATIVE NUMBERS.
R  INDICATES RECORD WAS SET OR TIED.
MM INDICATES DATA IS MISSING.
T  INDICATES TRACE AMOUNT.




$$
