000
CDUS43 KTOP 232137
CLILWC


CLIMATE REPORT
NATIONAL WEATHER SERVICE TOPEKA KS
436 PM CDT WED AUG 23 2017


...................................

...THE LAWRENCE KS CLIMATE SUMMARY FOR AUGUST 23 2017...
VALID TODAY AS OF 0400 PM LOCAL TIME.

CLIMATE NORMAL PERIOD 1981 TO 2010
CLIMATE RECORD PERIOD 9999 TO 9999


WEATHER ITEM   OBSERVED NORMAL DEPARTURE LAST
                VALUE   VALUE  FROM      YEAR
                               NORMAL
...............................................
TEMPERATURE (F)
 TODAY
  MAXIMUM         80     89     -9       87
  MINIMUM         53     64    -11       64
  AVERAGE         67     76     -9       76

PRECIPITATION (IN)
  TODAY            0.00   0.17  -0.17      T
  MONTH TO DATE    4.54   3.16   1.38     1.95
  SINCE JUN 1     13.84  12.80   1.04     7.90
  SINCE JAN 1     26.86  26.69   0.17    22.54

DEGREE DAYS
 HEATING
  TODAY            0      0      0        0
  MONTH TO DATE    3      0      3        0
  SINCE JUN 1      6      9     -3        0
  SINCE JUL 1      3      1      2        0

 COOLING
  TODAY            2     11     -9       11
  MONTH TO DATE  185    301   -116      285
  SINCE JUN 1    929    990    -61     1139
  SINCE JAN 1   1036   1109    -73     1219
...............................................


WIND (MPH)
  HIGHEST WIND SPEED     9   HIGHEST WIND DIRECTION     E (90)
  HIGHEST GUST SPEED    13   HIGHEST GUST DIRECTION     E (80)
  AVERAGE WIND SPEED     1.7



WEATHER CONDITIONS
 THE FOLLOWING WEATHER WAS RECORDED TODAY.
  NO SIGNIFICANT WEATHER WAS OBSERVED.


RELATIVE HUMIDITY (PERCENT)
 HIGHEST   100
 LOWEST     42
 AVERAGE    71

..........................................................


THE LAWRENCE KS CLIMATE NORMALS FOR TOMORROW
                         NORMAL
 MAXIMUM TEMPERATURE (F)   89
 MINIMUM TEMPERATURE (F)   64


SUNRISE AND SUNSET
AUGUST 23 2017........SUNRISE   642 AM CDT   SUNSET   804 PM CDT
AUGUST 24 2017........SUNRISE   643 AM CDT   SUNSET   803 PM CDT


-  INDICATES NEGATIVE NUMBERS.
R  INDICATES RECORD WAS SET OR TIED.
MM INDICATES DATA IS MISSING.
T  INDICATES TRACE AMOUNT.




$$
