000
CDUS43 KTOP 210633
CLILWC


CLIMATE REPORT
NATIONAL WEATHER SERVICE TOPEKA KS
133 AM CDT SUN SEP 21 2014


...................................

...THE LAWRENCE KS CLIMATE SUMMARY FOR SEPTEMBER 20 2014...

CLIMATE NORMAL PERIOD 1981 TO 2010
CLIMATE RECORD PERIOD 9999 TO 9999


WEATHER ITEM   OBSERVED NORMAL DEPARTURE LAST
                VALUE   VALUE  FROM      YEAR
                               NORMAL
...............................................
TEMPERATURE (F)
 YESTERDAY
  MAXIMUM         85     80      5       74
  MINIMUM         61     53      8       50
  AVERAGE         73     66      7       62

PRECIPITATION (IN)
  YESTERDAY        0.00   0.12  -0.12     0.00
  MONTH TO DATE    4.49   2.86   1.63     2.94
  SINCE SEP 1      4.49   2.86   1.63     2.94
  SINCE JAN 1     28.94  30.72  -1.78    23.22

DEGREE DAYS
 HEATING
  YESTERDAY        0      3     -3        3
  MONTH TO DATE   62     20     42        6
  SINCE SEP 1     62     20     42        6
  SINCE JUL 1     63     23     40        6

 COOLING
  YESTERDAY        8      4      4        0
  MONTH TO DATE   82    124    -42      211
  SINCE SEP 1     82    124    -42      211
  SINCE JAN 1   1389   1315     74     1432
...............................................


WIND (MPH)
  HIGHEST WIND SPEED    16   HIGHEST WIND DIRECTION    SW (220)
  HIGHEST GUST SPEED    20   HIGHEST GUST DIRECTION     W (250)
  AVERAGE WIND SPEED     6.5


SKY COVER
  AVERAGE SKY COVER 0.1


WEATHER CONDITIONS
 THE FOLLOWING WEATHER WAS RECORDED YESTERDAY.
  FOG
  FOG W/VISIBILITY <= 1/4 MILE
  HAZE


RELATIVE HUMIDITY (PERCENT)
 HIGHEST    93
 LOWEST     59
 AVERAGE    76

..........................................................


THE LAWRENCE KS CLIMATE NORMALS FOR TODAY
                         NORMAL
 MAXIMUM TEMPERATURE (F)   79
 MINIMUM TEMPERATURE (F)   53


SUNRISE AND SUNSET
SEPTEMBER 21 2014.....SUNRISE   708 AM CDT   SUNSET   719 PM CDT
SEPTEMBER 22 2014.....SUNRISE   709 AM CDT   SUNSET   718 PM CDT


-  INDICATES NEGATIVE NUMBERS.
R  INDICATES RECORD WAS SET OR TIED.
MM INDICATES DATA IS MISSING.
T  INDICATES TRACE AMOUNT.




$$
