000
CDUS46 KOTX 250824
CLILWS


CLIMATE REPORT
NATIONAL WEATHER SERVICE SPOKANE, WA
124 AM PDT SUN JUN 25 2017


...................................

...THE LEWISTON ID AIRPORT CLIMATE SUMMARY FOR JUNE 24 2017...

CLIMATE NORMAL PERIOD 1981 TO 2010
CLIMATE RECORD PERIOD 1881 TO 2017


WEATHER ITEM   OBSERVED TIME   RECORD YEAR NORMAL DEPARTURE LAST
                VALUE   (LST)  VALUE       VALUE  FROM      YEAR
                                                  NORMAL
..................................................................
TEMPERATURE (F)
 YESTERDAY
  MAXIMUM         91    459 PM 106    1940  81     10       75
  MINIMUM         53    309 AM  43    1920  55     -2       54
  AVERAGE         72                        68      4       65

PRECIPITATION (IN)
  YESTERDAY        0.00          1.20 1884   0.04  -0.04     0.30
  MONTH TO DATE    0.62                      1.05  -0.43     1.00
  SINCE OCT 1     15.25                     10.10   5.15    11.27
  SINCE JAN 1     10.37                      6.99   3.38     7.82

SNOWFALL (IN)
  YESTERDAY        0.0           0.0  1995   0.0    0.0      0.0
  MONTH TO DATE    0.0                       0.0    0.0      0.0
  SINCE JUN 1      0.0                       0.0    0.0      0.0
  SINCE JUL 1     39.2                      10.5   28.7      6.4
  SNOW DEPTH       0

DEGREE DAYS
 HEATING
  YESTERDAY        0                         1     -1        0
  MONTH TO DATE   37                        64    -27       57
  SINCE JUN 1     37                        64    -27       57
  SINCE JUL 1   5280                      5161    119     4223

 COOLING
  YESTERDAY        7                         4      3        0
  MONTH TO DATE   80                        65     15      107
  SINCE JUN 1     80                        65     15      107
  SINCE JAN 1    131                        97     34      147
..................................................................


WIND (MPH)
  HIGHEST WIND SPEED    10   HIGHEST WIND DIRECTION     S (190)
  HIGHEST GUST SPEED    15   HIGHEST GUST DIRECTION    NE (50)
  AVERAGE WIND SPEED     4.0


SKY COVER
  POSSIBLE SUNSHINE  MM
  AVERAGE SKY COVER 0.0


WEATHER CONDITIONS
 THE FOLLOWING WEATHER WAS RECORDED YESTERDAY.
  NO SIGNIFICANT WEATHER WAS OBSERVED.


RELATIVE HUMIDITY (PERCENT)
 HIGHEST    61           500 AM
 LOWEST     10           300 PM
 AVERAGE    36

..........................................................


THE LEWISTON ID AIRPORT CLIMATE NORMALS FOR TODAY
                         NORMAL    RECORD    YEAR
 MAXIMUM TEMPERATURE (F)   82       105      1925
 MINIMUM TEMPERATURE (F)   55        42      1955
                                             1951


SUNRISE AND SUNSET
JUNE 25 2017..........SUNRISE   457 AM PDT   SUNSET   845 PM PDT
JUNE 26 2017..........SUNRISE   457 AM PDT   SUNSET   845 PM PDT


-  INDICATES NEGATIVE NUMBERS.
R  INDICATES RECORD WAS SET OR TIED.
MM INDICATES DATA IS MISSING.
T  INDICATES TRACE AMOUNT.




$$
