000
CDUS46 KOTX 030828
CLILWS


CLIMATE REPORT
NATIONAL WEATHER SERVICE SPOKANE, WA
1227 AM PST SAT DEC 3 2016


...................................

...THE LEWISTON ID AIRPORT CLIMATE SUMMARY FOR DECEMBER 2 2016...

CLIMATE NORMAL PERIOD 1981 TO 2010
CLIMATE RECORD PERIOD 1881 TO 2016


WEATHER ITEM   OBSERVED TIME   RECORD YEAR NORMAL DEPARTURE LAST
                VALUE   (LST)  VALUE       VALUE  FROM      YEAR
                                                  NORMAL
..................................................................
TEMPERATURE (F)
 YESTERDAY
  MAXIMUM         43   1159 PM  61    1975  42      1       42
                                      1932
                                      1927
  MINIMUM         25    647 AM  -2    1919  30     -5       32
  AVERAGE         34                        36     -2       37

PRECIPITATION (IN)
  YESTERDAY        T             0.54 1962   0.03  -0.03      T
  MONTH TO DATE    T                         0.07  -0.07      T
  SINCE OCT 1      3.29                      2.21   1.08     1.70
  SINCE JAN 1     13.48                     11.41   2.07     8.47

SNOWFALL (IN)
  YESTERDAY        0.0           1.0  1955   0.1   -0.1       T
  MONTH TO DATE    0.0                       0.2   -0.2       T
  SINCE DEC 1      0.0                       0.2   -0.2       T
  SINCE JUL 1      0.0                       2.0   -2.0       T
  SNOW DEPTH       0

DEGREE DAYS
 HEATING
  YESTERDAY       31                        29      2       28
  MONTH TO DATE   56                        58     -2       67
  SINCE DEC 1     56                        58     -2       67
  SINCE JUL 1   1005                      1298   -293     1070

 COOLING
  YESTERDAY        0                         0      0        0
  MONTH TO DATE    0                         0      0        0
  SINCE DEC 1      0                         0      0        0
  SINCE JAN 1    863                       807     56     1215
..................................................................


WIND (MPH)
  HIGHEST WIND SPEED    25   HIGHEST WIND DIRECTION     S (170)
  HIGHEST GUST SPEED    31   HIGHEST GUST DIRECTION     S (170)
  AVERAGE WIND SPEED     6.9


SKY COVER
  POSSIBLE SUNSHINE  MM
  AVERAGE SKY COVER 0.5


WEATHER CONDITIONS
 THE FOLLOWING WEATHER WAS RECORDED YESTERDAY.
  FOG
  FOG W/VISIBILITY <= 1/4 MILE
  HAZE


RELATIVE HUMIDITY (PERCENT)
 HIGHEST    92           800 AM
 LOWEST     57           600 PM
 AVERAGE    75

..........................................................


THE LEWISTON ID AIRPORT CLIMATE NORMALS FOR TODAY
                         NORMAL    RECORD    YEAR
 MAXIMUM TEMPERATURE (F)   42        62      1980
 MINIMUM TEMPERATURE (F)   30        -4      1919


SUNRISE AND SUNSET
DECEMBER  3 2016......SUNRISE   714 AM PST   SUNSET   402 PM PST
DECEMBER  4 2016......SUNRISE   715 AM PST   SUNSET   402 PM PST


-  INDICATES NEGATIVE NUMBERS.
R  INDICATES RECORD WAS SET OR TIED.
MM INDICATES DATA IS MISSING.
T  INDICATES TRACE AMOUNT.




$$
