000
CDUS46 KOTX 230834
CLILWS


CLIMATE REPORT
NATIONAL WEATHER SERVICE SPOKANE, WA
134 AM PDT WED JUL 23 2014


...................................

...THE LEWISTON ID AIRPORT CLIMATE SUMMARY FOR JULY 22 2014...

CLIMATE NORMAL PERIOD 1981 TO 2010
CLIMATE RECORD PERIOD 1881 TO 2014


WEATHER ITEM   OBSERVED TIME   RECORD YEAR NORMAL DEPARTURE LAST
                VALUE   (LST)  VALUE       VALUE  FROM      YEAR
                                                  NORMAL
..................................................................
TEMPERATURE (F)
 YESTERDAY
  MAXIMUM         90   1248 PM 113    1938  91     -1       99
  MINIMUM         66   1159 PM  45    1954  61      5       63
  AVERAGE         78                        76      2       81

PRECIPITATION (IN)
  YESTERDAY        0.07          0.99 1884   0.02   0.05     0.00
  MONTH TO DATE    0.15                      0.51  -0.36     0.09
  SINCE OCT 1      7.92                     10.80  -2.88    10.05
  SINCE JAN 1      6.39                      7.69  -1.30     5.89

SNOWFALL (IN)
  YESTERDAY        0.0           0.0  1995   0.0    0.0      0.0
  MONTH TO DATE    0.0                       0.0    0.0      0.0
  SINCE JUN 1      0.0                       0.0    0.0      0.0
  SINCE JUL 1      0.0                       0.0    0.0      0.0
  SNOW DEPTH       0

DEGREE DAYS
 HEATING
  YESTERDAY        0                         0      0        0
  MONTH TO DATE    0                         4     -4        0
  SINCE JUN 1     41                        74    -33       44
  SINCE JUL 1      0                         4     -4        0

 COOLING
  YESTERDAY       13                        11      2       16
  MONTH TO DATE  351                       195    156      299
  SINCE JUN 1    441                       293    148      419
  SINCE JAN 1    469                       325    144      476
..................................................................


WIND (MPH)
  HIGHEST WIND SPEED    18   HIGHEST WIND DIRECTION    NW (310)
  HIGHEST GUST SPEED    23   HIGHEST GUST DIRECTION    NW (310)
  AVERAGE WIND SPEED     5.8


SKY COVER
  POSSIBLE SUNSHINE  MM
  AVERAGE SKY COVER 0.3


WEATHER CONDITIONS
 THE FOLLOWING WEATHER WAS RECORDED YESTERDAY.
  THUNDERSTORM
  LIGHT RAIN


RELATIVE HUMIDITY (PERCENT)
 HIGHEST    68           900 PM
 LOWEST     24          1200 PM
 AVERAGE    46

..........................................................


THE LEWISTON ID AIRPORT CLIMATE NORMALS FOR TODAY
                         NORMAL    RECORD    YEAR
 MAXIMUM TEMPERATURE (F)   92       109      2006
                                             1959
 MINIMUM TEMPERATURE (F)   61        46      1963


SUNRISE AND SUNSET
JULY 23 2014..........SUNRISE   519 AM PDT   SUNSET   829 PM PDT
JULY 24 2014..........SUNRISE   520 AM PDT   SUNSET   828 PM PDT


-  INDICATES NEGATIVE NUMBERS.
R  INDICATES RECORD WAS SET OR TIED.
MM INDICATES DATA IS MISSING.
T  INDICATES TRACE AMOUNT.




$$
