000
CDUS46 KOTX 030832
CLILWS


CLIMATE REPORT
NATIONAL WEATHER SERVICE SPOKANE, WA
131 AM PDT FRI JUL 3 2015


...................................

...THE LEWISTON ID AIRPORT CLIMATE SUMMARY FOR JULY 2 2015...

CLIMATE NORMAL PERIOD 1981 TO 2010
CLIMATE RECORD PERIOD 1881 TO 2015


WEATHER ITEM   OBSERVED TIME   RECORD YEAR NORMAL DEPARTURE LAST
                VALUE   (LST)  VALUE       VALUE  FROM      YEAR
                                                  NORMAL
..................................................................
TEMPERATURE (F)
 YESTERDAY
  MAXIMUM        104    434 PM 106    1924  85     19      100
  MINIMUM         68    422 AM  41    1955  57     11       62
  AVERAGE         86                        71     15       81

PRECIPITATION (IN)
  YESTERDAY        0.00          0.57 1916   0.03  -0.03      T
  MONTH TO DATE    0.00                      0.06  -0.06      T
  SINCE OCT 1     10.28                     10.35  -0.07     7.77
  SINCE JAN 1      6.09                      7.24  -1.15     6.24

SNOWFALL (IN)
  YESTERDAY        0.0           0.0  1994   0.0    0.0      0.0
  MONTH TO DATE    0.0                       0.0    0.0      0.0
  SINCE JUN 1      0.0                       0.0    0.0      0.0
  SINCE JUL 1      0.0                       0.0    0.0      0.0
  SNOW DEPTH       0

DEGREE DAYS
 HEATING
  YESTERDAY        0                         1     -1        0
  MONTH TO DATE    0                         2     -2        0
  SINCE JUN 1      2                        72    -70       41
  SINCE JUL 1      0                         2     -2        0

 COOLING
  YESTERDAY       21                         6     15       16
  MONTH TO DATE   41                        12     29       27
  SINCE JUN 1    356                       110    246      117
  SINCE JAN 1    408                       142    266      145
..................................................................


WIND (MPH)
  HIGHEST WIND SPEED    12   HIGHEST WIND DIRECTION    NE (60)
  HIGHEST GUST SPEED    16   HIGHEST GUST DIRECTION     N (10)
  AVERAGE WIND SPEED     4.0


SKY COVER
  POSSIBLE SUNSHINE  MM
  AVERAGE SKY COVER 0.0


WEATHER CONDITIONS
 THE FOLLOWING WEATHER WAS RECORDED YESTERDAY.
  NO SIGNIFICANT WEATHER WAS OBSERVED.


RELATIVE HUMIDITY (PERCENT)
 HIGHEST    51           500 AM
 LOWEST     10           300 PM
 AVERAGE    31

..........................................................


THE LEWISTON ID AIRPORT CLIMATE NORMALS FOR TODAY
                         NORMAL    RECORD    YEAR
 MAXIMUM TEMPERATURE (F)   85       109      1922
 MINIMUM TEMPERATURE (F)   57        45      1999
                                             1962


SUNRISE AND SUNSET
JULY  3 2015..........SUNRISE   501 AM PDT   SUNSET   844 PM PDT
JULY  4 2015..........SUNRISE   501 AM PDT   SUNSET   843 PM PDT


-  INDICATES NEGATIVE NUMBERS.
R  INDICATES RECORD WAS SET OR TIED.
MM INDICATES DATA IS MISSING.
T  INDICATES TRACE AMOUNT.




$$
