000
CDUS45 KTFX 290907
CLILWT


CLIMATE REPORT
NATIONAL WEATHER SERVICE GREAT FALLS MT
305 AM MDT SUN MAR 29 2015


...................................

...THE LEWISTOWN MT CLIMATE SUMMARY FOR MARCH 28 2015...

CLIMATE NORMAL PERIOD 1981 TO 2010
CLIMATE RECORD PERIOD 1896 TO 2015


WEATHER ITEM   OBSERVED TIME   RECORD YEAR NORMAL DEPARTURE LAST
                VALUE   (LST)  VALUE       VALUE  FROM      YEAR
                                                  NORMAL
..................................................................
TEMPERATURE (F)
 YESTERDAY
  MAXIMUM         72R   939 AM  72    1953  48     24       48
  MINIMUM         39    831 PM -11    1987  25     14       14
  AVERAGE         56                        36     20       31

PRECIPITATION (IN)
  YESTERDAY        0.15          0.50 1998   0.04   0.11      T
  MONTH TO DATE    0.49                      0.86  -0.37     1.44
  SINCE OCT 1      4.30                      4.37  -0.07     4.80
  SINCE JAN 1      1.99                      1.87   0.12     2.72

SNOWFALL (IN)
  YESTERDAY       MM
  SNOW DEPTH       0

DEGREE DAYS
 HEATING
  YESTERDAY        9                        28    -19       34
  MONTH TO DATE  657                       911   -254     1026
  SINCE MAR 1    657                       911   -254     1026
  SINCE JUL 1   5855                      6715   -860     7082

 COOLING
  YESTERDAY        0                         0      0        0
  MONTH TO DATE    0                         0      0        0
  SINCE MAR 1      0                         0      0        0
  SINCE JAN 1      0                         0      0        0
..................................................................


WIND (MPH)
  HIGHEST WIND SPEED    46   HIGHEST WIND DIRECTION     W (270)
  HIGHEST GUST SPEED    59   HIGHEST GUST DIRECTION     W (290)
  AVERAGE WIND SPEED    21.2


SKY COVER
  AVERAGE SKY COVER 0.5


WEATHER CONDITIONS
 THE FOLLOWING WEATHER WAS RECORDED YESTERDAY.
  RAIN
  LIGHT RAIN
  FOG
  HAZE


RELATIVE HUMIDITY (PERCENT)
 HIGHEST    85           900 PM
 LOWEST     22           900 AM
 AVERAGE    54

..........................................................


THE LEWISTOWN MT CLIMATE NORMALS FOR TODAY
                         NORMAL    RECORD    YEAR
 MAXIMUM TEMPERATURE (F)   48        70      1943
 MINIMUM TEMPERATURE (F)   26       -17      1987


SUNRISE AND SUNSET
MARCH 29 2015.........SUNRISE   703 AM MDT   SUNSET   743 PM MDT
MARCH 30 2015.........SUNRISE   701 AM MDT   SUNSET   744 PM MDT


-  INDICATES NEGATIVE NUMBERS.
R  INDICATES RECORD WAS SET OR TIED.
MM INDICATES DATA IS MISSING.
T  INDICATES TRACE AMOUNT.




$$
