000
CDUS45 KTFX 271008
CLILWT


CLIMATE REPORT
NATIONAL WEATHER SERVICE GREAT FALLS MT
407 AM MDT THU AUG 27 2015


...................................

...THE LEWISTOWN MT CLIMATE SUMMARY FOR AUGUST 26 2015...

CLIMATE NORMAL PERIOD 1981 TO 2010
CLIMATE RECORD PERIOD 1896 TO 2015


WEATHER ITEM   OBSERVED TIME   RECORD YEAR NORMAL DEPARTURE LAST
                VALUE   (LST)  VALUE       VALUE  FROM      YEAR
                                                  NORMAL
..................................................................
TEMPERATURE (F)
 YESTERDAY
  MAXIMUM         89    406 PM  99    1926  78     11       77
  MINIMUM         56    529 AM  30    1896  47      9       42
  AVERAGE         73                        63     10       60

PRECIPITATION (IN)
  YESTERDAY        0.00          0.70 1941   0.06  -0.06     0.00
  MONTH TO DATE    0.87                      1.46  -0.59     5.97
  SINCE OCT 1     13.37                     15.23  -1.86    17.07
  SINCE JAN 1     11.06                     12.73  -1.67    14.99

SNOWFALL (IN)
  YESTERDAY       MM
  SNOW DEPTH       0

DEGREE DAYS
 HEATING
  YESTERDAY        0                         4     -4        5
  MONTH TO DATE   66                        60      6       60
  SINCE JUN 1    185                       360   -175      356
  SINCE JUL 1     99                       133    -34       70

 COOLING
  YESTERDAY        8                         2      6        0
  MONTH TO DATE  112                        81     31      122
  SINCE JUN 1    288                       189     99      276
  SINCE JAN 1    288                       191     97      276
..................................................................


WIND (MPH)
  HIGHEST WIND SPEED    10   HIGHEST WIND DIRECTION     E (100)
  HIGHEST GUST SPEED    12   HIGHEST GUST DIRECTION     S (160)
  AVERAGE WIND SPEED     4.9


SKY COVER
  AVERAGE SKY COVER 0.0


WEATHER CONDITIONS
 THE FOLLOWING WEATHER WAS RECORDED YESTERDAY.
  HAZE


RELATIVE HUMIDITY (PERCENT)
 HIGHEST    57           500 AM
 LOWEST     22           300 PM
 AVERAGE    40

..........................................................


THE LEWISTOWN MT CLIMATE NORMALS FOR TODAY
                         NORMAL    RECORD    YEAR
 MAXIMUM TEMPERATURE (F)   78        97      1971
 MINIMUM TEMPERATURE (F)   47        30      1900


SUNRISE AND SUNSET
AUGUST 27 2015........SUNRISE   630 AM MDT   SUNSET   807 PM MDT
AUGUST 28 2015........SUNRISE   632 AM MDT   SUNSET   806 PM MDT


-  INDICATES NEGATIVE NUMBERS.
R  INDICATES RECORD WAS SET OR TIED.
MM INDICATES DATA IS MISSING.
T  INDICATES TRACE AMOUNT.




$$
