499
CDUS45 KTFX 290751
CLILWT


CLIMATE REPORT
NATIONAL WEATHER SERVICE GREAT FALLS MT
151 AM MDT FRI APR 29 2016


...................................

...THE LEWISTOWN MT CLIMATE SUMMARY FOR APRIL 28 2016...

CLIMATE NORMAL PERIOD 1981 TO 2010
CLIMATE RECORD PERIOD 1896 TO 2016


WEATHER ITEM   OBSERVED TIME   RECORD YEAR NORMAL DEPARTURE LAST
                VALUE   (LST)  VALUE       VALUE  FROM      YEAR
                                                  NORMAL
..................................................................
TEMPERATURE (F)
 YESTERDAY
  MAXIMUM         43    407 PM  86    1939  58    -15       74
  MINIMUM         32    615 AM   9    1907  32      0       34
  AVERAGE         38                        45     -7       54

PRECIPITATION (IN)
  YESTERDAY        0.01          0.82 1970   0.06  -0.05     0.00
  MONTH TO DATE    1.51                      1.29   0.22     1.58
  SINCE OCT 1      5.79                      5.79   0.00     6.19
  SINCE JAN 1      3.71                      3.29   0.42     3.88

SNOWFALL (IN)
  YESTERDAY       MM
  SNOW DEPTH       1

DEGREE DAYS
 HEATING
  YESTERDAY       27                        20      7       11
  MONTH TO DATE  508                       669   -161      616
  SINCE MAR 1   1303                      1664   -361     1309
  SINCE JUL 1   6261                      7468  -1207     6507

 COOLING
  YESTERDAY        0                         0      0        0
  MONTH TO DATE    0                         0      0        0
  SINCE MAR 1      0                         0      0        0
  SINCE JAN 1      0                         0      0        0
..................................................................


WIND (MPH)
  HIGHEST WIND SPEED    18   HIGHEST WIND DIRECTION     E (110)
  HIGHEST GUST SPEED    23   HIGHEST GUST DIRECTION    SE (120)
  AVERAGE WIND SPEED     9.5


SKY COVER
  AVERAGE SKY COVER 1.0


WEATHER CONDITIONS
 THE FOLLOWING WEATHER WAS RECORDED YESTERDAY.
  LIGHT SNOW
  FOG
  HAZE


RELATIVE HUMIDITY (PERCENT)
 HIGHEST    85          1200 AM
 LOWEST     65           300 PM
 AVERAGE    75

..........................................................


THE LEWISTOWN MT CLIMATE NORMALS FOR TODAY
                         NORMAL    RECORD    YEAR
 MAXIMUM TEMPERATURE (F)   58        89      1939
 MINIMUM TEMPERATURE (F)   32        12      1903


SUNRISE AND SUNSET
APRIL 29 2016.........SUNRISE   604 AM MDT   SUNSET   827 PM MDT
APRIL 30 2016.........SUNRISE   603 AM MDT   SUNSET   828 PM MDT


-  INDICATES NEGATIVE NUMBERS.
R  INDICATES RECORD WAS SET OR TIED.
MM INDICATES DATA IS MISSING.
T  INDICATES TRACE AMOUNT.




$$
