000
CDUS45 KTFX 040839
CLILWT


CLIMATE REPORT
NATIONAL WEATHER SERVICE GREAT FALLS MT
136 AM MST WED MAR 4 2015


...................................

...THE LEWISTOWN MT CLIMATE SUMMARY FOR MARCH 3 2015...

CLIMATE NORMAL PERIOD 1981 TO 2010
CLIMATE RECORD PERIOD 1896 TO 2015


WEATHER ITEM   OBSERVED TIME   RECORD YEAR NORMAL DEPARTURE LAST
                VALUE   (LST)  VALUE       VALUE  FROM      YEAR
                                                  NORMAL
..................................................................
TEMPERATURE (F)
 YESTERDAY
  MAXIMUM         13    445 PM  72    1921  40    -27       40
  MINIMUM         -2    718 AM -28    1896  18    -20        0
  AVERAGE          6                        29    -23       20

PRECIPITATION (IN)
  YESTERDAY        T             0.20 1919   0.02  -0.02      T
  MONTH TO DATE    0.04                      0.06  -0.02     0.01
  SINCE OCT 1      3.85                      3.57   0.28     3.37
  SINCE JAN 1      1.54                      1.07   0.47     1.29

SNOWFALL (IN)
  YESTERDAY       MM
  SNOW DEPTH       2

DEGREE DAYS
 HEATING
  YESTERDAY       59                        36     23       45
  MONTH TO DATE  147                       109     38      196
  SINCE MAR 1    147                       109     38      196
  SINCE JUL 1   5345                      5913   -568     6252

 COOLING
  YESTERDAY        0                         0      0        0
  MONTH TO DATE    0                         0      0        0
  SINCE MAR 1      0                         0      0        0
  SINCE JAN 1      0                         0      0        0
..................................................................


WIND (MPH)
  HIGHEST WIND SPEED    20   HIGHEST WIND DIRECTION    NW (300)
  HIGHEST GUST SPEED    24   HIGHEST GUST DIRECTION    NW (300)
  AVERAGE WIND SPEED    11.4


SKY COVER
  AVERAGE SKY COVER 0.4


WEATHER CONDITIONS
 THE FOLLOWING WEATHER WAS RECORDED YESTERDAY.
  LIGHT SNOW
  FOG


RELATIVE HUMIDITY (PERCENT)
 HIGHEST    84          1200 AM
 LOWEST     46           100 PM
 AVERAGE    65

..........................................................


THE LEWISTOWN MT CLIMATE NORMALS FOR TODAY
                         NORMAL    RECORD    YEAR
 MAXIMUM TEMPERATURE (F)   40        69      1987
 MINIMUM TEMPERATURE (F)   18       -26      1945


SUNRISE AND SUNSET
MARCH  4 2015.........SUNRISE   652 AM MST   SUNSET   607 PM MST
MARCH  5 2015.........SUNRISE   651 AM MST   SUNSET   609 PM MST


-  INDICATES NEGATIVE NUMBERS.
R  INDICATES RECORD WAS SET OR TIED.
MM INDICATES DATA IS MISSING.
T  INDICATES TRACE AMOUNT.




$$
