000
CDUS45 KTFX 242230
CLILWT


CLIMATE REPORT
NATIONAL WEATHER SERVICE GREAT FALLS MT
430 PM MDT TUE MAY 24 2016


...................................

...THE LEWISTOWN MT CLIMATE SUMMARY FOR MAY 24 2016...
VALID TODAY AS OF 0400 PM LOCAL TIME.

CLIMATE NORMAL PERIOD 1981 TO 2010
CLIMATE RECORD PERIOD 1896 TO 2016


WEATHER ITEM   OBSERVED TIME   RECORD YEAR NORMAL DEPARTURE LAST
                VALUE   (LST)  VALUE       VALUE  FROM      YEAR
                                                  NORMAL
..................................................................
TEMPERATURE (F)
 TODAY
  MAXIMUM         56    101 PM  88    1929  65     -9       61
  MINIMUM         41    418 AM  29    1993  40      1       40
  AVERAGE         49                        52     -3       51

PRECIPITATION (IN)
  TODAY            0.08          1.19 2008   0.11  -0.03     0.03
  MONTH TO DATE    2.85                      2.06   0.79     2.15
  SINCE OCT 1      8.64                      7.97   0.67     8.51
  SINCE JAN 1      6.56                      5.47   1.09     6.20

DEGREE DAYS
 HEATING
  TODAY           16                        13      3       14
  MONTH TO DATE  326                       385    -59      403
  SINCE MAR 1   1670                      2088   -418     1730
  SINCE JUL 1   6628                      7892  -1264     6928

 COOLING
  TODAY            0                         0      0        0
  MONTH TO DATE    0                         0      0        0
  SINCE MAR 1      0                         0      0        0
  SINCE JAN 1      0                         0      0        0
..................................................................


WIND (MPH)
  HIGHEST WIND SPEED    17   HIGHEST WIND DIRECTION     S (170)
  HIGHEST GUST SPEED    21   HIGHEST GUST DIRECTION     S (190)
  AVERAGE WIND SPEED     5.2


SKY COVER
  AVERAGE SKY COVER 0.9


WEATHER CONDITIONS
 THE FOLLOWING WEATHER WAS RECORDED TODAY.
  RAIN
  LIGHT RAIN


RELATIVE HUMIDITY (PERCENT)
 HIGHEST    89
 LOWEST     54
 AVERAGE    72

..........................................................


THE LEWISTOWN MT CLIMATE NORMALS FOR TOMORROW
                         NORMAL    RECORD    YEAR
 MAXIMUM TEMPERATURE (F)   65        92      1928
 MINIMUM TEMPERATURE (F)   40        26      2004


SUNRISE AND SUNSET
MAY 24 2016...........SUNRISE   532 AM MDT   SUNSET   858 PM MDT
MAY 25 2016...........SUNRISE   531 AM MDT   SUNSET   859 PM MDT


-  INDICATES NEGATIVE NUMBERS.
R  INDICATES RECORD WAS SET OR TIED.
MM INDICATES DATA IS MISSING.
T  INDICATES TRACE AMOUNT.




$$
