288
CDUS45 KTFX 280914
CLILWT


CLIMATE REPORT
NATIONAL WEATHER SERVICE GREAT FALLS MT
311 AM MDT FRI APR 28 2017


...................................

...THE LEWISTOWN MT CLIMATE SUMMARY FOR APRIL 27 2017...

CLIMATE NORMAL PERIOD 1981 TO 2010
CLIMATE RECORD PERIOD 1896 TO 2017


WEATHER ITEM   OBSERVED TIME   RECORD YEAR NORMAL DEPARTURE LAST
                VALUE   (LST)  VALUE       VALUE  FROM      YEAR
                                                  NORMAL
..................................................................
TEMPERATURE (F)
 YESTERDAY
  MAXIMUM         46   1027 AM  82    1987  57    -11       38
  MINIMUM         34   1105 PM  15    1994  32      2       32
  AVERAGE         40                        44     -4       35

PRECIPITATION (IN)
  YESTERDAY        0.33          0.88 2012   0.06   0.27     0.14
  MONTH TO DATE    2.51                      1.23   1.28     1.50
  SINCE OCT 1      8.37                      5.73   2.64     5.78
  SINCE JAN 1      3.97                      3.23   0.74     3.70

SNOWFALL (IN)
  YESTERDAY       MM
  SNOW DEPTH       0

DEGREE DAYS
 HEATING
  YESTERDAY       25                        21      4       30
  MONTH TO DATE  609                       649    -40      481
  SINCE MAR 1   1491                      1644   -153     1276
  SINCE JUL 1   7302                      7448   -146     6234

 COOLING
  YESTERDAY        0                         0      0        0
  MONTH TO DATE    0                         0      0        0
  SINCE MAR 1      0                         0      0        0
  SINCE JAN 1      0                         0      0        0
..................................................................


WIND (MPH)
  HIGHEST WIND SPEED    22   HIGHEST WIND DIRECTION    NW (330)
  HIGHEST GUST SPEED    30   HIGHEST GUST DIRECTION    NW (330)
  AVERAGE WIND SPEED     7.7


SKY COVER
  AVERAGE SKY COVER 1.0


WEATHER CONDITIONS
 THE FOLLOWING WEATHER WAS RECORDED YESTERDAY.
  HEAVY RAIN
  RAIN
  LIGHT RAIN
  FOG


RELATIVE HUMIDITY (PERCENT)
 HIGHEST   100           500 AM
 LOWEST     70          1000 AM
 AVERAGE    85

..........................................................


THE LEWISTOWN MT CLIMATE NORMALS FOR TODAY
                         NORMAL    RECORD    YEAR
 MAXIMUM TEMPERATURE (F)   58        86      1939
 MINIMUM TEMPERATURE (F)   32         9      1907


SUNRISE AND SUNSET
APRIL 28 2017.........SUNRISE   607 AM MDT   SUNSET   825 PM MDT
APRIL 29 2017.........SUNRISE   605 AM MDT   SUNSET   826 PM MDT


-  INDICATES NEGATIVE NUMBERS.
R  INDICATES RECORD WAS SET OR TIED.
MM INDICATES DATA IS MISSING.
T  INDICATES TRACE AMOUNT.




$$
