000
CDUS43 KILX 272229
CLILWV


CLIMATE REPORT
NATIONAL WEATHER SERVICE LINCOLN IL
429 PM CST SAT DEC 27 2014


...................................

...THE LAWRENCEVILLE IL AIRPORT CLIMATE SUMMARY FOR DECEMBER 27 2014...
VALID TODAY AS OF 0400 PM LOCAL TIME.

CLIMATE NORMAL PERIOD 1981 TO 2010
CLIMATE RECORD PERIOD 9999 TO 9999


WEATHER ITEM   OBSERVED TIME   RECORD YEAR NORMAL DEPARTURE LAST
                VALUE   (LST)  VALUE       VALUE  FROM      YEAR
                                                  NORMAL
..................................................................
TEMPERATURE (F)
 TODAY
  MAXIMUM         49    359 PM  MM      MM  40      9       47
  MINIMUM         44    659 AM  MM      MM  24     20       26
  AVERAGE         47                        32     15       37

PRECIPITATION (IN)
  TODAY            0.16         MM      MM   0.12   0.04     0.00
  MONTH TO DATE    2.96                      2.97  -0.01     4.48
  SINCE DEC 1      2.96                      2.97  -0.01     4.48
  SINCE JAN 1     41.70                     43.46  -1.76    55.06

DEGREE DAYS
 HEATING
  TODAY           18                        33    -15       28
  MONTH TO DATE  722                       807    -85      908
  SINCE DEC 1    722                       807    -85      908
  SINCE JUL 1   1857                      1665    192     1932

 COOLING
  TODAY            0                         0      0        0
  MONTH TO DATE    0                         0      0        0
  SINCE DEC 1      0                         0      0        0
  SINCE JAN 1   1218                      1387   -169     1287
..................................................................


WIND (MPH)
  HIGHEST WIND SPEED    14   HIGHEST WIND DIRECTION     S (180)
  HIGHEST GUST SPEED    17   HIGHEST GUST DIRECTION     S (180)
  AVERAGE WIND SPEED     8.7


SKY COVER
  POSSIBLE SUNSHINE  MM
  AVERAGE SKY COVER 1.0


WEATHER CONDITIONS
 THE FOLLOWING WEATHER WAS RECORDED TODAY.
  RAIN
  LIGHT RAIN
  FOG


RELATIVE HUMIDITY (PERCENT)
 HIGHEST   100           700 AM
 LOWEST     83          1200 AM
 AVERAGE    92

..........................................................


THE LAWRENCEVILLE IL AIRPORT CLIMATE NORMALS FOR TOMORROW
                         NORMAL    RECORD    YEAR
 MAXIMUM TEMPERATURE (F)   39        MM        MM
 MINIMUM TEMPERATURE (F)   24        MM        MM


SUNRISE AND SUNSET
DECEMBER 27 2014......SUNRISE   707 AM CST   SUNSET   436 PM CST
DECEMBER 28 2014......SUNRISE   708 AM CST   SUNSET   436 PM CST


-  INDICATES NEGATIVE NUMBERS.
R  INDICATES RECORD WAS SET OR TIED.
MM INDICATES DATA IS MISSING.
T  INDICATES TRACE AMOUNT.




$$
