000
CDUS43 KILX 130649
CLILWV


CLIMATE REPORT
NATIONAL WEATHER SERVICE LINCOLN IL
1237 AM CST WED DEC 13 2017


...................................

...THE LAWRENCEVILLE IL AIRPORT CLIMATE SUMMARY FOR DECEMBER 12 2017...

CLIMATE NORMAL PERIOD 1981 TO 2010
CLIMATE RECORD PERIOD 9999 TO 9999


WEATHER ITEM   OBSERVED TIME   RECORD YEAR NORMAL DEPARTURE LAST
                VALUE   (LST)  VALUE       VALUE  FROM      YEAR
                                                  NORMAL
..................................................................
TEMPERATURE (F)
 YESTERDAY
  MAXIMUM         41   1204 AM  MM      MM  43     -2       42
  MINIMUM         20   1159 PM  MM      MM  28     -8       29
  AVERAGE         31                        35     -4       36

PRECIPITATION (IN)
  YESTERDAY        T            MM      MM   0.10  -0.10     0.00
  MONTH TO DATE    0.26                      1.39  -1.13     0.76
  SINCE DEC 1      0.26                      1.39  -1.13     0.76
  SINCE JAN 1     32.95                     41.88  -8.93    41.12

DEGREE DAYS
 HEATING
  YESTERDAY       34                        30      4       29
  MONTH TO DATE  318                       331    -13      368
  SINCE DEC 1    318                       331    -13      368
  SINCE JUL 1   1087                      1189   -102      990

 COOLING
  YESTERDAY        0                         0      0        0
  MONTH TO DATE    0                         0      0        0
  SINCE DEC 1      0                         0      0        0
  SINCE JAN 1   1432                      1387     45     1615
..................................................................


WIND (MPH)
  HIGHEST WIND SPEED    30   HIGHEST WIND DIRECTION     N (340)
  HIGHEST GUST SPEED    37   HIGHEST GUST DIRECTION     N (340)
  AVERAGE WIND SPEED    14.9


SKY COVER
  POSSIBLE SUNSHINE  MM
  AVERAGE SKY COVER 0.3


WEATHER CONDITIONS
 THE FOLLOWING WEATHER WAS RECORDED YESTERDAY.
  LIGHT RAIN
  FOG
  HAZE


RELATIVE HUMIDITY (PERCENT)
 HIGHEST    89           200 AM
 LOWEST     35           200 PM
 AVERAGE    62

..........................................................


THE LAWRENCEVILLE IL AIRPORT CLIMATE NORMALS FOR TODAY
                         NORMAL    RECORD    YEAR
 MAXIMUM TEMPERATURE (F)   43        MM        MM
 MINIMUM TEMPERATURE (F)   28        MM        MM


SUNRISE AND SUNSET
DECEMBER 13 2017......SUNRISE   700 AM CST   SUNSET   429 PM CST
DECEMBER 14 2017......SUNRISE   701 AM CST   SUNSET   430 PM CST


-  INDICATES NEGATIVE NUMBERS.
R  INDICATES RECORD WAS SET OR TIED.
MM INDICATES DATA IS MISSING.
T  INDICATES TRACE AMOUNT.




$$
