000
CDUS43 KILX 300636
CLILWV


CLIMATE REPORT
NATIONAL WEATHER SERVICE LINCOLN IL
136 AM CDT THU MAR 30 2017


...................................

...THE LAWRENCEVILLE IL AIRPORT CLIMATE SUMMARY FOR MARCH 29 2017...

CLIMATE NORMAL PERIOD 1981 TO 2010
CLIMATE RECORD PERIOD 9999 TO 9999


WEATHER ITEM   OBSERVED TIME   RECORD YEAR NORMAL DEPARTURE LAST
                VALUE   (LST)  VALUE       VALUE  FROM      YEAR
                                                  NORMAL
..................................................................
TEMPERATURE (F)
 YESTERDAY
  MAXIMUM         64    309 PM  MM      MM  60      4       61
  MINIMUM         45    358 AM  MM      MM  39      6       36
  AVERAGE         55                        50      5       49

PRECIPITATION (IN)
  YESTERDAY        0.00         MM      MM   0.15  -0.15     0.00
  MONTH TO DATE    2.25                      3.12  -0.87     3.44
  SINCE MAR 1      2.25                      3.12  -0.87     3.44
  SINCE JAN 1      6.40                      7.51  -1.11     7.68

DEGREE DAYS
 HEATING
  YESTERDAY       10                        16     -6       16
  MONTH TO DATE  549                       590    -41      432
  SINCE MAR 1    549                       590    -41      432
  SINCE JUL 1   3604                      4265   -661     3659

 COOLING
  YESTERDAY        0                         0      0        0
  MONTH TO DATE    2                         0      2        0
  SINCE MAR 1      2                         0      2        0
  SINCE JAN 1      2                         0      2        0
..................................................................


WIND (MPH)
  HIGHEST WIND SPEED    21   HIGHEST WIND DIRECTION     E (80)
  HIGHEST GUST SPEED    26   HIGHEST GUST DIRECTION     E (90)
  AVERAGE WIND SPEED    12.5


SKY COVER
  POSSIBLE SUNSHINE  MM
  AVERAGE SKY COVER 0.3


WEATHER CONDITIONS
 THE FOLLOWING WEATHER WAS RECORDED YESTERDAY.
  NO SIGNIFICANT WEATHER WAS OBSERVED.


RELATIVE HUMIDITY (PERCENT)
 HIGHEST    93           100 AM
 LOWEST     63           300 PM
 AVERAGE    78

..........................................................


THE LAWRENCEVILLE IL AIRPORT CLIMATE NORMALS FOR TODAY
                         NORMAL    RECORD    YEAR
 MAXIMUM TEMPERATURE (F)   61        MM        MM
 MINIMUM TEMPERATURE (F)   39        MM        MM


SUNRISE AND SUNSET
MARCH 30 2017.........SUNRISE   638 AM CDT   SUNSET   712 PM CDT
MARCH 31 2017.........SUNRISE   636 AM CDT   SUNSET   713 PM CDT


-  INDICATES NEGATIVE NUMBERS.
R  INDICATES RECORD WAS SET OR TIED.
MM INDICATES DATA IS MISSING.
T  INDICATES TRACE AMOUNT.




$$
