000
CDUS43 KILX 042129
CLILWV


CLIMATE REPORT
NATIONAL WEATHER SERVICE LINCOLN IL
428 PM CDT WED MAY 4 2016


...................................

...THE LAWRENCEVILLE IL AIRPORT CLIMATE SUMMARY FOR MAY 4 2016...
VALID TODAY AS OF 0400 PM LOCAL TIME.

CLIMATE NORMAL PERIOD 1981 TO 2010
CLIMATE RECORD PERIOD 9999 TO 9999


WEATHER ITEM   OBSERVED TIME   RECORD YEAR NORMAL DEPARTURE LAST
                VALUE   (LST)  VALUE       VALUE  FROM      YEAR
                                                  NORMAL
..................................................................
TEMPERATURE (F)
 TODAY
  MAXIMUM         65    106 PM  MM      MM  73     -8       85
  MINIMUM         50    341 AM  MM      MM  52     -2       54
  AVERAGE         58                        62     -4       70

PRECIPITATION (IN)
  TODAY            0.21         MM      MM   0.20   0.01     0.00
  MONTH TO DATE    0.42                      0.81  -0.39      T
  SINCE MAR 1      9.68                      8.40   1.28    11.07
  SINCE JAN 1     13.92                     12.79   1.13    13.57

DEGREE DAYS
 HEATING
  TODAY            7                         4      3        0
  MONTH TO DATE   24                        18      6       13
  SINCE MAR 1    751                       934   -183      993
  SINCE JUL 1   3978                      4609   -631     5267

 COOLING
  TODAY            0                         2     -2        5
  MONTH TO DATE    3                         6     -3        9
  SINCE MAR 1     24                        32     -8       16
  SINCE JAN 1     24                        32     -8       16
..................................................................


WIND (MPH)
  HIGHEST WIND SPEED    35   HIGHEST WIND DIRECTION    NW (310)
  HIGHEST GUST SPEED    44   HIGHEST GUST DIRECTION     N (340)
  AVERAGE WIND SPEED    12.2


SKY COVER
  POSSIBLE SUNSHINE  MM
  AVERAGE SKY COVER 0.6


WEATHER CONDITIONS
 THE FOLLOWING WEATHER WAS RECORDED TODAY.
  LIGHT RAIN
  FOG


RELATIVE HUMIDITY (PERCENT)
 HIGHEST    96           800 AM
 LOWEST     48          1200 PM
 AVERAGE    72

..........................................................


THE LAWRENCEVILLE IL AIRPORT CLIMATE NORMALS FOR TOMORROW
                         NORMAL    RECORD    YEAR
 MAXIMUM TEMPERATURE (F)   73        MM        MM
 MINIMUM TEMPERATURE (F)   52        MM        MM


SUNRISE AND SUNSET
MAY  4 2016...........SUNRISE   549 AM CDT   SUNSET   746 PM CDT
MAY  5 2016...........SUNRISE   548 AM CDT   SUNSET   747 PM CDT


-  INDICATES NEGATIVE NUMBERS.
R  INDICATES RECORD WAS SET OR TIED.
MM INDICATES DATA IS MISSING.
T  INDICATES TRACE AMOUNT.




$$
