000
CDUS43 KILX 260631
CLILWV


CLIMATE REPORT
NATIONAL WEATHER SERVICE LINCOLN IL
131 AM CDT TUE MAY 26 2015


...................................

...THE LAWRENCEVILLE IL AIRPORT CLIMATE SUMMARY FOR MAY 25 2015...

CLIMATE NORMAL PERIOD 1981 TO 2010
CLIMATE RECORD PERIOD 9999 TO 9999


WEATHER ITEM   OBSERVED TIME   RECORD YEAR NORMAL DEPARTURE LAST
                VALUE   (LST)  VALUE       VALUE  FROM      YEAR
                                                  NORMAL
..................................................................
TEMPERATURE (F)
 YESTERDAY
  MAXIMUM         80    321 PM  MM      MM  79      1       77
  MINIMUM         66   1029 PM  MM      MM  58      8       64
  AVERAGE         73                        69      4       71

PRECIPITATION (IN)
  YESTERDAY        0.05         MM      MM   0.14  -0.09      T
  MONTH TO DATE    2.30                      4.82  -2.52     3.60
  SINCE MAR 1     13.37                     12.41   0.96    12.77
  SINCE JAN 1     15.87                     16.80  -0.93    15.53

DEGREE DAYS
 HEATING
  YESTERDAY        0                         1     -1        0
  MONTH TO DATE   61                        76    -15      107
  SINCE MAR 1   1041                       992     49     1147
  SINCE JUL 1   5315                      4667    648     5549

 COOLING
  YESTERDAY        8                         5      3        6
  MONTH TO DATE  101                        78     23      109
  SINCE MAR 1    108                       104      4      119
  SINCE JAN 1    108                       104      4      119
..................................................................


WIND (MPH)
  HIGHEST WIND SPEED    29   HIGHEST WIND DIRECTION     S (190)
  HIGHEST GUST SPEED    40   HIGHEST GUST DIRECTION     S (200)
  AVERAGE WIND SPEED    15.2


SKY COVER
  POSSIBLE SUNSHINE  MM
  AVERAGE SKY COVER 0.6


WEATHER CONDITIONS
 THE FOLLOWING WEATHER WAS RECORDED YESTERDAY.
  RAIN
  LIGHT RAIN
  FOG


RELATIVE HUMIDITY (PERCENT)
 HIGHEST    93           600 AM
 LOWEST     62          1200 PM
 AVERAGE    78

..........................................................


THE LAWRENCEVILLE IL AIRPORT CLIMATE NORMALS FOR TODAY
                         NORMAL    RECORD    YEAR
 MAXIMUM TEMPERATURE (F)   80        MM        MM
 MINIMUM TEMPERATURE (F)   58        MM        MM


SUNRISE AND SUNSET
MAY 26 2015...........SUNRISE   530 AM CDT   SUNSET   805 PM CDT
MAY 27 2015...........SUNRISE   530 AM CDT   SUNSET   806 PM CDT


-  INDICATES NEGATIVE NUMBERS.
R  INDICATES RECORD WAS SET OR TIED.
MM INDICATES DATA IS MISSING.
T  INDICATES TRACE AMOUNT.




$$
