000
CDUS43 KILX 240649
CLILWV


CLIMATE REPORT
NATIONAL WEATHER SERVICE LINCOLN IL
1248 AM CST SAT FEB 24 2018


...................................

...THE LAWRENCEVILLE IL AIRPORT CLIMATE SUMMARY FOR FEBRUARY 23 2018...

CLIMATE NORMAL PERIOD 1981 TO 2010
CLIMATE RECORD PERIOD 9999 TO 9999


WEATHER ITEM   OBSERVED TIME   RECORD YEAR NORMAL DEPARTURE LAST
                VALUE   (LST)  VALUE       VALUE  FROM      YEAR
                                                  NORMAL
..................................................................
TEMPERATURE (F)
 YESTERDAY
  MAXIMUM         58    703 AM  MM      MM  47     11       70
  MINIMUM         46   1159 PM  MM      MM  29     17       50
  AVERAGE         52                        38     14       60

PRECIPITATION (IN)
  YESTERDAY        0.30         MM      MM   0.07   0.23     0.00
  MONTH TO DATE    3.47                      1.71   1.76     0.31
  SINCE DEC 1      6.86                      7.48  -0.62     5.42
  SINCE JAN 1      5.82                      4.09   1.73     3.75

DEGREE DAYS
 HEATING
  YESTERDAY       13                        27    -14        5
  MONTH TO DATE  623                       695    -72      481
  SINCE DEC 1   2768                      2688     80     2346
  SINCE JUL 1   3537                      3546     -9     2968

 COOLING
  YESTERDAY        0                         0      0        0
  MONTH TO DATE    1                         0      1        0
  SINCE DEC 1      1                         0      1        0
  SINCE JAN 1      1                         0      1        0
..................................................................


WIND (MPH)
  HIGHEST WIND SPEED    25   HIGHEST WIND DIRECTION     W (290)
  HIGHEST GUST SPEED    30   HIGHEST GUST DIRECTION     W (250)
  AVERAGE WIND SPEED     8.5


SKY COVER
  POSSIBLE SUNSHINE  MM
  AVERAGE SKY COVER 0.9


WEATHER CONDITIONS
 THE FOLLOWING WEATHER WAS RECORDED YESTERDAY.
  HEAVY RAIN
  RAIN
  LIGHT RAIN
  FOG


RELATIVE HUMIDITY (PERCENT)
 HIGHEST   100          1200 AM
 LOWEST     83          1200 PM
 AVERAGE    92

..........................................................


THE LAWRENCEVILLE IL AIRPORT CLIMATE NORMALS FOR TODAY
                         NORMAL    RECORD    YEAR
 MAXIMUM TEMPERATURE (F)   47        MM        MM
 MINIMUM TEMPERATURE (F)   29        MM        MM


SUNRISE AND SUNSET
FEBRUARY 24 2018......SUNRISE   630 AM CST   SUNSET   538 PM CST
FEBRUARY 25 2018......SUNRISE   628 AM CST   SUNSET   539 PM CST


-  INDICATES NEGATIVE NUMBERS.
R  INDICATES RECORD WAS SET OR TIED.
MM INDICATES DATA IS MISSING.
T  INDICATES TRACE AMOUNT.




$$
