000
CDUS41 KRNK 200832
CLILYH


CLIMATE REPORT
NATIONAL WEATHER SERVICE BLACKSBURG VA
327 AM EST FRI JAN 20 2017


...................................

...THE LYNCHBURG VA CLIMATE SUMMARY FOR JANUARY 19 2017...

CLIMATE NORMAL PERIOD 1981 TO 2010
CLIMATE RECORD PERIOD 1893 TO 2017


WEATHER ITEM   OBSERVED TIME   RECORD YEAR NORMAL DEPARTURE LAST
                VALUE   (LST)  VALUE       VALUE  FROM      YEAR
                                                  NORMAL
..................................................................
TEMPERATURE (F)
 YESTERDAY
  MAXIMUM         59    437 PM  70    1907  45     14       27
  MINIMUM         31    649 AM  -4    1994  25      6       11
  AVERAGE         45                        35     10       19

PRECIPITATION (IN)
  YESTERDAY        0.00          2.86 1936   0.10  -0.10     0.00
  MONTH TO DATE    1.68                      1.91  -0.23     1.46
  SINCE DEC 1      4.78                      5.15  -0.37     6.43
  SINCE JAN 1      1.68                      1.91  -0.23     1.46

SNOWFALL (IN)
  YESTERDAY        0.0                                       0.0
  MONTH TO DATE    5.9                                        T
  SINCE DEC 1      5.9                                        T
  SINCE JUL 1      5.9                                        T
  SNOW DEPTH       0

DEGREE DAYS
 HEATING
  YESTERDAY       20                        30    -10       46
  MONTH TO DATE  509                       570    -61      587
  SINCE DEC 1   1318                      1421   -103     1071
  SINCE JUL 1   1948                      2315   -367     1781

 COOLING
  YESTERDAY        0                         0      0        0
  MONTH TO DATE    0                         0      0        0
  SINCE DEC 1      0                         0      0        0
  SINCE JAN 1      0                         0      0        0
..................................................................


WIND (MPH)
  HIGHEST WIND SPEED     9   HIGHEST WIND DIRECTION     S (200)
  HIGHEST GUST SPEED    12   HIGHEST GUST DIRECTION     S (200)
  AVERAGE WIND SPEED     1.7


SKY COVER
  AVERAGE SKY COVER 0.0


WEATHER CONDITIONS
 THE FOLLOWING WEATHER WAS RECORDED YESTERDAY.
  FOG


RELATIVE HUMIDITY (PERCENT)
 HIGHEST   100           200 AM
 LOWEST     51           300 PM
 AVERAGE    76

..........................................................


THE LYNCHBURG VA CLIMATE NORMALS FOR TODAY
                         NORMAL    RECORD    YEAR
 MAXIMUM TEMPERATURE (F)   45        68      1926
                                             1914
 MINIMUM TEMPERATURE (F)   25        -7      1985


SUNRISE AND SUNSET
JANUARY 20 2017.......SUNRISE   728 AM EST   SUNSET   528 PM EST
JANUARY 21 2017.......SUNRISE   727 AM EST   SUNSET   530 PM EST


-  INDICATES NEGATIVE NUMBERS.
R  INDICATES RECORD WAS SET OR TIED.
MM INDICATES DATA IS MISSING.
T  INDICATES TRACE AMOUNT.




$$
