000
CDUS41 KRNK 160630
CLILYH


CLIMATE REPORT
NATIONAL WEATHER SERVICE BLACKSBURG VA
227 AM EDT WED AUG 16 2017


...................................

...THE LYNCHBURG VA CLIMATE SUMMARY FOR AUGUST 15 2017...

CLIMATE NORMAL PERIOD 1981 TO 2010
CLIMATE RECORD PERIOD 1893 TO 2017


WEATHER ITEM   OBSERVED TIME   RECORD YEAR NORMAL DEPARTURE LAST
                VALUE   (LST)  VALUE       VALUE  FROM      YEAR
                                                  NORMAL
..................................................................
TEMPERATURE (F)
 YESTERDAY
  MAXIMUM         85    527 PM  98    1988  86     -1       92
                                      1900
  MINIMUM         69    612 AM  52    2013  63      6       69
  AVERAGE         77                        74      3       81

PRECIPITATION (IN)
  YESTERDAY        0.86          1.51 1940   0.09   0.77      T
  MONTH TO DATE    1.41                      1.59  -0.18     1.04
  SINCE JUN 1      6.80                      9.57  -2.77    13.31
  SINCE JAN 1     25.90                     26.26  -0.36    32.97

SNOWFALL (IN)
  YESTERDAY        0.0                                       0.0
  MONTH TO DATE    0.0                                       0.0
  SINCE JUN 1      0.0                                       0.0
  SINCE JUL 1      0.0                                       0.0
  SNOW DEPTH       0

DEGREE DAYS
 HEATING
  YESTERDAY        0                         0      0        0
  MONTH TO DATE    0                         0      0        0
  SINCE JUN 1      4                        15    -11        1
  SINCE JUL 1      0                         1     -1        0

 COOLING
  YESTERDAY       12                         9      3       16
  MONTH TO DATE  130                       149    -19      184
  SINCE JUN 1    689                       681      8      806
  SINCE JAN 1    825                       763     62      877
..................................................................


WIND (MPH)
  HIGHEST WIND SPEED    20   HIGHEST WIND DIRECTION     N (10)
  HIGHEST GUST SPEED    27   HIGHEST GUST DIRECTION     N (360)
  AVERAGE WIND SPEED     2.1


SKY COVER
  AVERAGE SKY COVER 0.6


WEATHER CONDITIONS
 THE FOLLOWING WEATHER WAS RECORDED YESTERDAY.
  HEAVY RAIN
  RAIN
  LIGHT RAIN
  FOG


RELATIVE HUMIDITY (PERCENT)
 HIGHEST   100           600 AM
 LOWEST     65           200 PM
 AVERAGE    83

..........................................................


THE LYNCHBURG VA CLIMATE NORMALS FOR TODAY
                         NORMAL    RECORD    YEAR
 MAXIMUM TEMPERATURE (F)   86        98      2007
                                             1900
 MINIMUM TEMPERATURE (F)   63        50      1979


SUNRISE AND SUNSET
AUGUST 16 2017........SUNRISE   634 AM EDT   SUNSET   807 PM EDT
AUGUST 17 2017........SUNRISE   635 AM EDT   SUNSET   806 PM EDT


-  INDICATES NEGATIVE NUMBERS.
R  INDICATES RECORD WAS SET OR TIED.
MM INDICATES DATA IS MISSING.
T  INDICATES TRACE AMOUNT.


REMARKS:
DUE TO MISSING TEMPERATURES ON FEBRUARY 23 AND JULY 24-25...ALL
TEMPERATURE AND DEGREE DAY INFORMATION WILL BE CALCULATED WITHOUT
DATA FROM THESE DATES.

$$
