000
CDUS41 KRNK 250918
CLILYH


CLIMATE REPORT
NATIONAL WEATHER SERVICE BLACKSBURG VA
514 AM EDT SAT OCT 25 2014


...................................

...THE LYNCHBURG VA CLIMATE SUMMARY FOR OCTOBER 24 2014...

CLIMATE NORMAL PERIOD 1981 TO 2010
CLIMATE RECORD PERIOD 1893 TO 2014


WEATHER ITEM   OBSERVED TIME   RECORD YEAR NORMAL DEPARTURE LAST
                VALUE   (LST)  VALUE       VALUE  FROM      YEAR
                                                  NORMAL
..................................................................
TEMPERATURE (F)
 YESTERDAY
  MAXIMUM         67    357 PM  83    2012  66      1       52
                                      2001
  MINIMUM         38   1138 PM  21    1969  41     -3       30
  AVERAGE         53                        54     -1       41

PRECIPITATION (IN)
  YESTERDAY        0.00          2.26 2007   0.10  -0.10     0.00
  MONTH TO DATE    3.56                      2.38   1.18     2.29
  SINCE SEP 1      5.18                      6.26  -1.08     2.77
  SINCE JAN 1     39.17                     34.19   4.98    36.49

SNOWFALL (IN)
  YESTERDAY        0.0
  MONTH TO DATE    0.0
  SINCE SEP 1      0.0
  SINCE JUL 1      0.0
  SNOW DEPTH       0

DEGREE DAYS
 HEATING
  YESTERDAY       12                        11      1       24
  MONTH TO DATE  181                       198    -17      137
  SINCE SEP 1    212                       256    -44      180
  SINCE JUL 1    212                       259    -47      185

 COOLING
  YESTERDAY        0                         0      0        0
  MONTH TO DATE   15                        11      4       35
  SINCE SEP 1    137                       129      8      155
  SINCE JAN 1    967                      1027    -60     1184
..................................................................


WIND (MPH)
  HIGHEST WIND SPEED     9   HIGHEST WIND DIRECTION     W (280)
  HIGHEST GUST SPEED    MM   HIGHEST GUST DIRECTION    MM
  AVERAGE WIND SPEED     2.3


SKY COVER
  POSSIBLE SUNSHINE  MM
  AVERAGE SKY COVER 0.0


WEATHER CONDITIONS
 THE FOLLOWING WEATHER WAS RECORDED YESTERDAY.
  NO SIGNIFICANT WEATHER WAS OBSERVED.


RELATIVE HUMIDITY (PERCENT)
 HIGHEST    96          1000 PM
 LOWEST     34           100 PM
 AVERAGE    65

..........................................................


THE LYNCHBURG VA CLIMATE NORMALS FOR TODAY
                         NORMAL    RECORD    YEAR
 MAXIMUM TEMPERATURE (F)   66        86      1921
 MINIMUM TEMPERATURE (F)   41        27      2013
                                             2006


SUNRISE AND SUNSET
OCTOBER 25 2014.......SUNRISE   734 AM EDT   SUNSET   627 PM EDT
OCTOBER 26 2014.......SUNRISE   735 AM EDT   SUNSET   626 PM EDT


-  INDICATES NEGATIVE NUMBERS.
R  INDICATES RECORD WAS SET OR TIED.
MM INDICATES DATA IS MISSING.
T  INDICATES TRACE AMOUNT.


REMARKS:
DUE TO A SYSTEM FAILURE CAUSING MISSING TEMPERATURES ON
AUGUST 21-24...THE SEASONAL TOTAL AND DEPARTURE FROM NORMAL
FOR CDD WILL BE CALCULATED WITHOUT DATA FROM THOSE DATES.


$$
