000
CDUS41 KRNK 312125
CLILYH


CLIMATE REPORT
NATIONAL WEATHER SERVICE BLACKSBURG VA
523 PM EDT FRI OCT 31 2014


...................................

...THE LYNCHBURG VA CLIMATE SUMMARY FOR OCTOBER 31 2014...
VALID TODAY AS OF 0500 PM LOCAL TIME.

CLIMATE NORMAL PERIOD 1981 TO 2010
CLIMATE RECORD PERIOD 1893 TO 2014


WEATHER ITEM   OBSERVED TIME   RECORD YEAR NORMAL DEPARTURE LAST
                VALUE   (LST)  VALUE       VALUE  FROM      YEAR
                                                  NORMAL
..................................................................
TEMPERATURE (F)
 TODAY
  MAXIMUM         56    255 PM  86    1917  64     -8       70
  MINIMUM         35    416 AM  27    1954  39     -4       51
  AVERAGE         46                        52     -6       61

PRECIPITATION (IN)
  TODAY            0.00          1.56 1899   0.11  -0.11      T
  MONTH TO DATE    3.56                      3.11   0.45     2.34
  SINCE SEP 1      5.18                      6.99  -1.81     2.82
  SINCE JAN 1     39.17                     34.92   4.25    36.54

SNOWFALL (IN)
  TODAY            0.0
  MONTH TO DATE    0.0
  SINCE SEP 1      0.0
  SINCE JUL 1      0.0
  SNOW DEPTH       0

DEGREE DAYS
 HEATING
  TODAY           19                        13      6        4
  MONTH TO DATE  262                       285    -23      231
  SINCE SEP 1    293                       344    -51      274
  SINCE JUL 1    293                       347    -54      279

 COOLING
  TODAY            0                         0      0        0
  MONTH TO DATE   15                        15      0       35
  SINCE SEP 1    137                       133      4      155
  SINCE JAN 1    967                      1031    -64     1184
..................................................................


WIND (MPH)
  HIGHEST WIND SPEED     8   HIGHEST WIND DIRECTION     S (180)
  HIGHEST GUST SPEED    10   HIGHEST GUST DIRECTION     S (180)
  AVERAGE WIND SPEED     2.3


SKY COVER
  POSSIBLE SUNSHINE  MM
  AVERAGE SKY COVER 0.6


WEATHER CONDITIONS
 THE FOLLOWING WEATHER WAS RECORDED TODAY.
  NO SIGNIFICANT WEATHER WAS OBSERVED.


RELATIVE HUMIDITY (PERCENT)
 HIGHEST   100           500 AM
 LOWEST     50          1100 AM
 AVERAGE    75

..........................................................


THE LYNCHBURG VA CLIMATE NORMALS FOR TOMORROW
                         NORMAL    RECORD    YEAR
 MAXIMUM TEMPERATURE (F)   64        83      1974
                                             1950
 MINIMUM TEMPERATURE (F)   39        26      1925


SUNRISE AND SUNSET
OCTOBER 31 2014.......SUNRISE   740 AM EDT   SUNSET   620 PM EDT
NOVEMBER  1 2014......SUNRISE   741 AM EDT   SUNSET   619 PM EDT


-  INDICATES NEGATIVE NUMBERS.
R  INDICATES RECORD WAS SET OR TIED.
MM INDICATES DATA IS MISSING.
T  INDICATES TRACE AMOUNT.


REMARKS:
DUE TO A SYSTEM FAILURE CAUSING MISSING TEMPERATURES ON
AUGUST 21-24...THE SEASONAL TOTAL AND DEPARTURE FROM NORMAL
FOR CDD WILL BE CALCULATED WITHOUT DATA FROM THOSE DATES.


$$
