000
CDUS41 KRNK 010913
CLILYH


CLIMATE REPORT
NATIONAL WEATHER SERVICE BLACKSBURG VA
508 AM EDT MON SEP 1 2014


...................................

...THE LYNCHBURG VA CLIMATE SUMMARY FOR AUGUST 31 2014...

CLIMATE NORMAL PERIOD 1981 TO 2010
CLIMATE RECORD PERIOD 1893 TO 2014


WEATHER ITEM   OBSERVED TIME   RECORD YEAR NORMAL DEPARTURE LAST
                VALUE   (LST)  VALUE       VALUE  FROM      YEAR
                                                  NORMAL
..................................................................
TEMPERATURE (F)
 YESTERDAY
  MAXIMUM         88    327 PM 104    1932  83      5       89
  MINIMUM         67    542 AM  48    1946  61      6       65
  AVERAGE         78                        72      6       77

PRECIPITATION (IN)
  YESTERDAY        0.00          2.53 1952   0.11  -0.11     0.30
  MONTH TO DATE    4.78                      3.26   1.52     3.55
  SINCE JUN 1     12.97                     11.24   1.73    13.28
  SINCE JAN 1     33.99                     27.93   6.06    33.72

SNOWFALL (IN)
  YESTERDAY        0.0
  MONTH TO DATE    0.0
  SINCE JUN 1      0.0
  SINCE JUL 1      0.0
  SNOW DEPTH       0

DEGREE DAYS
 HEATING
  YESTERDAY        0                         0      0        0
  MONTH TO DATE    0                         0      0        5
  SINCE JUN 1      1                        17    -16        6
  SINCE JUL 1      0                         3     -3        5

 COOLING
  YESTERDAY       13                         7      6       12
  MONTH TO DATE  171                       284   -113      262
  SINCE JUN 1    716                       816   -100      894
  SINCE JAN 1    830                       898    -68     1029
..................................................................


WIND (MPH)
  HIGHEST WIND SPEED    17   HIGHEST WIND DIRECTION     S (180)
  HIGHEST GUST SPEED    22   HIGHEST GUST DIRECTION     S (190)
  AVERAGE WIND SPEED     5.6


SKY COVER
  POSSIBLE SUNSHINE  MM
  AVERAGE SKY COVER 0.2


WEATHER CONDITIONS
 THE FOLLOWING WEATHER WAS RECORDED YESTERDAY.
  FOG


RELATIVE HUMIDITY (PERCENT)
 HIGHEST   100           100 AM
 LOWEST     59           200 PM
 AVERAGE    80

..........................................................


THE LYNCHBURG VA CLIMATE NORMALS FOR TODAY
                         NORMAL    RECORD    YEAR
 MAXIMUM TEMPERATURE (F)   83       102      1932
 MINIMUM TEMPERATURE (F)   61        47      1946


SUNRISE AND SUNSET
SEPTEMBER  1 2014.....SUNRISE   647 AM EDT   SUNSET   746 PM EDT
SEPTEMBER  2 2014.....SUNRISE   648 AM EDT   SUNSET   744 PM EDT


-  INDICATES NEGATIVE NUMBERS.
R  INDICATES RECORD WAS SET OR TIED.
MM INDICATES DATA IS MISSING.
T  INDICATES TRACE AMOUNT.

REMARKS:
DUE TO A SYSTEM FAILURE CAUSING MISSING TEMPERATURES ON
AUGUST 21-24...ALL TEMPERATURE DATA AND CDD WILL BE CALCULATED
WITHOUT DATA FROM THOSE DATES.


$$
