000
CDUS41 KRNK 212121
CLILYH


CLIMATE REPORT
NATIONAL WEATHER SERVICE BLACKSBURG VA
520 PM EDT SAT OCT 21 2017


...................................

...THE LYNCHBURG VA CLIMATE SUMMARY FOR OCTOBER 21 2017...
VALID TODAY AS OF 0500 PM LOCAL TIME.

CLIMATE NORMAL PERIOD 1981 TO 2010
CLIMATE RECORD PERIOD 1893 TO 2017


WEATHER ITEM   OBSERVED TIME   RECORD YEAR NORMAL DEPARTURE LAST
                VALUE   (LST)  VALUE       VALUE  FROM      YEAR
                                                  NORMAL
..................................................................
TEMPERATURE (F)
 TODAY
  MAXIMUM         76    230 PM  85    1947  67      9       67
  MINIMUM         47    640 AM  23    1952  42      5       55
  AVERAGE         62                        55      7       61

PRECIPITATION (IN)
  TODAY            0.00          2.41 1893   0.11  -0.11      T
  MONTH TO DATE    1.67                      2.08  -0.41     1.73
  SINCE SEP 1      3.58                      5.96  -2.38     5.11
  SINCE JAN 1     30.31                     33.89  -3.58    38.23

SNOWFALL (IN)
  TODAY            0.0                                       0.0
  MONTH TO DATE    0.0                                       0.0
  SINCE SEP 1      0.0                                       0.0
  SINCE JUL 1      0.0                                       0.0
  SNOW DEPTH       0

DEGREE DAYS
 HEATING
  TODAY            3                        11     -8        4
  MONTH TO DATE   85                       165    -80       81
  SINCE SEP 1    136                       223    -87       81
  SINCE JUL 1    138                       226    -88       81

 COOLING
  TODAY            0                         0      0        0
  MONTH TO DATE   55                        11     44       32
  SINCE SEP 1    196                       129     67      272
  SINCE JAN 1   1174                      1027    147     1350
..................................................................


WIND (MPH)
  HIGHEST WIND SPEED    12   HIGHEST WIND DIRECTION     S (190)
  HIGHEST GUST SPEED    19   HIGHEST GUST DIRECTION     S (160)
  AVERAGE WIND SPEED     2.1


SKY COVER
  AVERAGE SKY COVER 0.0


WEATHER CONDITIONS
 THE FOLLOWING WEATHER WAS RECORDED TODAY.
  NO SIGNIFICANT WEATHER WAS OBSERVED.


RELATIVE HUMIDITY (PERCENT)
 HIGHEST   100           500 AM
 LOWEST     38           200 PM
 AVERAGE    69

..........................................................


THE LYNCHBURG VA CLIMATE NORMALS FOR TOMORROW
                         NORMAL    RECORD    YEAR
 MAXIMUM TEMPERATURE (F)   67        87      1935
 MINIMUM TEMPERATURE (F)   42        26      1974
                                             1930


SUNRISE AND SUNSET
OCTOBER 21 2017.......SUNRISE   731 AM EDT   SUNSET   631 PM EDT
OCTOBER 22 2017.......SUNRISE   732 AM EDT   SUNSET   630 PM EDT


-  INDICATES NEGATIVE NUMBERS.
R  INDICATES RECORD WAS SET OR TIED.
MM INDICATES DATA IS MISSING.
T  INDICATES TRACE AMOUNT.


REMARKS:
DUE TO MISSING TEMPERATURES ON FEBRUARY 23 AND JULY 24-25...ALL
TEMPERATURE AND DEGREE DAY INFORMATION WILL BE CALCULATED WITHOUT
DATA FROM THESE DATES.

$$
