000
CDUS41 KRNK 260715
CLILYH


CLIMATE REPORT
NATIONAL WEATHER SERVICE BLACKSBURG VA
313 AM EDT TUE MAY 26 2015


...................................

...THE LYNCHBURG VA CLIMATE SUMMARY FOR MAY 25 2015...

CLIMATE NORMAL PERIOD 1981 TO 2010
CLIMATE RECORD PERIOD 1893 TO 2015


WEATHER ITEM   OBSERVED TIME   RECORD YEAR NORMAL DEPARTURE LAST
                VALUE   (LST)  VALUE       VALUE  FROM      YEAR
                                                  NORMAL
..................................................................
TEMPERATURE (F)
 YESTERDAY
  MAXIMUM         82    256 PM  93    1936  77      5       80
  MINIMUM         57    543 AM  36    2013  54      3       51
  AVERAGE         70                        66      4       66

PRECIPITATION (IN)
  YESTERDAY        0.00          0.77 1909   0.13  -0.13     0.00
  MONTH TO DATE    1.56                      2.93  -1.37     3.57
  SINCE MAR 1      8.90                      9.82  -0.92    12.12
  SINCE JAN 1     13.28                     15.89  -2.61    19.20

SNOWFALL (IN)
  YESTERDAY        0.0                                       0.0
  MONTH TO DATE    0.0                                       0.0
  SINCE MAR 1      2.5                                       9.4
  SINCE JUL 1     22.9                                      21.4
  SNOW DEPTH       0

DEGREE DAYS
 HEATING
  YESTERDAY        0                         3     -3        0
  MONTH TO DATE   59                       110    -51       65
  SINCE MAR 1    938                      1009    -71      926
  SINCE JUL 1   4627                      4433    194     4440

 COOLING
  YESTERDAY        5                         3      2        1
  MONTH TO DATE   88                        43     45       65
  SINCE MAR 1     96                        61     35       84
  SINCE JAN 1     96                        61     35       84
..................................................................


WIND (MPH)
  HIGHEST WIND SPEED    18   HIGHEST WIND DIRECTION     S (190)
  HIGHEST GUST SPEED    26   HIGHEST GUST DIRECTION    SW (210)
  AVERAGE WIND SPEED     7.0


SKY COVER
  AVERAGE SKY COVER 0.0


WEATHER CONDITIONS
 THE FOLLOWING WEATHER WAS RECORDED YESTERDAY.
  NO SIGNIFICANT WEATHER WAS OBSERVED.


RELATIVE HUMIDITY (PERCENT)
 HIGHEST    87           600 AM
 LOWEST     39           200 PM
 AVERAGE    63

..........................................................


THE LYNCHBURG VA CLIMATE NORMALS FOR TODAY
                         NORMAL    RECORD    YEAR
 MAXIMUM TEMPERATURE (F)   78        93      1933
 MINIMUM TEMPERATURE (F)   54        38      1988


SUNRISE AND SUNSET
MAY 26 2015...........SUNRISE   601 AM EDT   SUNSET   827 PM EDT
MAY 27 2015...........SUNRISE   600 AM EDT   SUNSET   828 PM EDT


-  INDICATES NEGATIVE NUMBERS.
R  INDICATES RECORD WAS SET OR TIED.
MM INDICATES DATA IS MISSING.
T  INDICATES TRACE AMOUNT.




$$
