000
CDUS41 KRNK 010643
CLILYH


CLIMATE REPORT
NATIONAL WEATHER SERVICE BLACKSBURG VA
241 AM EDT WED JUL 1 2015


...................................

...THE LYNCHBURG VA CLIMATE SUMMARY FOR JUNE 30 2015...

CLIMATE NORMAL PERIOD 1981 TO 2010
CLIMATE RECORD PERIOD 1893 TO 2015


WEATHER ITEM   OBSERVED TIME   RECORD YEAR NORMAL DEPARTURE LAST
                VALUE   (LST)  VALUE       VALUE  FROM      YEAR
                                                  NORMAL
..................................................................
TEMPERATURE (F)
 YESTERDAY
  MAXIMUM         84    341 PM 103    1936  86     -2       87
  MINIMUM         60    353 AM  50    1919  63     -3       60
  AVERAGE         72                        75     -3       74

PRECIPITATION (IN)
  YESTERDAY        0.28          0.80 2004   0.11   0.17     0.00
  MONTH TO DATE    5.59                      3.62   1.97     2.40
  SINCE JUN 1      5.59                      3.62   1.97     2.40
  SINCE JAN 1     18.97                     20.31  -1.34    23.42

SNOWFALL (IN)
  YESTERDAY        0.0                                       0.0
  MONTH TO DATE    0.0                                       0.0
  SINCE JUN 1      0.0                                       0.0
  SINCE JUL 1     22.9                                      21.4
  SNOW DEPTH       0

DEGREE DAYS
 HEATING
  YESTERDAY        0                         0      0        0
  MONTH TO DATE   13                        13      0        1
  SINCE JUN 1     13                        14     -1        1
  SINCE JUL 1   4640                      4459    181     4441

 COOLING
  YESTERDAY        7                        10     -3        9
  MONTH TO DATE  278                       214     64      255
  SINCE JUN 1    278                       214     64      255
  SINCE JAN 1    426                       296    130      369
..................................................................


WIND (MPH)
  HIGHEST WIND SPEED    18   HIGHEST WIND DIRECTION     S (170)
  HIGHEST GUST SPEED    26   HIGHEST GUST DIRECTION     S (170)
  AVERAGE WIND SPEED     4.1


SKY COVER
  AVERAGE SKY COVER 0.2


WEATHER CONDITIONS
 THE FOLLOWING WEATHER WAS RECORDED YESTERDAY.
  THUNDERSTORM
  HEAVY RAIN
  LIGHT RAIN
  FOG


RELATIVE HUMIDITY (PERCENT)
 HIGHEST   100           100 AM
 LOWEST     55           300 PM
 AVERAGE    78

..........................................................


THE LYNCHBURG VA CLIMATE NORMALS FOR TODAY
                         NORMAL    RECORD    YEAR
 MAXIMUM TEMPERATURE (F)   86        98      1970
                                             1931
 MINIMUM TEMPERATURE (F)   63        53      1980
                                             1919
                                             1899


SUNRISE AND SUNSET
JULY  1 2015..........SUNRISE   600 AM EDT   SUNSET   841 PM EDT
JULY  2 2015..........SUNRISE   600 AM EDT   SUNSET   841 PM EDT


-  INDICATES NEGATIVE NUMBERS.
R  INDICATES RECORD WAS SET OR TIED.
MM INDICATES DATA IS MISSING.
T  INDICATES TRACE AMOUNT.

$$

RAB
