744
CDUS41 KRNK 152207
CLILYH


CLIMATE REPORT
NATIONAL WEATHER SERVICE BLACKSBURG VA
505 PM EST FRI DEC 15 2017


...................................

...THE LYNCHBURG VA CLIMATE SUMMARY FOR DECEMBER 15 2017...
VALID TODAY AS OF 0500 PM LOCAL TIME.

CLIMATE NORMAL PERIOD 1981 TO 2010
CLIMATE RECORD PERIOD 1893 TO 2017


WEATHER ITEM   OBSERVED TIME   RECORD YEAR NORMAL DEPARTURE LAST
                VALUE   (LST)  VALUE       VALUE  FROM      YEAR
                                                  NORMAL
..................................................................
TEMPERATURE (F)
 TODAY
  MAXIMUM         37    400 PM  74    1984  48    -11       39
  MINIMUM         29        MM   7    1917  27      2       15
  AVERAGE         33                        37     -4       27

PRECIPITATION (IN)
  TODAY            0.00          1.15 2005   0.10  -0.10     0.00
  MONTH TO DATE    0.45                      1.68  -1.23     2.08
  SINCE DEC 1      0.45                      1.68  -1.23     2.08
  SINCE JAN 1     32.68                     40.01  -7.33    41.48

SNOWFALL (IN)
  TODAY            0.0                                       0.0
  MONTH TO DATE    1.5                                       0.0
  SINCE DEC 1      1.5                                       0.0
  SINCE JUL 1      1.5                                       0.0
  SNOW DEPTH       0

DEGREE DAYS
 HEATING
  TODAY           32                        28      4       38
  MONTH TO DATE  392                       387      5      400
  SINCE DEC 1    392                       387      5      400
  SINCE JUL 1   1207                      1281    -74     1030

 COOLING
  TODAY            0                         0      0        0
  MONTH TO DATE    0                         0      0        0
  SINCE DEC 1      0                         0      0        0
  SINCE JAN 1   1174                      1032    142     1358
..................................................................


WIND (MPH)
  HIGHEST WIND SPEED    12   HIGHEST WIND DIRECTION     N (20)
  HIGHEST GUST SPEED    15   HIGHEST GUST DIRECTION    NE (30)
  AVERAGE WIND SPEED     6.4


SKY COVER
  AVERAGE SKY COVER 1.0


WEATHER CONDITIONS
 THE FOLLOWING WEATHER WAS RECORDED TODAY.
  NO SIGNIFICANT WEATHER WAS OBSERVED.


RELATIVE HUMIDITY (PERCENT)
 HIGHEST    63           200 AM
 LOWEST     52           300 PM
 AVERAGE    58

..........................................................


THE LYNCHBURG VA CLIMATE NORMALS FOR TOMORROW
                         NORMAL    RECORD    YEAR
 MAXIMUM TEMPERATURE (F)   47        78      1971
 MINIMUM TEMPERATURE (F)   27         8      1951


SUNRISE AND SUNSET
DECEMBER 15 2017......SUNRISE   724 AM EST   SUNSET   500 PM EST
DECEMBER 16 2017......SUNRISE   724 AM EST   SUNSET   501 PM EST


-  INDICATES NEGATIVE NUMBERS.
R  INDICATES RECORD WAS SET OR TIED.
MM INDICATES DATA IS MISSING.
T  INDICATES TRACE AMOUNT.

REMARKS:
DUE TO MISSING TEMPERATURES ON FEBRUARY 23 AND JULY 24-25...ALL
TEMPERATURE AND DEGREE DAY INFORMATION WILL BE CALCULATED WITHOUT
DATA FROM THESE DATES.


$$
