000
CDUS41 KRNK 210910
CLILYH


CLIMATE REPORT
NATIONAL WEATHER SERVICE BLACKSBURG VA
506 AM EDT SUN SEP 21 2014


...................................

...THE LYNCHBURG VA CLIMATE SUMMARY FOR SEPTEMBER 20 2014...

CLIMATE NORMAL PERIOD 1981 TO 2010
CLIMATE RECORD PERIOD 1893 TO 2014


WEATHER ITEM   OBSERVED TIME   RECORD YEAR NORMAL DEPARTURE LAST
                VALUE   (LST)  VALUE       VALUE  FROM      YEAR
                                                  NORMAL
..................................................................
TEMPERATURE (F)
 YESTERDAY
  MAXIMUM         78    448 PM  98    1895  77      1       74
  MINIMUM         58   1011 PM  38    1916  54      4       60
  AVERAGE         68                        65      3       67

PRECIPITATION (IN)
  YESTERDAY        0.00          1.89 1961   0.13  -0.13     0.01
  MONTH TO DATE    1.05                      2.66  -1.61     0.03
  SINCE SEP 1      1.05                      2.66  -1.61     0.03
  SINCE JAN 1     35.04                     30.59   4.45    33.75

SNOWFALL (IN)
  YESTERDAY        0.0
  MONTH TO DATE    0.0
  SINCE SEP 1      0.0
  SINCE JUL 1      0.0
  SNOW DEPTH       0

DEGREE DAYS
 HEATING
  YESTERDAY        0                         2     -2        0
  MONTH TO DATE   10                        18     -8       18
  SINCE SEP 1     10                        18     -8       18
  SINCE JUL 1     10                        21    -11       23

 COOLING
  YESTERDAY        3                         3      0        2
  MONTH TO DATE  111                        98     13      120
  SINCE SEP 1    111                        98     13      120
  SINCE JAN 1    941                       996    -55     1149
..................................................................


WIND (MPH)
  HIGHEST WIND SPEED     7   HIGHEST WIND DIRECTION    SW (240)
  HIGHEST GUST SPEED    11   HIGHEST GUST DIRECTION    SE (120)
  AVERAGE WIND SPEED     1.7


SKY COVER
  POSSIBLE SUNSHINE  MM
  AVERAGE SKY COVER 0.3


WEATHER CONDITIONS
 THE FOLLOWING WEATHER WAS RECORDED YESTERDAY.
  FOG


RELATIVE HUMIDITY (PERCENT)
 HIGHEST   100           900 PM
 LOWEST     50           300 PM
 AVERAGE    75

..........................................................


THE LYNCHBURG VA CLIMATE NORMALS FOR TODAY
                         NORMAL    RECORD    YEAR
 MAXIMUM TEMPERATURE (F)   76        98      1895
 MINIMUM TEMPERATURE (F)   54        37      1956


SUNRISE AND SUNSET
SEPTEMBER 21 2014.....SUNRISE   704 AM EDT   SUNSET   715 PM EDT
SEPTEMBER 22 2014.....SUNRISE   705 AM EDT   SUNSET   714 PM EDT


-  INDICATES NEGATIVE NUMBERS.
R  INDICATES RECORD WAS SET OR TIED.
MM INDICATES DATA IS MISSING.
T  INDICATES TRACE AMOUNT.

REMARKS:
DUE TO A SYSTEM FAILURE CAUSING MISSING TEMPERATURES ON
AUGUST 21-24...THE SEASONAL TOTAL AND DEPARTURE FROM NORMAL
FOR CDD WILL BE CALCULATED WITHOUT DATA FROM THOSE DATES.


$$
