000
CDUS41 KRNK 241237
CLILYH

CLIMATE REPORT...CORRECTED
NATIONAL WEATHER SERVICE BLACKSBURG VA
737 AM EST FRI FEB 24 2017


...................................

...THE LYNCHBURG VA CLIMATE SUMMARY FOR FEBRUARY 23 2017...

CLIMATE NORMAL PERIOD 1981 TO 2010
CLIMATE RECORD PERIOD 1893 TO 2017


WEATHER ITEM   OBSERVED TIME   RECORD YEAR NORMAL DEPARTURE LAST
                VALUE   (LST)  VALUE       VALUE  FROM      YEAR
                                                  NORMAL
..................................................................
TEMPERATURE (F)
 YESTERDAY
  MAXIMUM         73    328 PM  74    1943  51     22       44
  MINIMUM         MM        MM  11    1978  29     MM       39
                                      1968
                                      1963
  AVERAGE         MM                        40     MM       42

PRECIPITATION (IN)
  YESTERDAY        0.00          1.62 1984   0.10  -0.10     0.47
  MONTH TO DATE    0.47                      2.41  -1.94     3.93
  SINCE DEC 1      7.35                      8.79  -1.44    11.67
  SINCE JAN 1      4.25                      5.55  -1.30     6.70

SNOWFALL (IN)
  YESTERDAY        0.0                                       0.0
  MONTH TO DATE    0.0                                       5.4
  SINCE DEC 1      5.9                                      15.6
  SINCE JUL 1      5.9                                      15.6
  SNOW DEPTH       0

DEGREE DAYS
 HEATING
  YESTERDAY       MM                        25     MM       23
  MONTH TO DATE  425                       629   -204      663
  SINCE DEC 1   2003                      2407   -404     2130
  SINCE JUL 1   2633                      3301   -668     2840

 COOLING
  YESTERDAY       MM                         0     MM        0
  MONTH TO DATE    1                         0      1        0
  SINCE DEC 1      1                         0      1        0
  SINCE JAN 1      1                         0      1        0
..................................................................


WIND (MPH)
  HIGHEST WIND SPEED    MM   HIGHEST WIND DIRECTION    MM
  HIGHEST GUST SPEED    MM   HIGHEST GUST DIRECTION    MM
  AVERAGE WIND SPEED    MM


SKY COVER
  AVERAGE SKY COVER  MM


WEATHER CONDITIONS
 THE FOLLOWING WEATHER WAS RECORDED YESTERDAY.
  FOG
  FOG W/VISIBILITY <= 1/4 MILE


RELATIVE HUMIDITY (PERCENT)
 HIGHEST    MM
 LOWEST     MM
 AVERAGE    MM

..........................................................


THE LYNCHBURG VA CLIMATE NORMALS FOR TODAY
                         NORMAL    RECORD    YEAR
 MAXIMUM TEMPERATURE (F)   51        79      2012
                                             1985
 MINIMUM TEMPERATURE (F)   29        10      1947


SUNRISE AND SUNSET
FEBRUARY 24 2017......SUNRISE   654 AM EST   SUNSET   606 PM EST
FEBRUARY 25 2017......SUNRISE   653 AM EST   SUNSET   607 PM EST


-  INDICATES NEGATIVE NUMBERS.
R  INDICATES RECORD WAS SET OR TIED.
MM INDICATES DATA IS MISSING.
T  INDICATES TRACE AMOUNT.


REMARKS:
DUE TO A POWER OUTAGE CAUSING A MISSING LOW TEMPERATURE ON FEBRUARY
23...ALL TEMPERATURE AND HEATING DEGREE DAY INFORMATION WILL BE
CALCULATED WITHOUT DATA FROM THIS DATE.


$$

PW
