000
CDUS41 KRNK 110937
CLILYH


CLIMATE REPORT
NATIONAL WEATHER SERVICE BLACKSBURG VA
436 AM EST THU FEB 11 2016


...................................

...THE LYNCHBURG VA CLIMATE SUMMARY FOR FEBRUARY 10 2016...

CLIMATE NORMAL PERIOD 1981 TO 2010
CLIMATE RECORD PERIOD 1893 TO 2016


WEATHER ITEM   OBSERVED TIME   RECORD YEAR NORMAL DEPARTURE LAST
                VALUE   (LST)  VALUE       VALUE  FROM      YEAR
                                                  NORMAL
..................................................................
TEMPERATURE (F)
 YESTERDAY
  MAXIMUM         32    131 PM  72    1898  48    -16       47
  MINIMUM         20   1159 PM  -3    1934  26     -6       29
  AVERAGE         26                        37    -11       38

PRECIPITATION (IN)
  YESTERDAY        0.00          1.23 1946   0.10  -0.10     0.04
  MONTH TO DATE    1.23                      1.06   0.17     0.25
  SINCE DEC 1      8.97                      7.44   1.53     5.23
  SINCE JAN 1      4.00                      4.20  -0.20     2.11

SNOWFALL (IN)
  YESTERDAY        0.0                                       0.0
  MONTH TO DATE    0.0                                       0.0
  SINCE DEC 1     10.2                                       0.1
  SINCE JUL 1     10.2                                       0.1
  SNOW DEPTH       0

DEGREE DAYS
 HEATING
  YESTERDAY       39                        28     11       27
  MONTH TO DATE  264                       285    -21      275
  SINCE DEC 1   1731                      2063   -332     1982
  SINCE JUL 1   2441                      2957   -516     2958

 COOLING
  YESTERDAY        0                         0      0        0
  MONTH TO DATE    0                         0      0        0
  SINCE DEC 1      0                         0      0        0
  SINCE JAN 1      0                         0      0        0
..................................................................


WIND (MPH)
  HIGHEST WIND SPEED    16   HIGHEST WIND DIRECTION     W (280)
  HIGHEST GUST SPEED    29   HIGHEST GUST DIRECTION     W (270)
  AVERAGE WIND SPEED     7.2


SKY COVER
  AVERAGE SKY COVER 0.3


WEATHER CONDITIONS
 THE FOLLOWING WEATHER WAS RECORDED YESTERDAY.
  NO SIGNIFICANT WEATHER WAS OBSERVED.


RELATIVE HUMIDITY (PERCENT)
 HIGHEST    65           400 AM
 LOWEST     39           200 PM
 AVERAGE    52

..........................................................


THE LYNCHBURG VA CLIMATE NORMALS FOR TODAY
                         NORMAL    RECORD    YEAR
 MAXIMUM TEMPERATURE (F)   48        82      1932
 MINIMUM TEMPERATURE (F)   27        -3      1899


SUNRISE AND SUNSET
FEBRUARY 11 2016......SUNRISE   711 AM EST   SUNSET   552 PM EST
FEBRUARY 12 2016......SUNRISE   710 AM EST   SUNSET   553 PM EST


-  INDICATES NEGATIVE NUMBERS.
R  INDICATES RECORD WAS SET OR TIED.
MM INDICATES DATA IS MISSING.
T  INDICATES TRACE AMOUNT.

REMARKS:

DUE TO A SENSOR FAILURE CAUSING MISSING TEMPERATURES ON OCTOBER 22
AND 23...THE SEASONAL HEATING DEGREE DAY TOTAL AND DEPARTURE FROM
NORMAL WILL BE CALCULATED WITHOUT DATA FROM THESE DATES.

$$

RAB
