000
CDUS41 KRNK 220717
CLILYH


CLIMATE REPORT
NATIONAL WEATHER SERVICE BLACKSBURG VA
316 AM EDT MON MAY 22 2017


...................................

...THE LYNCHBURG VA CLIMATE SUMMARY FOR MAY 21 2017...

CLIMATE NORMAL PERIOD 1981 TO 2010
CLIMATE RECORD PERIOD 1893 TO 2017


WEATHER ITEM   OBSERVED TIME   RECORD YEAR NORMAL DEPARTURE LAST
                VALUE   (LST)  VALUE       VALUE  FROM      YEAR
                                                  NORMAL
..................................................................
TEMPERATURE (F)
 YESTERDAY
  MAXIMUM         64    558 PM  96    1941  76    -12       68
  MINIMUM         59    755 AM  39    2002  52      7       55
  AVERAGE         62                        64     -2       62

PRECIPITATION (IN)
  YESTERDAY        0.09          2.26 1942   0.12  -0.03     1.33
  MONTH TO DATE    4.85                      2.42   2.43     6.65
  SINCE MAR 1     11.69                      9.31   2.38    12.13
  SINCE JAN 1     16.07                     15.38   0.69    19.42

SNOWFALL (IN)
  YESTERDAY        0.0                                       0.0
  MONTH TO DATE    0.0                                       0.0
  SINCE MAR 1      T                                          T
  SINCE JUL 1      5.9                                      15.6
  SNOW DEPTH       0

DEGREE DAYS
 HEATING
  YESTERDAY        3                         3      0        3
  MONTH TO DATE   85                        98    -13      109
  SINCE MAR 1    784                       997   -213      791
  SINCE JUL 1   3493                      4421   -928     3757

 COOLING
  YESTERDAY        0                         2     -2        0
  MONTH TO DATE   47                        31     16        6
  SINCE MAR 1     99                        49     50       23
  SINCE JAN 1    100                        49     51       23
..................................................................


WIND (MPH)
  HIGHEST WIND SPEED    13   HIGHEST WIND DIRECTION     E (80)
  HIGHEST GUST SPEED    15   HIGHEST GUST DIRECTION    NE (40)
  AVERAGE WIND SPEED     5.6


SKY COVER
  AVERAGE SKY COVER 1.0


WEATHER CONDITIONS
 THE FOLLOWING WEATHER WAS RECORDED YESTERDAY.
  LIGHT RAIN


RELATIVE HUMIDITY (PERCENT)
 HIGHEST    90           900 PM
 LOWEST     72          1200 PM
 AVERAGE    81

..........................................................


THE LYNCHBURG VA CLIMATE NORMALS FOR TODAY
                         NORMAL    RECORD    YEAR
 MAXIMUM TEMPERATURE (F)   77       100      1941
 MINIMUM TEMPERATURE (F)   53        36      1997


SUNRISE AND SUNSET
MAY 22 2017...........SUNRISE   603 AM EDT   SUNSET   825 PM EDT
MAY 23 2017...........SUNRISE   602 AM EDT   SUNSET   826 PM EDT


-  INDICATES NEGATIVE NUMBERS.
R  INDICATES RECORD WAS SET OR TIED.
MM INDICATES DATA IS MISSING.
T  INDICATES TRACE AMOUNT.


REMARKS:
DUE TO A POWER OUTAGE CAUSING A MISSING LOW TEMPERATURE ON FEBRUARY
23...THE SEASONAL HEATING DEGREE DAY TOTAL AND DEPARTURE FROM
NORMAL WILL BE CALCULATED WITHOUT DATA FROM THIS DATE.

$$
