000
CDUS44 KLZK 272102
CLILZK


CLIMATE REPORT
NATIONAL WEATHER SERVICE LITTLE ROCK AR
402 PM CDT FRI MAR 27 2015


...................................

...THE NORTH LITTLE ROCK CLIMATE SUMMARY FOR MARCH 27 2015...
VALID TODAY AS OF 0400 PM LOCAL TIME.

CLIMATE NORMAL PERIOD 1981 TO 2010
CLIMATE RECORD PERIOD 1975 TO 2015


WEATHER ITEM   OBSERVED TIME   RECORD YEAR NORMAL DEPARTURE LAST
                VALUE   (LST)  VALUE       VALUE  FROM      YEAR
                                                  NORMAL
..................................................................
TEMPERATURE (F)
 TODAY
  MAXIMUM         54        MM  83    2012  67    -13       63
  MINIMUM         41        MM  34    1996  47     -6       51
  AVERAGE         48                        57     -9       57

PRECIPITATION (IN)
  TODAY            T             2.52 1977   0.15  -0.15     0.65
  MONTH TO DATE    8.65                      4.13   4.52     4.41
  SINCE MAR 1      8.65                      4.13   4.52     4.41
  SINCE JAN 1     14.83                     11.21   3.62     9.73

SNOWFALL (IN)
  TODAY            0.0          MM      MM   0.0    0.0      0.0
  MONTH TO DATE    6.4                       0.4    6.0      1.6
  SINCE MAR 1      6.4                       0.4    6.0      1.6
  SINCE JUL 1     10.6                       4.4    6.2      5.2
  SNOW DEPTH       0

DEGREE DAYS
 HEATING
  TODAY           17                         9      8        8
  MONTH TO DATE  372                       329     43      457
  SINCE MAR 1    372                       329     43      457
  SINCE JUL 1   3169                      2815    354     3284

 COOLING
  TODAY            0                         1     -1        0
  MONTH TO DATE    8                        12     -4        0
  SINCE MAR 1      8                        12     -4        0
  SINCE JAN 1      8                        14     -6        0
..................................................................


WIND (MPH)
  HIGHEST WIND SPEED    MM   HIGHEST WIND DIRECTION    MM
  HIGHEST GUST SPEED    MM   HIGHEST GUST DIRECTION    MM
  AVERAGE WIND SPEED    MM


SKY COVER
  POSSIBLE SUNSHINE  MM
  AVERAGE SKY COVER  MM


WEATHER CONDITIONS
 THE FOLLOWING WEATHER WAS RECORDED TODAY.
  LIGHT RAIN


RELATIVE HUMIDITY (PERCENT)
 HIGHEST    MM
 LOWEST     MM
 AVERAGE    MM

..........................................................


THE NORTH LITTLE ROCK CLIMATE NORMALS FOR TOMORROW
                         NORMAL    RECORD    YEAR
 MAXIMUM TEMPERATURE (F)   68        83      1998
                                             1985
 MINIMUM TEMPERATURE (F)   48        36      1982


SUNRISE AND SUNSET
MARCH 27 2015.........SUNRISE   703 AM CDT   SUNSET   726 PM CDT
MARCH 28 2015.........SUNRISE   702 AM CDT   SUNSET   727 PM CDT


-  INDICATES NEGATIVE NUMBERS.
R  INDICATES RECORD WAS SET OR TIED.
MM INDICATES DATA IS MISSING.
T  INDICATES TRACE AMOUNT.




$$
