000
CDUS44 KLZK 301009
CLILZK


CLIMATE REPORT
NATIONAL WEATHER SERVICE LITTLE ROCK AR
408 AM CST FRI JAN 30 2015


...................................

...THE NORTH LITTLE ROCK CLIMATE SUMMARY FOR JANUARY 29 2015...

CLIMATE NORMAL PERIOD 1981 TO 2010
CLIMATE RECORD PERIOD 1975 TO 2015


WEATHER ITEM   OBSERVED TIME   RECORD YEAR NORMAL DEPARTURE LAST
                VALUE   (LST)  VALUE       VALUE  FROM      YEAR
                                                  NORMAL
..................................................................
TEMPERATURE (F)
 YESTERDAY
  MAXIMUM         64        MM  75    2011  51     13       40
                                      2002
  MINIMUM         37        MM   8    1977  33      4       14
  AVERAGE         51                        42      9       27

PRECIPITATION (IN)
  YESTERDAY        0.00          1.09 2001   0.11  -0.11     0.00
  MONTH TO DATE    2.92                      3.19  -0.27     2.31
  SINCE DEC 1      5.91                      8.20  -2.29     9.63
  SINCE JAN 1      2.92                      3.19  -0.27     2.31

SNOWFALL (IN)
  YESTERDAY        0.0           1.2  2010   0.0    0.0      0.0
  MONTH TO DATE    T                         1.5   -1.5       T
  SINCE DEC 1      T                         2.0   -2.0      1.1
  SINCE JUL 1      0.6                       2.0   -1.4      1.1
  SNOW DEPTH       0

DEGREE DAYS
 HEATING
  YESTERDAY       14                        23     -9       38
  MONTH TO DATE  699                       692      7      785
  SINCE DEC 1   1347                      1372    -25     1485
  SINCE JUL 1   1962                      1884     78     2091

 COOLING
  YESTERDAY        0                         0      0        0
  MONTH TO DATE    0                         0      0        0
  SINCE DEC 1      0                         1     -1        1
  SINCE JAN 1      0                         0      0        0
..................................................................


WIND (MPH)
  HIGHEST WIND SPEED    MM   HIGHEST WIND DIRECTION    MM
  HIGHEST GUST SPEED    MM   HIGHEST GUST DIRECTION    MM
  AVERAGE WIND SPEED    MM


SKY COVER
  POSSIBLE SUNSHINE  MM
  AVERAGE SKY COVER  MM


WEATHER CONDITIONS
 THE FOLLOWING WEATHER WAS RECORDED YESTERDAY.
  NO SIGNIFICANT WEATHER WAS OBSERVED.


RELATIVE HUMIDITY (PERCENT)
 HIGHEST    MM
 LOWEST     MM
 AVERAGE    MM

..........................................................


THE NORTH LITTLE ROCK CLIMATE NORMALS FOR TODAY
                         NORMAL    RECORD    YEAR
 MAXIMUM TEMPERATURE (F)   51        81      2002
 MINIMUM TEMPERATURE (F)   33        21      1996
                                             1993


SUNRISE AND SUNSET
JANUARY 30 2015.......SUNRISE   709 AM CST   SUNSET   536 PM CST
JANUARY 31 2015.......SUNRISE   708 AM CST   SUNSET   537 PM CST


-  INDICATES NEGATIVE NUMBERS.
R  INDICATES RECORD WAS SET OR TIED.
MM INDICATES DATA IS MISSING.
T  INDICATES TRACE AMOUNT.




$$
