000
CDUS44 KLZK 040645
CLILZK


CLIMATE REPORT
NATIONAL WEATHER SERVICE LITTLE ROCK AR
144 AM CDT WED MAY 4 2016


...................................

...THE NORTH LITTLE ROCK CLIMATE SUMMARY FOR MAY 3 2016...

CLIMATE NORMAL PERIOD 1981 TO 2010
CLIMATE RECORD PERIOD 1975 TO 2016


WEATHER ITEM   OBSERVED TIME   RECORD YEAR NORMAL DEPARTURE LAST
                VALUE   (LST)  VALUE       VALUE  FROM      YEAR
                                                  NORMAL
..................................................................
TEMPERATURE (F)
 YESTERDAY
  MAXIMUM         69        MM  87    2001  77     -8       82
  MINIMUM         53        MM  39    2013  58     -5       58
  AVERAGE         61                        68     -7       70

PRECIPITATION (IN)
  YESTERDAY        0.00          1.83 1979   0.18  -0.18     0.00
  MONTH TO DATE    0.00                      0.54  -0.54     0.00
  SINCE MAR 1     20.45                     10.10  10.35    13.61
  SINCE JAN 1     25.51                     17.18   8.33    19.79

SNOWFALL (IN)
  YESTERDAY        0.0          MM      MM   0.0    0.0      0.0
  MONTH TO DATE    0.0                       0.0    0.0      0.0
  SINCE MAR 1      T                         0.4   -0.4      6.4
  SINCE JUL 1      7.2                       4.4    2.8     10.6
  SNOW DEPTH       0

DEGREE DAYS
 HEATING
  YESTERDAY        4                         2      2        0
  MONTH TO DATE    9                         6      3        3
  SINCE MAR 1    336                       502   -166      500
  SINCE JUL 1   2297                      2988   -691     3297

 COOLING
  YESTERDAY        0                         4     -4        5
  MONTH TO DATE    6                        12     -6        5
  SINCE MAR 1     83                        99    -16       80
  SINCE JAN 1     86                       101    -15       80
..................................................................


WIND (MPH)
  HIGHEST WIND SPEED     8   HIGHEST WIND DIRECTION     N (360)
  HIGHEST GUST SPEED    MM   HIGHEST GUST DIRECTION    MM
  AVERAGE WIND SPEED     3.2


SKY COVER
  POSSIBLE SUNSHINE  MM
  AVERAGE SKY COVER 0.0


WEATHER CONDITIONS
 THE FOLLOWING WEATHER WAS RECORDED YESTERDAY.
  NO SIGNIFICANT WEATHER WAS OBSERVED.


RELATIVE HUMIDITY (PERCENT)
 HIGHEST    89           400 AM
 LOWEST     45           300 PM
 AVERAGE    67

..........................................................


THE NORTH LITTLE ROCK CLIMATE NORMALS FOR TODAY
                         NORMAL    RECORD    YEAR
 MAXIMUM TEMPERATURE (F)   77        90      2014
                                             2012
 MINIMUM TEMPERATURE (F)   58        40      2013


SUNRISE AND SUNSET
MAY  4 2016...........SUNRISE   615 AM CDT   SUNSET   757 PM CDT
MAY  5 2016...........SUNRISE   614 AM CDT   SUNSET   758 PM CDT


-  INDICATES NEGATIVE NUMBERS.
R  INDICATES RECORD WAS SET OR TIED.
MM INDICATES DATA IS MISSING.
T  INDICATES TRACE AMOUNT.




$$
