000
CDUS44 KLZK 310912
CLILZK


CLIMATE REPORT
NATIONAL WEATHER SERVICE LITTLE ROCK AR
412 AM CDT FRI OCT 31 2014


...................................

...THE NORTH LITTLE ROCK CLIMATE SUMMARY FOR OCTOBER 30 2014...

CLIMATE NORMAL PERIOD 1981 TO 2010
CLIMATE RECORD PERIOD 1975 TO 2014


WEATHER ITEM   OBSERVED TIME   RECORD YEAR NORMAL DEPARTURE LAST
                VALUE   (LST)  VALUE       VALUE  FROM      YEAR
                                                  NORMAL
..................................................................
TEMPERATURE (F)
 YESTERDAY
  MAXIMUM         72        MM  83    2000  69      3       70
                                      1998
  MINIMUM         47        MM  31    1993  50     -3       63
  AVERAGE         60                        59      1       67

PRECIPITATION (IN)
  YESTERDAY        T             1.62 1985   0.16  -0.16     0.17
  MONTH TO DATE    5.25                      4.63   0.62     2.91
  SINCE SEP 1      6.32                      7.94  -1.62     5.17
  SINCE JAN 1     42.12                     39.46   2.66    39.39

SNOWFALL (IN)
  YESTERDAY        0.0           T    1993   0.0    0.0      0.0
  MONTH TO DATE    T                         0.0    0.0      0.0
  SINCE SEP 1      T                         0.0    0.0      0.0
  SINCE JUL 1      T                         0.0    0.0      0.0
  SNOW DEPTH       0

DEGREE DAYS
 HEATING
  YESTERDAY        5                         7     -2        0
  MONTH TO DATE   60                       115    -55      124
  SINCE SEP 1     67                       128    -61      124
  SINCE JUL 1     67                       128    -61      124

 COOLING
  YESTERDAY        0                         1     -1        2
  MONTH TO DATE   99                        82     17       81
  SINCE SEP 1    416                       379     37      474
  SINCE JAN 1   1931                      2156   -225     2110
..................................................................


WIND (MPH)
  HIGHEST WIND SPEED    MM   HIGHEST WIND DIRECTION    MM
  HIGHEST GUST SPEED    MM   HIGHEST GUST DIRECTION    MM
  AVERAGE WIND SPEED    MM


SKY COVER
  POSSIBLE SUNSHINE  MM
  AVERAGE SKY COVER  MM


WEATHER CONDITIONS
 THE FOLLOWING WEATHER WAS RECORDED YESTERDAY.
  LIGHT RAIN


RELATIVE HUMIDITY (PERCENT)
 HIGHEST    MM
 LOWEST     MM
 AVERAGE    MM

..........................................................


THE NORTH LITTLE ROCK CLIMATE NORMALS FOR TODAY
                         NORMAL    RECORD    YEAR
 MAXIMUM TEMPERATURE (F)   68        85      2000
 MINIMUM TEMPERATURE (F)   50        27      1993


SUNRISE AND SUNSET
OCTOBER 31 2014.......SUNRISE   729 AM CDT   SUNSET   616 PM CDT
NOVEMBER  1 2014......SUNRISE   730 AM CDT   SUNSET   615 PM CDT


-  INDICATES NEGATIVE NUMBERS.
R  INDICATES RECORD WAS SET OR TIED.
MM INDICATES DATA IS MISSING.
T  INDICATES TRACE AMOUNT.




$$
