000
CDUS44 KLZK 300903
CLILZK


CLIMATE REPORT
NATIONAL WEATHER SERVICE LITTLE ROCK AR
403 AM CDT TUE SEP 30 2014


...................................

...THE NORTH LITTLE ROCK CLIMATE SUMMARY FOR SEPTEMBER 29 2014...

CLIMATE NORMAL PERIOD 1981 TO 2010
CLIMATE RECORD PERIOD 1975 TO 2014


WEATHER ITEM   OBSERVED TIME   RECORD YEAR NORMAL DEPARTURE LAST
                VALUE   (LST)  VALUE       VALUE  FROM      YEAR
                                                  NORMAL
..................................................................
TEMPERATURE (F)
 YESTERDAY
  MAXIMUM         89        MM  93    1998  79     10       76
  MINIMUM         64        MM  48    1992  60      4       69
                                      1984
  AVERAGE         77                        69      8       73

PRECIPITATION (IN)
  YESTERDAY        0.00          2.91 1977   0.12  -0.12     0.19
  MONTH TO DATE    1.07                      3.20  -2.13     2.26
  SINCE SEP 1      1.07                      3.20  -2.13     2.26
  SINCE JAN 1     36.87                     34.72   2.15    36.48

SNOWFALL (IN)
  YESTERDAY        0.0          MM      MM   0.0    0.0      0.0
  MONTH TO DATE    0.0                       0.0    0.0      0.0
  SINCE SEP 1      0.0                       0.0    0.0      0.0
  SINCE JUL 1      0.0                       0.0    0.0      0.0
  SNOW DEPTH       0

DEGREE DAYS
 HEATING
  YESTERDAY        0                         1     -1        0
  MONTH TO DATE    7                        11     -4        0
  SINCE SEP 1      7                        11     -4        0
  SINCE JUL 1      7                        11     -4        0

 COOLING
  YESTERDAY       12                         6      6        8
  MONTH TO DATE  307                       292     15      384
  SINCE SEP 1    307                       292     15      384
  SINCE JAN 1   1822                      2069   -247     2020
..................................................................


WIND (MPH)
  HIGHEST WIND SPEED    MM   HIGHEST WIND DIRECTION    MM
  HIGHEST GUST SPEED    MM   HIGHEST GUST DIRECTION    MM
  AVERAGE WIND SPEED    MM


SKY COVER
  POSSIBLE SUNSHINE  MM
  AVERAGE SKY COVER  MM


WEATHER CONDITIONS
 THE FOLLOWING WEATHER WAS RECORDED YESTERDAY.
  NO SIGNIFICANT WEATHER WAS OBSERVED.


RELATIVE HUMIDITY (PERCENT)
 HIGHEST    MM
 LOWEST     MM
 AVERAGE    MM

..........................................................


THE NORTH LITTLE ROCK CLIMATE NORMALS FOR TODAY
                         NORMAL    RECORD    YEAR
 MAXIMUM TEMPERATURE (F)   79        95      1998
 MINIMUM TEMPERATURE (F)   59        44      1984


SUNRISE AND SUNSET
SEPTEMBER 30 2014.....SUNRISE   703 AM CDT   SUNSET   654 PM CDT
OCTOBER  1 2014.......SUNRISE   704 AM CDT   SUNSET   653 PM CDT


-  INDICATES NEGATIVE NUMBERS.
R  INDICATES RECORD WAS SET OR TIED.
MM INDICATES DATA IS MISSING.
T  INDICATES TRACE AMOUNT.




$$
