000
CDUS44 KLZK 290634
CLILZK


CLIMATE REPORT
NATIONAL WEATHER SERVICE LITTLE ROCK AR
131 AM CDT THU SEP 29 2016


...................................

...THE NORTH LITTLE ROCK CLIMATE SUMMARY FOR SEPTEMBER 28 2016...

CLIMATE NORMAL PERIOD 1981 TO 2010
CLIMATE RECORD PERIOD 1975 TO 2016


WEATHER ITEM   OBSERVED TIME   RECORD YEAR NORMAL DEPARTURE LAST
                VALUE   (LST)  VALUE       VALUE  FROM      YEAR
                                                  NORMAL
..................................................................
TEMPERATURE (F)
 YESTERDAY
  MAXIMUM         88        MM  94    1999  80      8       84
  MINIMUM         60    500 AM  50    1996  60      0       70
                                      1985
                                      1980
  AVERAGE         74                        70      4       77

PRECIPITATION (IN)
  YESTERDAY        0.00          1.35 1980   0.12  -0.12     0.00
  MONTH TO DATE    0.92                      3.08  -2.16     2.92
  SINCE SEP 1      0.92                      3.08  -2.16     2.92
  SINCE JAN 1     45.11                     34.60  10.51    41.22

SNOWFALL (IN)
  YESTERDAY        0.0          MM      MM   0.0    0.0      0.0
  MONTH TO DATE    0.0                       0.0    0.0      0.0
  SINCE SEP 1      0.0                       0.0    0.0      0.0
  SINCE JUL 1      T                         0.0    0.0      0.0
  SNOW DEPTH      MM

DEGREE DAYS
 HEATING
  YESTERDAY        0                         1     -1        0
  MONTH TO DATE    0                        10    -10        0
  SINCE SEP 1      0                        10    -10        0
  SINCE JUL 1      0                        10    -10        0

 COOLING
  YESTERDAY        9                         6      3       12
  MONTH TO DATE  373                       286     87      342
  SINCE SEP 1    373                       286     87      342
  SINCE JAN 1   2168                      2063    105     2192
..................................................................


WIND (MPH)
  HIGHEST WIND SPEED     9   HIGHEST WIND DIRECTION    NE (50)
  HIGHEST GUST SPEED    20   HIGHEST GUST DIRECTION     N (340)
  AVERAGE WIND SPEED     4.6


SKY COVER
  POSSIBLE SUNSHINE  MM
  AVERAGE SKY COVER 0.0


WEATHER CONDITIONS
 THE FOLLOWING WEATHER WAS RECORDED YESTERDAY.
  NO SIGNIFICANT WEATHER WAS OBSERVED.


RELATIVE HUMIDITY (PERCENT)
 HIGHEST    72           500 AM
 LOWEST     34           100 PM
 AVERAGE    53

..........................................................


THE NORTH LITTLE ROCK CLIMATE NORMALS FOR TODAY
                         NORMAL    RECORD    YEAR
 MAXIMUM TEMPERATURE (F)   79        93      1998
 MINIMUM TEMPERATURE (F)   60        48      1992
                                             1984


SUNRISE AND SUNSET
SEPTEMBER 29 2016.....SUNRISE   703 AM CDT   SUNSET   655 PM CDT
SEPTEMBER 30 2016.....SUNRISE   703 AM CDT   SUNSET   654 PM CDT


-  INDICATES NEGATIVE NUMBERS.
R  INDICATES RECORD WAS SET OR TIED.
MM INDICATES DATA IS MISSING.
T  INDICATES TRACE AMOUNT.




$$
