000
CDUS46 KHNX 230028
CLIMAE


CLIMATE REPORT
NATIONAL WEATHER SERVICE SAN JOAQUIN VALLEY, CA
527 PM PDT TUE APR 22 2014


...................................

...THE MADERA CA CLIMATE SUMMARY FOR APRIL 22 2014...
VALID AS OF 0500 PM LOCAL TIME.

CLIMATE NORMAL PERIOD 1981 TO 2010
CLIMATE RECORD PERIOD 1998 TO 2014


WEATHER ITEM   OBSERVED TIME   RECORD YEAR NORMAL DEPARTURE LAST
                VALUE   (LST)  VALUE       VALUE  FROM      YEAR
                                                  NORMAL
..................................................................
TEMPERATURE (F)
 TODAY
  MAXIMUM         70    359 PM  97    2009  77     -7       89
  MINIMUM         55    723 AM  35    2008  46      9       49
  AVERAGE         63                        61      2       69

PRECIPITATION (IN)
  TODAY            0.00          0.17 2007   0.04  -0.04     0.00
  MONTH TO DATE    0.02                      0.72  -0.70     0.57
  SINCE JUL 1      4.04                     11.12  -7.08     8.16
  SINCE JAN 1      3.07                      7.10  -4.03     3.46

SNOWFALL (IN)
  TODAY            0.0
  MONTH TO DATE    0.0
  SINCE MAR 1      0.0
  SINCE JUL 1      0.0
  SNOW DEPTH       0

DEGREE DAYS
 HEATING
  TODAY            2                                         0
  MONTH TO DATE   68                                        89
  SINCE MAR 1    258                                       287
  SINCE JUL 1   2085                                      2290

 COOLING
  TODAY            0                                         4
  MONTH TO DATE   47                                         7
  SINCE MAR 1     47                                         9
  SINCE JAN 1     47                                         9
..................................................................


WIND (MPH)
  HIGHEST WIND SPEED    20   HIGHEST WIND DIRECTION     N (340)
  HIGHEST GUST SPEED    32   HIGHEST GUST DIRECTION    NW (320)
  AVERAGE WIND SPEED    13.3




RELATIVE HUMIDITY (PERCENT)
 HIGHEST    72
 LOWEST     23
 AVERAGE    48

..........................................................


THE MADERA CA CLIMATE NORMALS FOR TOMORROW
                         NORMAL    RECORD    YEAR
 MAXIMUM TEMPERATURE (F)   77        88      2002
 MINIMUM TEMPERATURE (F)   46        39      1999


SUNRISE AND SUNSET
APRIL 22 2014.........SUNRISE   617 AM PDT   SUNSET   742 PM PDT
APRIL 23 2014.........SUNRISE   616 AM PDT   SUNSET   742 PM PDT


-  INDICATES NEGATIVE NUMBERS.
R  INDICATES RECORD WAS SET OR TIED.
MM INDICATES DATA IS MISSING.
T  INDICATES TRACE AMOUNT.




$$
