000
CDUS46 KHNX 130027
CLIMAE


CLIMATE REPORT
NATIONAL WEATHER SERVICE SAN JOAQUIN VALLEY, CA
425 PM PST FRI FEB 12 2016


...................................

...THE MADERA CA CLIMATE SUMMARY FOR FEBRUARY 12 2016...
VALID TODAY AS OF 0400 PM LOCAL TIME.

CLIMATE NORMAL PERIOD 1981 TO 2010
CLIMATE RECORD PERIOD 1998 TO 2016


WEATHER ITEM   OBSERVED TIME   RECORD YEAR NORMAL DEPARTURE LAST
                VALUE   (LST)  VALUE       VALUE  FROM      YEAR
                                                  NORMAL
..................................................................
TEMPERATURE (F)
 TODAY
  MAXIMUM         70    324 PM  74    2011  61      9       72
  MINIMUM         41    638 AM  30      MM  40      1       41
  AVERAGE         56                        50      6       57

PRECIPITATION (IN)
  TODAY            0.00          0.27 2000   0.08  -0.08     0.00
  MONTH TO DATE    T                         0.79  -0.79     0.45
  SINCE OCT 1      8.19                      6.97   1.22     4.16
  SINCE JAN 1      3.63                      3.24   0.39     0.48

SNOWFALL (IN)
  TODAY            0.0
  MONTH TO DATE    0.0
  SINCE DEC 1      0.0
  SINCE JUL 1      0.0
  SNOW DEPTH       0

DEGREE DAYS
 HEATING
  TODAY            9                                         8
  MONTH TO DATE  159                                        83
  SINCE DEC 1   1187                                       960
  SINCE JUL 1   1598                                      1276

 COOLING
  TODAY            0                                         0
  MONTH TO DATE    0                                         2
  SINCE DEC 1      0                                         3
  SINCE JAN 1      0                                         2
..................................................................


WIND (MPH)
  HIGHEST WIND SPEED    10   HIGHEST WIND DIRECTION    NW (310)
  HIGHEST GUST SPEED    13   HIGHEST GUST DIRECTION     W (280)
  AVERAGE WIND SPEED     2.4




RELATIVE HUMIDITY (PERCENT)
 HIGHEST   100
 LOWEST     51
 AVERAGE    76

..........................................................


THE MADERA CA CLIMATE NORMALS FOR TOMORROW
                         NORMAL    RECORD    YEAR
 MAXIMUM TEMPERATURE (F)   61        75      2015
 MINIMUM TEMPERATURE (F)   40        32      2013


SUNRISE AND SUNSET
FEBRUARY 12 2016......SUNRISE   653 AM PST   SUNSET   537 PM PST
FEBRUARY 13 2016......SUNRISE   652 AM PST   SUNSET   538 PM PST


-  INDICATES NEGATIVE NUMBERS.
R  INDICATES RECORD WAS SET OR TIED.
MM INDICATES DATA IS MISSING.
T  INDICATES TRACE AMOUNT.




$$
