000
CDUS46 KHNX 230022
CLIMAE


CLIMATE REPORT
NATIONAL WEATHER SERVICE SAN JOAQUIN VALLEY, CA
520 PM PDT MON SEP 22 2014


...................................

...THE MADERA CA CLIMATE SUMMARY FOR SEPTEMBER 22 2014...
VALID AS OF 0500 PM LOCAL TIME.

CLIMATE NORMAL PERIOD 1981 TO 2010
CLIMATE RECORD PERIOD 1998 TO 2014


WEATHER ITEM   OBSERVED TIME   RECORD YEAR NORMAL DEPARTURE LAST
                VALUE   (LST)  VALUE       VALUE  FROM      YEAR
                                                  NORMAL
..................................................................
TEMPERATURE (F)
 TODAY
  MAXIMUM         90    359 PM 102    2003  88      2       75
  MINIMUM         58    615 AM  49    2004  55      3       52
  AVERAGE         74                        71      3       64

PRECIPITATION (IN)
  TODAY            0.00          0.12 2007   0.01  -0.01     0.01
  MONTH TO DATE    T                         0.16  -0.16     0.27
  SINCE JUL 1      T                         0.20  -0.20     0.28
  SINCE JAN 1      3.61                      8.20  -4.59     3.80

SNOWFALL (IN)
  TODAY            0.0
  MONTH TO DATE    0.0
  SINCE SEP 1      0.0
  SINCE JUL 1      0.0
  SNOW DEPTH       0

DEGREE DAYS
 HEATING
  TODAY            0                                         1
  MONTH TO DATE    0                                         1
  SINCE SEP 1      0                                         1
  SINCE JUL 1      0                                         1

 COOLING
  TODAY            9                                         0
  MONTH TO DATE  300                                       221
  SINCE SEP 1    300                                       221
  SINCE JAN 1   2786                                      1663
..................................................................


WIND (MPH)
  HIGHEST WIND SPEED    10   HIGHEST WIND DIRECTION    NW (310)
  HIGHEST GUST SPEED    13   HIGHEST GUST DIRECTION    NW (310)
  AVERAGE WIND SPEED     5.2




RELATIVE HUMIDITY (PERCENT)
 HIGHEST    93
 LOWEST     29
 AVERAGE    61

..........................................................


THE MADERA CA CLIMATE NORMALS FOR TOMORROW
                         NORMAL    RECORD    YEAR
 MAXIMUM TEMPERATURE (F)   88       101      2003
 MINIMUM TEMPERATURE (F)   54        49      2010


SUNRISE AND SUNSET
SEPTEMBER 22 2014.....SUNRISE   648 AM PDT   SUNSET   657 PM PDT
SEPTEMBER 23 2014.....SUNRISE   649 AM PDT   SUNSET   656 PM PDT


-  INDICATES NEGATIVE NUMBERS.
R  INDICATES RECORD WAS SET OR TIED.
MM INDICATES DATA IS MISSING.
T  INDICATES TRACE AMOUNT.




$$
