000
CDUS46 KHNX 240024
CLIMAE


CLIMATE REPORT
NATIONAL WEATHER SERVICE SAN JOAQUIN VALLEY, CA
523 PM PDT MON OCT 23 2017


...................................

...THE MADERA CA CLIMATE SUMMARY FOR OCTOBER 23 2017...
VALID AS OF 0400 PM LOCAL TIME.

CLIMATE NORMAL PERIOD 1981 TO 2010
CLIMATE RECORD PERIOD 1998 TO 2017


WEATHER ITEM   OBSERVED TIME   RECORD YEAR NORMAL DEPARTURE LAST
                VALUE   (LST)  VALUE       VALUE  FROM      YEAR
                                                  NORMAL
..................................................................
TEMPERATURE (F)
 TODAY
  MAXIMUM         79    358 PM  86    2016  76      3       86
                                      2015
  MINIMUM         48    600 AM  42    2012  47      1       52
  AVERAGE         64                        62      2       69

PRECIPITATION (IN)
  TODAY            0.00          T    2004   0.03  -0.03      T
                                      2004
                                      2016
  MONTH TO DATE    0.08                      0.45  -0.37     0.04
  SINCE OCT 1      0.08                      0.45  -0.37     0.04
  SINCE JAN 1     10.27                      8.74   1.53     8.44

SNOWFALL (IN)
  TODAY            0.0
  MONTH TO DATE    0.0
  SINCE SEP 1      0.0
  SINCE JUL 1      0.0
  SNOW DEPTH       0

DEGREE DAYS
 HEATING
  TODAY            1                                         0
  MONTH TO DATE   69                                        38
  SINCE SEP 1     74                                        41
  SINCE JUL 1     74                                        41

 COOLING
  TODAY            0                                         4
  MONTH TO DATE    9                                        38
  SINCE SEP 1    333                                       310
  SINCE JAN 1   2004                                      1805
..................................................................


WIND (MPH)
  HIGHEST WIND SPEED     8   HIGHEST WIND DIRECTION    SE (140)
  HIGHEST GUST SPEED    10   HIGHEST GUST DIRECTION    SE (130)
  AVERAGE WIND SPEED     3.8




RELATIVE HUMIDITY (PERCENT)
 HIGHEST    86
 LOWEST     35
 AVERAGE    61

..........................................................


THE MADERA CA CLIMATE NORMALS FOR TOMORROW
                         NORMAL    RECORD    YEAR
 MAXIMUM TEMPERATURE (F)   76        91      2007
 MINIMUM TEMPERATURE (F)   47        41      2012
                                             2002


SUNRISE AND SUNSET
OCTOBER 23 2017.......SUNRISE   716 AM PDT   SUNSET   613 PM PDT
OCTOBER 24 2017.......SUNRISE   717 AM PDT   SUNSET   612 PM PDT


-  INDICATES NEGATIVE NUMBERS.
R  INDICATES RECORD WAS SET OR TIED.
MM INDICATES DATA IS MISSING.
T  INDICATES TRACE AMOUNT.




$$
