000
CDUS46 KHNX 230826
CLIMAE


CLIMATE REPORT
NATIONAL WEATHER SERVICE SAN JOAQUIN VALLEY, CA
1224 AM PST THU FEB 23 2017


...................................

...THE MADERA CA AIRPORT CLIMATE SUMMARY FOR FEBRUARY 22 2017...

CLIMATE NORMAL PERIOD 1981 TO 2010
CLIMATE RECORD PERIOD 1998 TO 2017


WEATHER ITEM   OBSERVED TIME   RECORD YEAR NORMAL DEPARTURE
                VALUE   (LST)  VALUE       VALUE  FROM
                                                  NORMAL
...............................................................
TEMPERATURE (F)
 YESTERDAY
  MAXIMUM         57    329 PM  76    2002  63     -6
  MINIMUM         39   1157 PM  32    2006  41     -2
  AVERAGE         48                        52     -4

PRECIPITATION (IN)
  YESTERDAY        0.01          0.52 2007   0.09  -0.08
  MONTH TO DATE    3.85                      1.61   2.24
  SINCE OCT 1     13.09                      7.79   5.30
  SINCE JAN 1      9.02                      4.06   4.96

SNOWFALL (IN)
  YESTERDAY       MM
  MONTH TO DATE    0.0
  SINCE DEC 1      0.0
  SINCE JUL 1      0.0
  SNOW DEPTH       0

DEGREE DAYS
 HEATING
  YESTERDAY       17
  MONTH TO DATE  195
  SINCE DEC 1   1258
  SINCE JUL 1   1566

 COOLING
  YESTERDAY        0
  MONTH TO DATE    0
  SINCE DEC 1      0
  SINCE JAN 1      0
...............................................................


WIND (MPH)
  HIGHEST WIND SPEED    21   HIGHEST WIND DIRECTION    NW (320)
  HIGHEST GUST SPEED    27   HIGHEST GUST DIRECTION    NW (330)
  AVERAGE WIND SPEED    10.2




RELATIVE HUMIDITY (PERCENT)
 HIGHEST    96
 LOWEST     47
 AVERAGE    72

..........................................................


THE MADERA CA AIRPORT CLIMATE NORMALS FOR TODAY
                         NORMAL    RECORD    YEAR
 MAXIMUM TEMPERATURE (F)   63        75      2014
 MINIMUM TEMPERATURE (F)   41        32      2011
                                             2006


SUNRISE AND SUNSET
FEBRUARY 23 2017......SUNRISE   639 AM PST   SUNSET   549 PM PST
FEBRUARY 24 2017......SUNRISE   637 AM PST   SUNSET   550 PM PST


-  INDICATES NEGATIVE NUMBERS.
R  INDICATES RECORD WAS SET OR TIED.
MM INDICATES DATA IS MISSING.
T  INDICATES TRACE AMOUNT.




$$
