000
CDUS46 KHNX 020825
CLIMAE


CLIMATE REPORT
NATIONAL WEATHER SERVICE SAN JOAQUIN VALLEY, CA
125 AM PDT SUN AUG 2 2015


...................................

...THE MADERA CA AIRPORT CLIMATE SUMMARY FOR AUGUST 1 2015...

CLIMATE NORMAL PERIOD 1981 TO 2010
CLIMATE RECORD PERIOD 1998 TO 2015


WEATHER ITEM   OBSERVED TIME   RECORD YEAR NORMAL DEPARTURE
                VALUE   (LST)  VALUE       VALUE  FROM
                                                  NORMAL
...............................................................
TEMPERATURE (F)
 YESTERDAY
  MAXIMUM         99    422 PM 107    2014  97      2
  MINIMUM         66    551 AM  54    1999  60      6
  AVERAGE         83                        78      5

PRECIPITATION (IN)
  YESTERDAY        0.00          0.00   MM   0.00   0.00
  MONTH TO DATE    0.00                      0.00   0.00
  SINCE OCT 1      5.82                     11.75  -5.93
  SINCE JAN 1      2.14                      8.02  -5.88

SNOWFALL (IN)
  YESTERDAY        0.0
  MONTH TO DATE    0.0
  SINCE JUN 1      0.0
  SINCE JUL 1      0.0
  SNOW DEPTH       0

DEGREE DAYS
 HEATING
  YESTERDAY        0
  MONTH TO DATE    0
  SINCE JUN 1      0
  SINCE JUL 1      0

 COOLING
  YESTERDAY       18
  MONTH TO DATE   18
  SINCE JUN 1    934
  SINCE JAN 1   1115
...............................................................


WIND (MPH)
  HIGHEST WIND SPEED    15   HIGHEST WIND DIRECTION     N (360)
  HIGHEST GUST SPEED    18   HIGHEST GUST DIRECTION     N (340)
  AVERAGE WIND SPEED     6.6




RELATIVE HUMIDITY (PERCENT)
 HIGHEST    68
 LOWEST     16
 AVERAGE    42

..........................................................


THE MADERA CA AIRPORT CLIMATE NORMALS FOR TODAY
                         NORMAL    RECORD    YEAR
 MAXIMUM TEMPERATURE (F)   97       105      2014
                                             2000
 MINIMUM TEMPERATURE (F)   60        53      2013


SUNRISE AND SUNSET
AUGUST  2 2015........SUNRISE   606 AM PDT   SUNSET   807 PM PDT
AUGUST  3 2015........SUNRISE   607 AM PDT   SUNSET   806 PM PDT


-  INDICATES NEGATIVE NUMBERS.
R  INDICATES RECORD WAS SET OR TIED.
MM INDICATES DATA IS MISSING.
T  INDICATES TRACE AMOUNT.




$$
