450
CDUS46 KHNX 230822
CLIMAE


CLIMATE REPORT
NATIONAL WEATHER SERVICE SAN JOAQUIN VALLEY, CA
122 AM PDT TUE MAY 23 2017


...................................

...THE MADERA CA AIRPORT CLIMATE SUMMARY FOR MAY 22 2017...

CLIMATE NORMAL PERIOD 1981 TO 2010
CLIMATE RECORD PERIOD 1998 TO 2017


WEATHER ITEM   OBSERVED TIME   RECORD YEAR NORMAL DEPARTURE
                VALUE   (LST)  VALUE       VALUE  FROM
                                                  NORMAL
...............................................................
TEMPERATURE (F)
 YESTERDAY
  MAXIMUM        100        MM 104    2000  85     15
  MINIMUM         58        MM  43    2010  52      6
  AVERAGE         79                        69     10

PRECIPITATION (IN)
  YESTERDAY        0.00          0.08 2006   0.00   0.00
  MONTH TO DATE    T                         0.43  -0.43
  SINCE OCT 1     14.17                     11.49   2.68
  SINCE JAN 1     10.10                      7.76   2.34

SNOWFALL (IN)
  YESTERDAY        0.0
  MONTH TO DATE    0.0
  SINCE MAR 1      0.0
  SINCE JUL 1      0.0
  SNOW DEPTH       0

DEGREE DAYS
 HEATING
  YESTERDAY        0
  MONTH TO DATE   24
  SINCE MAR 1    388
  SINCE JUL 1   2067

 COOLING
  YESTERDAY       14
  MONTH TO DATE  111
  SINCE MAR 1    124
  SINCE JAN 1    124
...............................................................


WIND (MPH)
  HIGHEST WIND SPEED    10   HIGHEST WIND DIRECTION     N (340)
  HIGHEST GUST SPEED    MM   HIGHEST GUST DIRECTION    MM
  AVERAGE WIND SPEED     5.5




RELATIVE HUMIDITY (PERCENT)
 HIGHEST    80
 LOWEST     15
 AVERAGE    48

..........................................................


THE MADERA CA AIRPORT CLIMATE NORMALS FOR TODAY
                         NORMAL    RECORD    YEAR
 MAXIMUM TEMPERATURE (F)   85       100      2001
 MINIMUM TEMPERATURE (F)   52        43      2013
                                             2010


SUNRISE AND SUNSET
MAY 23 2017...........SUNRISE   547 AM PDT   SUNSET   808 PM PDT
MAY 24 2017...........SUNRISE   546 AM PDT   SUNSET   809 PM PDT


-  INDICATES NEGATIVE NUMBERS.
R  INDICATES RECORD WAS SET OR TIED.
MM INDICATES DATA IS MISSING.
T  INDICATES TRACE AMOUNT.




$$
