000
CDUS46 KHNX 270027
CLIMAE


CLIMATE REPORT
NATIONAL WEATHER SERVICE SAN JOAQUIN VALLEY, CA
524 PM PDT THU MAY 26 2016


...................................

...THE MADERA CA CLIMATE SUMMARY FOR MAY 26 2016...
VALID AS OF 0400 PM LOCAL TIME.

CLIMATE NORMAL PERIOD 1981 TO 2010
CLIMATE RECORD PERIOD 1998 TO 2016


WEATHER ITEM   OBSERVED TIME   RECORD YEAR NORMAL DEPARTURE LAST
                VALUE   (LST)  VALUE       VALUE  FROM      YEAR
                                                  NORMAL
..................................................................
TEMPERATURE (F)
 TODAY
  MAXIMUM         83    359 PM  96    2014  86     -3       86
                                      2005
  MINIMUM         52    435 AM  46    2011  53     -1       54
  AVERAGE         68                        69     -1       70

PRECIPITATION (IN)
  TODAY            0.00          T    2008   0.00   0.00     0.00
  MONTH TO DATE    T                         0.45  -0.45     0.45
  SINCE OCT 1     12.96                     11.51   1.45     5.71
  SINCE JAN 1      8.40                      7.78   0.62     2.03

SNOWFALL (IN)
  TODAY            0.0
  MONTH TO DATE    0.0
  SINCE MAR 1      0.0
  SINCE JUL 1      0.0
  SNOW DEPTH       0

DEGREE DAYS
 HEATING
  TODAY            0                                         0
  MONTH TO DATE   19                                        27
  SINCE MAR 1    328                                       276
  SINCE JUL 1   2072                                      1726

 COOLING
  TODAY            3                                         5
  MONTH TO DATE  108                                        56
  SINCE MAR 1    140                                       132
  SINCE JAN 1    140                                       134
..................................................................


WIND (MPH)
  HIGHEST WIND SPEED    14   HIGHEST WIND DIRECTION     W (270)
  HIGHEST GUST SPEED    18   HIGHEST GUST DIRECTION    NW (310)
  AVERAGE WIND SPEED     6.6




RELATIVE HUMIDITY (PERCENT)
 HIGHEST    83
 LOWEST     33
 AVERAGE    58

..........................................................


THE MADERA CA CLIMATE NORMALS FOR TOMORROW
                         NORMAL    RECORD    YEAR
 MAXIMUM TEMPERATURE (F)   86        97      2009
 MINIMUM TEMPERATURE (F)   53        46      2011


SUNRISE AND SUNSET
MAY 26 2016...........SUNRISE   545 AM PDT   SUNSET   811 PM PDT
MAY 27 2016...........SUNRISE   544 AM PDT   SUNSET   812 PM PDT


-  INDICATES NEGATIVE NUMBERS.
R  INDICATES RECORD WAS SET OR TIED.
MM INDICATES DATA IS MISSING.
T  INDICATES TRACE AMOUNT.




$$
