000
CDUS46 KHNX 230825
CLIMAE


CLIMATE REPORT
NATIONAL WEATHER SERVICE SAN JOAQUIN VALLEY, CA
124 AM PDT FRI JUN 23 2017


...................................

...THE MADERA CA AIRPORT CLIMATE SUMMARY FOR JUNE 22 2017...

CLIMATE NORMAL PERIOD 1981 TO 2010
CLIMATE RECORD PERIOD 1998 TO 2017


WEATHER ITEM   OBSERVED TIME   RECORD YEAR NORMAL DEPARTURE
                VALUE   (LST)  VALUE       VALUE  FROM
                                                  NORMAL
...............................................................
TEMPERATURE (F)
 YESTERDAY
  MAXIMUM        108R       MM 105    2001  93     15
  MINIMUM         75        MM  51    2012  59     16
                                      2003
  AVERAGE         92                        76     16

PRECIPITATION (IN)
  YESTERDAY        0.00          0.00   MM   0.00   0.00
  MONTH TO DATE    0.00                      0.17  -0.17
  SINCE OCT 1     14.18                     11.71   2.47
  SINCE JAN 1     10.11                      7.98   2.13

SNOWFALL (IN)
  YESTERDAY        0.0
  MONTH TO DATE    0.0
  SINCE JUN 1      0.0
  SINCE JUL 1      0.0
  SNOW DEPTH       0

DEGREE DAYS
 HEATING
  YESTERDAY        0
  MONTH TO DATE    6
  SINCE JUN 1      6
  SINCE JUL 1   2074

 COOLING
  YESTERDAY       27
  MONTH TO DATE  268
  SINCE JUN 1    268
  SINCE JAN 1    453
...............................................................


WIND (MPH)
  HIGHEST WIND SPEED    10   HIGHEST WIND DIRECTION     W (290)
  HIGHEST GUST SPEED    MM   HIGHEST GUST DIRECTION    MM
  AVERAGE WIND SPEED     7.0




RELATIVE HUMIDITY (PERCENT)
 HIGHEST    87
 LOWEST     20
 AVERAGE    54

..........................................................


THE MADERA CA AIRPORT CLIMATE NORMALS FOR TODAY
                         NORMAL    RECORD    YEAR
 MAXIMUM TEMPERATURE (F)   93       105      2006
 MINIMUM TEMPERATURE (F)   59        50      2003


SUNRISE AND SUNSET
JUNE 23 2017..........SUNRISE   542 AM PDT   SUNSET   824 PM PDT
JUNE 24 2017..........SUNRISE   542 AM PDT   SUNSET   824 PM PDT


-  INDICATES NEGATIVE NUMBERS.
R  INDICATES RECORD WAS SET OR TIED.
MM INDICATES DATA IS MISSING.
T  INDICATES TRACE AMOUNT.




$$
