000
CDUS44 KMAF 290731
CLIMAF


CLIMATE REPORT
NATIONAL WEATHER SERVICE MIDLAND/ODESSA TX
230 AM CDT TUE JUL 29 2014


...................................

...THE MIDLAND CLIMATE SUMMARY FOR JULY 28 2014...

CLIMATE NORMAL PERIOD 1981 TO 2010
CLIMATE RECORD PERIOD 1930 TO 2014


WEATHER ITEM   OBSERVED TIME   RECORD YEAR NORMAL DEPARTURE LAST
                VALUE   (LST)  VALUE       VALUE  FROM      YEAR
                                                  NORMAL
..................................................................
TEMPERATURE (F)
 YESTERDAY
  MAXIMUM         97    320 PM 106    1944  95      2       96
  MINIMUM         75    624 AM  61    1933  70      5       68
  AVERAGE         86                        82      4       82

PRECIPITATION (IN)
  YESTERDAY        0.00          1.48 2006   0.06  -0.06     0.00
  MONTH TO DATE    0.28                      1.65  -1.37     0.98
  SINCE JUN 1      0.76                      3.45  -2.69     1.83
  SINCE JAN 1      3.92                      7.71  -3.79     3.39

DEGREE DAYS
 COOLING
  YESTERDAY       21                        17      4       17
  MONTH TO DATE  522                       476     46      449
  SINCE JUN 1   1070                       937    133     1013
  SINCE JAN 1   1546                      1326    220     1501
..................................................................


WIND (MPH)
  HIGHEST WIND SPEED    28   HIGHEST WIND DIRECTION     E (70)
  HIGHEST GUST SPEED    36   HIGHEST GUST DIRECTION    NE (50)
  AVERAGE WIND SPEED    11.0


SKY COVER
  POSSIBLE SUNSHINE  MM
  AVERAGE SKY COVER 0.1


WEATHER CONDITIONS
 THE FOLLOWING WEATHER WAS RECORDED YESTERDAY.
  HAZE
  SANDSTORM


RELATIVE HUMIDITY (PERCENT)
 HIGHEST    55          1000 PM
 LOWEST     30           100 PM
 AVERAGE    43

..........................................................


THE MIDLAND CLIMATE NORMALS FOR TODAY
                         NORMAL    RECORD    YEAR
 MAXIMUM TEMPERATURE (F)   95       105      1995
                                             1960
 MINIMUM TEMPERATURE (F)   70        63      1988
                                             1987


SUNRISE AND SUNSET
JULY 29 2014..........SUNRISE   702 AM CDT   SUNSET   848 PM CDT
JULY 30 2014..........SUNRISE   703 AM CDT   SUNSET   847 PM CDT


-  INDICATES NEGATIVE NUMBERS.
R  INDICATES RECORD WAS SET OR TIED.
MM INDICATES DATA IS MISSING.
T  INDICATES TRACE AMOUNT.




$$
