000
CDUS44 KMAF 282122
CLIMAF


CLIMATE REPORT
NATIONAL WEATHER SERVICE MIDLAND TX
422 PM CDT TUE JUL 28 2015


...................................

...THE MIDLAND CLIMATE SUMMARY FOR JULY 28 2015...
VALID TODAY AS OF 0400 PM LOCAL TIME.

CLIMATE NORMAL PERIOD 1981 TO 2010
CLIMATE RECORD PERIOD 1930 TO 2015


WEATHER ITEM   OBSERVED TIME   RECORD YEAR NORMAL DEPARTURE LAST
                VALUE   (LST)  VALUE       VALUE  FROM      YEAR
                                                  NORMAL
..................................................................
TEMPERATURE (F)
 TODAY
  MAXIMUM        101    319 PM 106    1944  95      6       97
  MINIMUM         78    652 AM  61    1933  70      8       75
  AVERAGE         90                        82      8       86

PRECIPITATION (IN)
  TODAY            0.00          1.48 2006   0.06  -0.06     0.00
  MONTH TO DATE    0.52                      1.65  -1.13     0.28
  SINCE JUN 1      3.81                      3.45   0.36     0.76
  SINCE JAN 1     12.80                      7.71   5.09     3.92

DEGREE DAYS
 COOLING
  TODAY           25                        17      8       21
  MONTH TO DATE  555                       476     79      522
  SINCE JUN 1   1004                       937     67     1059
  SINCE JAN 1   1362                      1326     36     1535
..................................................................


WIND (MPH)
  HIGHEST WIND SPEED    18   HIGHEST WIND DIRECTION     S (170)
  HIGHEST GUST SPEED    20   HIGHEST GUST DIRECTION     S (170)
  AVERAGE WIND SPEED    10.9


SKY COVER
  POSSIBLE SUNSHINE  MM
  AVERAGE SKY COVER 0.0


WEATHER CONDITIONS
 THE FOLLOWING WEATHER WAS RECORDED TODAY.
  NO SIGNIFICANT WEATHER WAS OBSERVED.


RELATIVE HUMIDITY (PERCENT)
 HIGHEST    63           900 AM
 LOWEST     26           300 PM
 AVERAGE    45

..........................................................


THE MIDLAND CLIMATE NORMALS FOR TOMORROW
                         NORMAL    RECORD    YEAR
 MAXIMUM TEMPERATURE (F)   95       105      1995
                                             1960
 MINIMUM TEMPERATURE (F)   70        63      1988
                                             1987


SUNRISE AND SUNSET
JULY 28 2015..........SUNRISE   701 AM CDT   SUNSET   849 PM CDT
JULY 29 2015..........SUNRISE   702 AM CDT   SUNSET   848 PM CDT


-  INDICATES NEGATIVE NUMBERS.
R  INDICATES RECORD WAS SET OR TIED.
MM INDICATES DATA IS MISSING.
T  INDICATES TRACE AMOUNT.




$$
