000
CDUS44 KMAF 200731
CLIMAF


CLIMATE REPORT
NATIONAL WEATHER SERVICE MIDLAND TX
231 AM CDT FRI OCT 20 2017


...................................

...THE MIDLAND CLIMATE SUMMARY FOR OCTOBER 19 2017...

CLIMATE NORMAL PERIOD 1981 TO 2010
CLIMATE RECORD PERIOD 1930 TO 2017


WEATHER ITEM   OBSERVED TIME   RECORD YEAR NORMAL DEPARTURE LAST
                VALUE   (LST)  VALUE       VALUE  FROM      YEAR
                                                  NORMAL
..................................................................
TEMPERATURE (F)
 YESTERDAY
  MAXIMUM         77    232 PM  93    2016  77      0       93
  MINIMUM         56    643 AM  27    1989  51      5       53
  AVERAGE         67                        64      3       73

PRECIPITATION (IN)
  YESTERDAY        0.00          2.77 1983   0.06  -0.06     0.00
  MONTH TO DATE    0.09                      1.22  -1.13     0.31
  SINCE SEP 1      4.16                      3.08   1.08     2.42
  SINCE JAN 1     16.90                     12.80   4.10    12.76

SNOWFALL (IN)
  YESTERDAY        0.0
  MONTH TO DATE    0.0
  SINCE SEP 1      0.0
  SINCE JUL 1      0.0
  SNOW DEPTH       0

DEGREE DAYS
 HEATING
  YESTERDAY        0                         3     -3        0
  MONTH TO DATE   20                        40    -20        6
  SINCE SEP 1     27                        51    -24        7
  SINCE JUL 1     27                        51    -24        7

 COOLING
  YESTERDAY        2                         2      0        8
  MONTH TO DATE  132                        77     55      174
  SINCE SEP 1    514                       372    142      543
  SINCE JAN 1   2761                      2256    505     2775
..................................................................


WIND (MPH)
  HIGHEST WIND SPEED    21   HIGHEST WIND DIRECTION     S (170)
  HIGHEST GUST SPEED    26   HIGHEST GUST DIRECTION    SE (150)
  AVERAGE WIND SPEED    11.0


SKY COVER
  POSSIBLE SUNSHINE  MM
  AVERAGE SKY COVER 0.2


WEATHER CONDITIONS
 THE FOLLOWING WEATHER WAS RECORDED YESTERDAY.
  NO SIGNIFICANT WEATHER WAS OBSERVED.


RELATIVE HUMIDITY (PERCENT)
 HIGHEST    67           400 AM
 LOWEST     43           200 PM
 AVERAGE    55

..........................................................


THE MIDLAND CLIMATE NORMALS FOR TODAY
                         NORMAL    RECORD    YEAR
 MAXIMUM TEMPERATURE (F)   77        94      2007
 MINIMUM TEMPERATURE (F)   51        35      1976


SUNRISE AND SUNSET
OCTOBER 20 2017.......SUNRISE   756 AM CDT   SUNSET   710 PM CDT
OCTOBER 21 2017.......SUNRISE   757 AM CDT   SUNSET   709 PM CDT


-  INDICATES NEGATIVE NUMBERS.
R  INDICATES RECORD WAS SET OR TIED.
MM INDICATES DATA IS MISSING.
T  INDICATES TRACE AMOUNT.




$$
