000
CDUS44 KMAF 080831
CLIMAF

CLIMATE REPORT
NATIONAL WEATHER SERVICE MIDLAND TX
230 AM CST THU DEC 8 2016

...................................

...THE MIDLAND CLIMATE SUMMARY FOR DECEMBER 7 2016...

CLIMATE NORMAL PERIOD 1981 TO 2010
CLIMATE RECORD PERIOD 1930 TO 2016

WEATHER ITEM   OBSERVED TIME   RECORD YEAR NORMAL DEPARTURE LAST
                VALUE   (LST)  VALUE       VALUE  FROM      YEAR
                                                  NORMAL
..................................................................
TEMPERATURE (F)
 YESTERDAY
  MAXIMUM         49    237 PM  79    1966  59    -10       66
  MINIMUM         35    150 AM  13    2005  32      3       35
  AVERAGE         42                        46     -4       51

PRECIPITATION (IN)
  YESTERDAY        0.00          0.50 1980   0.02  -0.02     0.00
  MONTH TO DATE    0.33                      0.14   0.19     0.00
  SINCE DEC 1      0.33                      0.14   0.19     0.00
  SINCE JAN 1     15.10                     14.14   0.96    21.39

SNOWFALL (IN)
  YESTERDAY        0.0
  MONTH TO DATE    0.0
  SINCE DEC 1      0.0
  SINCE JUL 1      0.0
  SNOW DEPTH       0

DEGREE DAYS
 HEATING
  YESTERDAY       23                        19      4       14
  MONTH TO DATE  133                       131      2      117
  SINCE DEC 1    133                       131      2      117
  SINCE JUL 1    344                       610   -266      469
..................................................................

WIND (MPH)
  HIGHEST WIND SPEED    28   HIGHEST WIND DIRECTION    NE (50)
  HIGHEST GUST SPEED    33   HIGHEST GUST DIRECTION    NE (60)
  AVERAGE WIND SPEED    11.6

SKY COVER
  POSSIBLE SUNSHINE  MM
  AVERAGE SKY COVER 0.7

WEATHER CONDITIONS
 THE FOLLOWING WEATHER WAS RECORDED YESTERDAY.
  FOG
  FOG W/VISIBILITY <= 1/4 MILE

RELATIVE HUMIDITY (PERCENT)
 HIGHEST   100           800 AM
 LOWEST     71           200 PM
 AVERAGE    86

..........................................................

THE MIDLAND CLIMATE NORMALS FOR TODAY
                         NORMAL    RECORD    YEAR
 MAXIMUM TEMPERATURE (F)   59        83      1977
 MINIMUM TEMPERATURE (F)   32         6      2005

SUNRISE AND SUNSET
DECEMBER  8 2016......SUNRISE   737 AM CST   SUNSET   545 PM CST
DECEMBER  9 2016......SUNRISE   738 AM CST   SUNSET   545 PM CST

-  INDICATES NEGATIVE NUMBERS.
R  INDICATES RECORD WAS SET OR TIED.
MM INDICATES DATA IS MISSING.
T  INDICATES TRACE AMOUNT.

$$

44
