000
CDUS44 KMAF 220733
CLIMAF


CLIMATE REPORT
NATIONAL WEATHER SERVICE MIDLAND TX
232 AM CDT MON MAY 22 2017


...................................

...THE MIDLAND CLIMATE SUMMARY FOR MAY 21 2017...

CLIMATE NORMAL PERIOD 1981 TO 2010
CLIMATE RECORD PERIOD 1930 TO 2017


WEATHER ITEM   OBSERVED TIME   RECORD YEAR NORMAL DEPARTURE LAST
                VALUE   (LST)  VALUE       VALUE  FROM      YEAR
                                                  NORMAL
..................................................................
TEMPERATURE (F)
 YESTERDAY
  MAXIMUM         71   1119 AM 105    1953  89    -18       93
  MINIMUM         58   1159 PM  49    1967  61     -3       68
  AVERAGE         65                        75    -10       81

PRECIPITATION (IN)
  YESTERDAY        T             0.55 1993   0.06  -0.06     0.00
  MONTH TO DATE    0.65                      1.01  -0.36     0.26
  SINCE MAR 1      3.61                      2.26   1.35     2.05
  SINCE JAN 1      5.45                      3.53   1.92     2.53

DEGREE DAYS
 COOLING
  YESTERDAY        0                        10    -10       16
  MONTH TO DATE  178                       165     13      147
  SINCE MAR 1    437                       271    166      305
  SINCE JAN 1    454                       273    181      320
..................................................................


WIND (MPH)
  HIGHEST WIND SPEED    24   HIGHEST WIND DIRECTION    SE (130)
  HIGHEST GUST SPEED    32   HIGHEST GUST DIRECTION     E (90)
  AVERAGE WIND SPEED    14.2


SKY COVER
  POSSIBLE SUNSHINE  MM
  AVERAGE SKY COVER 0.6


WEATHER CONDITIONS
 THE FOLLOWING WEATHER WAS RECORDED YESTERDAY.
  THUNDERSTORM
  LIGHT RAIN


RELATIVE HUMIDITY (PERCENT)
 HIGHEST    80          1100 PM
 LOWEST     49          1100 AM
 AVERAGE    65

..........................................................


THE MIDLAND CLIMATE NORMALS FOR TODAY
                         NORMAL    RECORD    YEAR
 MAXIMUM TEMPERATURE (F)   89       107      1953
 MINIMUM TEMPERATURE (F)   62        48      1931


SUNRISE AND SUNSET
MAY 22 2017...........SUNRISE   647 AM CDT   SUNSET   844 PM CDT
MAY 23 2017...........SUNRISE   647 AM CDT   SUNSET   845 PM CDT


-  INDICATES NEGATIVE NUMBERS.
R  INDICATES RECORD WAS SET OR TIED.
MM INDICATES DATA IS MISSING.
T  INDICATES TRACE AMOUNT.




$$
