000
CDUS44 KMAF 022128
CLIMAF


CLIMATE REPORT
NATIONAL WEATHER SERVICE MIDLAND TX
428 PM CDT WED SEP 2 2015


...................................

...THE MIDLAND CLIMATE SUMMARY FOR SEPTEMBER 2 2015...
VALID TODAY AS OF 0400 PM LOCAL TIME.

CLIMATE NORMAL PERIOD 1981 TO 2010
CLIMATE RECORD PERIOD 1930 TO 2015


WEATHER ITEM   OBSERVED TIME   RECORD YEAR NORMAL DEPARTURE LAST
                VALUE   (LST)  VALUE       VALUE  FROM      YEAR
                                                  NORMAL
..................................................................
TEMPERATURE (F)
 TODAY
  MAXIMUM         94    318 PM 103    1937  91      3      102
  MINIMUM         67    647 AM  56    1968  66      1       77
                                      1950
  AVERAGE         81                        78      3       90

PRECIPITATION (IN)
  TODAY            0.00          2.12 1988   0.06  -0.06     0.00
  MONTH TO DATE    0.00                      0.12  -0.12     0.00
  SINCE SEP 1      0.00                      0.12  -0.12     0.00
  SINCE JAN 1     14.01                      9.84   4.17     4.74

DEGREE DAYS
 HEATING
  TODAY            0                         0      0        0
  MONTH TO DATE    0                         0      0        0
  SINCE SEP 1      0                         0      0        0
  SINCE JUL 1      0                         0      0        0

 COOLING
  TODAY           16                        14      2       25
  MONTH TO DATE   33                        28      5       51
  SINCE SEP 1     33                        28      5       51
  SINCE JAN 1   2077                      1912    165     2237
..................................................................


WIND (MPH)
  HIGHEST WIND SPEED    21   HIGHEST WIND DIRECTION     S (160)
  HIGHEST GUST SPEED    28   HIGHEST GUST DIRECTION    SE (150)
  AVERAGE WIND SPEED    10.6


SKY COVER
  POSSIBLE SUNSHINE  MM
  AVERAGE SKY COVER 0.0


WEATHER CONDITIONS
 THE FOLLOWING WEATHER WAS RECORDED TODAY.
  NO SIGNIFICANT WEATHER WAS OBSERVED.


RELATIVE HUMIDITY (PERCENT)
 HIGHEST    73           800 AM
 LOWEST     28           300 PM
 AVERAGE    51

..........................................................


THE MIDLAND CLIMATE NORMALS FOR TOMORROW
                         NORMAL    RECORD    YEAR
 MAXIMUM TEMPERATURE (F)   91       101      2012
                                             1985
                                             1939
 MINIMUM TEMPERATURE (F)   66        55      1974


SUNRISE AND SUNSET
SEPTEMBER  2 2015.....SUNRISE   725 AM CDT   SUNSET   812 PM CDT
SEPTEMBER  3 2015.....SUNRISE   725 AM CDT   SUNSET   810 PM CDT


-  INDICATES NEGATIVE NUMBERS.
R  INDICATES RECORD WAS SET OR TIED.
MM INDICATES DATA IS MISSING.
T  INDICATES TRACE AMOUNT.




$$
