000
CDUS44 KMAF 282126
CLIMAF


CLIMATE REPORT
NATIONAL WEATHER SERVICE MIDLAND/ODESSA TX
426 PM CDT THU MAY 28 2015


...................................

...THE MIDLAND CLIMATE SUMMARY FOR MAY 28 2015...
VALID TODAY AS OF 0400 PM LOCAL TIME.

CLIMATE NORMAL PERIOD 1981 TO 2010
CLIMATE RECORD PERIOD 1930 TO 2015


WEATHER ITEM   OBSERVED TIME   RECORD YEAR NORMAL DEPARTURE LAST
                VALUE   (LST)  VALUE       VALUE  FROM      YEAR
                                                  NORMAL
..................................................................
TEMPERATURE (F)
 TODAY
  MAXIMUM         87    132 PM 107    2011  91     -4       90
  MINIMUM         71    454 AM  47    1947  63      8       61
  AVERAGE         79                        77      2       76

PRECIPITATION (IN)
  TODAY            T             2.08 1964   0.07  -0.07     0.00
  MONTH TO DATE    3.13                      1.51   1.62     2.26
  SINCE MAR 1      6.08                      2.76   3.32     2.90
  SINCE JAN 1      8.77                      4.03   4.74     3.16

DEGREE DAYS
 COOLING
  TODAY           14                        12      2       11
  MONTH TO DATE  210                       245    -35      267
  SINCE MAR 1    340                       351    -11      434
  SINCE JAN 1    341                       353    -12      436
..................................................................


WIND (MPH)
  HIGHEST WIND SPEED    22   HIGHEST WIND DIRECTION     S (160)
  HIGHEST GUST SPEED    32   HIGHEST GUST DIRECTION    SE (150)
  AVERAGE WIND SPEED    15.1


SKY COVER
  POSSIBLE SUNSHINE  MM
  AVERAGE SKY COVER 0.4


WEATHER CONDITIONS
 THE FOLLOWING WEATHER WAS RECORDED TODAY.
  THUNDERSTORM
  LIGHT RAIN
  HAZE


RELATIVE HUMIDITY (PERCENT)
 HIGHEST    84           400 AM
 LOWEST     47           300 PM
 AVERAGE    66

..........................................................


THE MIDLAND CLIMATE NORMALS FOR TOMORROW
                         NORMAL    RECORD    YEAR
 MAXIMUM TEMPERATURE (F)   91       104      1938
 MINIMUM TEMPERATURE (F)   64        44      1947


SUNRISE AND SUNSET
MAY 28 2015...........SUNRISE   645 AM CDT   SUNSET   847 PM CDT
MAY 29 2015...........SUNRISE   645 AM CDT   SUNSET   848 PM CDT


-  INDICATES NEGATIVE NUMBERS.
R  INDICATES RECORD WAS SET OR TIED.
MM INDICATES DATA IS MISSING.
T  INDICATES TRACE AMOUNT.




$$
