000
CDUS44 KMAF 270736
CLIMAF


CLIMATE REPORT
NATIONAL WEATHER SERVICE MIDLAND/ODESSA TX
236 AM CDT FRI MAR 27 2015


...................................

...THE MIDLAND CLIMATE SUMMARY FOR MARCH 26 2015...

CLIMATE NORMAL PERIOD 1981 TO 2010
CLIMATE RECORD PERIOD 1930 TO 2015


WEATHER ITEM   OBSERVED TIME   RECORD YEAR NORMAL DEPARTURE LAST
                VALUE   (LST)  VALUE       VALUE  FROM      YEAR
                                                  NORMAL
..................................................................
TEMPERATURE (F)
 YESTERDAY
  MAXIMUM         63    611 PM  90    1956  73    -10       79
  MINIMUM         41    704 AM  20    1965  43     -2       48
  AVERAGE         52                        58     -6       64

PRECIPITATION (IN)
  YESTERDAY        0.00          0.40 1977   0.02  -0.02     0.07
  MONTH TO DATE    1.65                      0.50   1.15     0.19
  SINCE MAR 1      1.65                      0.50   1.15     0.19
  SINCE JAN 1      4.34                      1.77   2.57     0.45

SNOWFALL (IN)
  YESTERDAY       MM
  MONTH TO DATE    T
  SINCE MAR 1      T
  SINCE JUL 1      3.6
  SNOW DEPTH       0

DEGREE DAYS
 HEATING
  YESTERDAY       13                         8      5        1
  MONTH TO DATE  332                       272     60      276
  SINCE MAR 1    332                       272     60      276
  SINCE JUL 1   2482                      2509    -27     2524

 COOLING
  YESTERDAY        0                         1     -1        0
  MONTH TO DATE   10                         9      1       11
  SINCE MAR 1     10                         9      1       11
  SINCE JAN 1     11                        11      0       13
..................................................................


WIND (MPH)
  HIGHEST WIND SPEED    36   HIGHEST WIND DIRECTION    NE (30)
  HIGHEST GUST SPEED    44   HIGHEST GUST DIRECTION    NE (30)
  AVERAGE WIND SPEED    12.6


SKY COVER
  POSSIBLE SUNSHINE  MM
  AVERAGE SKY COVER 0.1


WEATHER CONDITIONS
 THE FOLLOWING WEATHER WAS RECORDED YESTERDAY.
  HAZE


RELATIVE HUMIDITY (PERCENT)
 HIGHEST    76           500 AM
 LOWEST     23           400 PM
 AVERAGE    50

..........................................................


THE MIDLAND CLIMATE NORMALS FOR TODAY
                         NORMAL    RECORD    YEAR
 MAXIMUM TEMPERATURE (F)   73        95      1971
 MINIMUM TEMPERATURE (F)   43        14      1931


SUNRISE AND SUNSET
MARCH 27 2015.........SUNRISE   744 AM CDT   SUNSET   805 PM CDT
MARCH 28 2015.........SUNRISE   743 AM CDT   SUNSET   806 PM CDT


-  INDICATES NEGATIVE NUMBERS.
R  INDICATES RECORD WAS SET OR TIED.
MM INDICATES DATA IS MISSING.
T  INDICATES TRACE AMOUNT.




$$
