000
CDUS44 KMAF 200732
CLIMAF

CLIMATE REPORT
NATIONAL WEATHER SERVICE MIDLAND/ODESSA TX
230 AM CDT WED AUG 20 2014

...................................

...THE MIDLAND CLIMATE SUMMARY FOR AUGUST 19 2014...

CLIMATE NORMAL PERIOD 1981 TO 2010
CLIMATE RECORD PERIOD 1930 TO 2014

WEATHER ITEM   OBSERVED TIME   RECORD YEAR NORMAL DEPARTURE LAST
                VALUE   (LST)  VALUE       VALUE  FROM      YEAR
                                                  NORMAL
..................................................................
TEMPERATURE (F)
 YESTERDAY
  MAXIMUM         94    357 PM 103    1994  94      0       99
                                      1977
  MINIMUM         68    648 AM  60    1950  69     -1       70
  AVERAGE         81                        81      0       85

PRECIPITATION (IN)
  YESTERDAY        0.00          1.52 1956   0.06  -0.06     0.00
  MONTH TO DATE    0.32                      1.06  -0.74     1.17
  SINCE JUN 1      1.13                      4.68  -3.55     3.00
  SINCE JAN 1      4.29                      8.94  -4.65     4.56

DEGREE DAYS
 COOLING
  YESTERDAY       16                        16      0       20
  MONTH TO DATE  352                       320     32      391
  SINCE JUN 1   1478                      1313    165     1473
  SINCE JAN 1   1954                      1702    252     1961
..................................................................

WIND (MPH)
  HIGHEST WIND SPEED    22   HIGHEST WIND DIRECTION     S (170)
  HIGHEST GUST SPEED    28   HIGHEST GUST DIRECTION    SE (150)
  AVERAGE WIND SPEED    12.9

SKY COVER
  POSSIBLE SUNSHINE  MM
  AVERAGE SKY COVER 0.1

WEATHER CONDITIONS
 THE FOLLOWING WEATHER WAS RECORDED YESTERDAY.
  NO SIGNIFICANT WEATHER WAS OBSERVED.

RELATIVE HUMIDITY (PERCENT)
 HIGHEST    84           700 AM
 LOWEST     33           400 PM
 AVERAGE    59

..........................................................

THE MIDLAND CLIMATE NORMALS FOR TODAY
                         NORMAL    RECORD    YEAR
 MAXIMUM TEMPERATURE (F)   94       105      1986
                                             1964
 MINIMUM TEMPERATURE (F)   69        58      1940

SUNRISE AND SUNSET
AUGUST 20 2014........SUNRISE   717 AM CDT   SUNSET   827 PM CDT
AUGUST 21 2014........SUNRISE   717 AM CDT   SUNSET   826 PM CDT

-  INDICATES NEGATIVE NUMBERS.
R  INDICATES RECORD WAS SET OR TIED.
MM INDICATES DATA IS MISSING.
T  INDICATES TRACE AMOUNT.

$$

44
