000
CDUS42 KTAE 280634
CLIMAI


CLIMATE REPORT
NATIONAL WEATHER SERVICE TALLAHASSEE FL
133 AM EST SAT FEB 28 2015


...................................

...THE MARIANNA CLIMATE SUMMARY FOR FEBRUARY 27 2015...

CLIMATE NORMAL PERIOD 1981 TO 2010
CLIMATE RECORD PERIOD 1950 TO 2015


WEATHER ITEM   OBSERVED NORMAL DEPARTURE LAST
                VALUE   VALUE  FROM      YEAR
                               NORMAL
...............................................
TEMPERATURE (F)
 YESTERDAY
  MAXIMUM         57     69    -12       55
  MINIMUM         36     45     -9       33
  AVERAGE         47     57    -10       44

PRECIPITATION (IN)
  YESTERDAY        0.00   0.17  -0.17     0.00
  MONTH TO DATE    3.72   4.76  -1.04     4.97
  SINCE DEC 1     12.53  13.71  -1.18    11.78
  SINCE JAN 1      7.16   9.80  -2.64     7.33

DEGREE DAYS
 HEATING
  YESTERDAY       18             9
  MONTH TO DATE  426           130
  SINCE DEC 1   1179            21
  SINCE JUL 1   1559           163

 COOLING
  YESTERDAY        0            -1
  MONTH TO DATE    2            -3
  SINCE DEC 1     15            -6
  SINCE JAN 1      6            -3
...............................................


WIND (MPH)
  HIGHEST WIND SPEED    16   HIGHEST WIND DIRECTION    NE (30)
  HIGHEST GUST SPEED    20   HIGHEST GUST DIRECTION    NE (60)
  AVERAGE WIND SPEED     7.3




RELATIVE HUMIDITY (PERCENT)
 HIGHEST    92
 LOWEST     43
 AVERAGE    68

..........................................................




SUNRISE AND SUNSET
FEBRUARY 28 2015......SUNRISE   609 AM CST   SUNSET   538 PM CST
MARCH  1 2015.........SUNRISE   607 AM CST   SUNSET   539 PM CST


-  INDICATES NEGATIVE NUMBERS.
R  INDICATES RECORD WAS SET OR TIED.
MM INDICATES DATA IS MISSING.
T  INDICATES TRACE AMOUNT.




$$
