000
CDUS42 KTAE 050640
CLIMAI


CLIMATE REPORT
NATIONAL WEATHER SERVICE TALLAHASSEE FL
240 AM EDT SUN JUL 5 2015


...................................

...THE MARIANNA CLIMATE SUMMARY FOR JULY 4 2015...

CLIMATE NORMAL PERIOD 1981 TO 2010
CLIMATE RECORD PERIOD 1950 TO 2015


WEATHER ITEM   OBSERVED NORMAL DEPARTURE LAST
                VALUE   VALUE  FROM      YEAR
                               NORMAL
...............................................
TEMPERATURE (F)
 YESTERDAY
  MAXIMUM         90     92     -2       93
  MINIMUM         71     71      0       67
  AVERAGE         81     82     -1       80

PRECIPITATION (IN)
  YESTERDAY        0.52   0.18   0.34     0.00
  MONTH TO DATE    0.98   0.72   0.26      T
  SINCE JUN 1      4.90   6.29  -1.39     2.67
  SINCE JAN 1     30.47  28.51   1.96    34.39

DEGREE DAYS
 HEATING
  YESTERDAY        0             0
  MONTH TO DATE    0             0
  SINCE JUN 1      0             0
  SINCE JUL 1      0             0

 COOLING
  YESTERDAY       16            -1
  MONTH TO DATE   66            -2
  SINCE JUN 1    552            25
  SINCE JAN 1   1232           235
...............................................


WIND (MPH)
  HIGHEST WIND SPEED    23   HIGHEST WIND DIRECTION    NE (30)
  HIGHEST GUST SPEED    37   HIGHEST GUST DIRECTION    NE (40)
  AVERAGE WIND SPEED     5.9




RELATIVE HUMIDITY (PERCENT)
 HIGHEST   100
 LOWEST     63
 AVERAGE    82

..........................................................




SUNRISE AND SUNSET
JULY  5 2015..........SUNRISE   543 AM CDT   SUNSET   748 PM CDT
JULY  6 2015..........SUNRISE   543 AM CDT   SUNSET   748 PM CDT


-  INDICATES NEGATIVE NUMBERS.
R  INDICATES RECORD WAS SET OR TIED.
MM INDICATES DATA IS MISSING.
T  INDICATES TRACE AMOUNT.




$$
