000
CDUS42 KTAE 220715
CLIMAI


CLIMATE REPORT
NATIONAL WEATHER SERVICE TALLAHASSEE FL
310 AM EDT FRI AUG 22 2014


...................................

...THE MARIANNA CLIMATE SUMMARY FOR AUGUST 21 2014...

CLIMATE NORMAL PERIOD 1981 TO 2010
CLIMATE RECORD PERIOD 1950 TO 2014


WEATHER ITEM   OBSERVED NORMAL DEPARTURE LAST
                VALUE   VALUE  FROM      YEAR
                               NORMAL
...............................................
TEMPERATURE (F)
 YESTERDAY
  MAXIMUM         97     91      6       92
  MINIMUM         73     72      1       71
  AVERAGE         85     81      4       82

PRECIPITATION (IN)
  YESTERDAY        0.00   0.16  -0.16     1.12
  MONTH TO DATE    3.15   4.06  -0.91    13.30
  SINCE JUN 1     10.65  14.74  -4.09    28.85
  SINCE JAN 1     42.37  36.96   5.41    49.75

DEGREE DAYS
 HEATING
  YESTERDAY        0             0
  MONTH TO DATE    0             0
  SINCE JUN 1      0             0
  SINCE JUL 1      0             0

 COOLING
  YESTERDAY       20             4
  MONTH TO DATE  389            35
  SINCE JUN 1   1409            71
  SINCE JAN 1   1843            35
...............................................


WIND (MPH)
  HIGHEST WIND SPEED    23   HIGHEST WIND DIRECTION    NE (60)
  HIGHEST GUST SPEED    30   HIGHEST GUST DIRECTION    NE (60)
  AVERAGE WIND SPEED     2.2




RELATIVE HUMIDITY (PERCENT)
 HIGHEST   100
 LOWEST     45
 AVERAGE    73

..........................................................




SUNRISE AND SUNSET
AUGUST 22 2014........SUNRISE   611 AM CDT   SUNSET   715 PM CDT
AUGUST 23 2014........SUNRISE   612 AM CDT   SUNSET   714 PM CDT


-  INDICATES NEGATIVE NUMBERS.
R  INDICATES RECORD WAS SET OR TIED.
MM INDICATES DATA IS MISSING.
T  INDICATES TRACE AMOUNT.




$$
