000
CDUS42 KTAE 230631
CLIMAI


CLIMATE REPORT
NATIONAL WEATHER SERVICE TALLAHASSEE FL
230 AM EDT FRI JUN 23 2017


...................................

...THE MARIANNA CLIMATE SUMMARY FOR JUNE 22 2017...

CLIMATE NORMAL PERIOD 1981 TO 2010
CLIMATE RECORD PERIOD 1950 TO 2017


WEATHER ITEM   OBSERVED NORMAL DEPARTURE LAST
                VALUE   VALUE  FROM      YEAR
                               NORMAL
...............................................
TEMPERATURE (F)
 YESTERDAY
  MAXIMUM         92     92      0       93
  MINIMUM         77     71      6       69
  AVERAGE         85     81      4       81

PRECIPITATION (IN)
  YESTERDAY        T      0.20  -0.20     0.00
  MONTH TO DATE    9.32   4.06   5.26     2.62
  SINCE JUN 1      9.32   4.06   5.26     2.62
  SINCE JAN 1     27.83  26.28   1.55    24.80

DEGREE DAYS
 HEATING
  YESTERDAY        0             0
  MONTH TO DATE    0             0
  SINCE JUN 1      0             0
  SINCE JUL 1    842          -807

 COOLING
  YESTERDAY       20             4
  MONTH TO DATE  309           -20
  SINCE JUN 1    309           -20
  SINCE JAN 1    995           196
...............................................


WIND (MPH)
  HIGHEST WIND SPEED    22   HIGHEST WIND DIRECTION     S (190)
  HIGHEST GUST SPEED    28   HIGHEST GUST DIRECTION     S (190)
  AVERAGE WIND SPEED     9.7




RELATIVE HUMIDITY (PERCENT)
 HIGHEST    97
 LOWEST     52
 AVERAGE    75

..........................................................




SUNRISE AND SUNSET
JUNE 23 2017..........SUNRISE   539 AM CDT   SUNSET   747 PM CDT
JUNE 24 2017..........SUNRISE   539 AM CDT   SUNSET   748 PM CDT


-  INDICATES NEGATIVE NUMBERS.
R  INDICATES RECORD WAS SET OR TIED.
MM INDICATES DATA IS MISSING.
T  INDICATES TRACE AMOUNT.




$$
