000
CDUS42 KTAE 280639
CLIMAI


CLIMATE REPORT
NATIONAL WEATHER SERVICE TALLAHASSEE FL
238 AM EDT MON JUL 28 2014


...................................

...THE MARIANNA CLIMATE SUMMARY FOR JULY 27 2014...

CLIMATE NORMAL PERIOD 1981 TO 2010
CLIMATE RECORD PERIOD 1950 TO 2014


WEATHER ITEM   OBSERVED NORMAL DEPARTURE LAST
                VALUE   VALUE  FROM      YEAR
                               NORMAL
...............................................
TEMPERATURE (F)
 YESTERDAY
  MAXIMUM         96     91      5
  MINIMUM         76     73      3
  AVERAGE         86     82      4

PRECIPITATION (IN)
  YESTERDAY        0.00   0.15  -0.15      T
  MONTH TO DATE    4.29   4.53  -0.24    11.00
  SINCE JUN 1      6.96  10.10  -3.14    15.10
  SINCE JAN 1     38.68  32.32   6.36    36.00

DEGREE DAYS
 HEATING
  YESTERDAY        0             0
  MONTH TO DATE    0             0
  SINCE JUN 1      0             0
  SINCE JUL 1      0             0

 COOLING
  YESTERDAY       21             4
  MONTH TO DATE  463             4
  SINCE JUN 1    960            42
  SINCE JAN 1   1394             6
...............................................


WIND (MPH)
  HIGHEST WIND SPEED    14   HIGHEST WIND DIRECTION    SW (230)
  HIGHEST GUST SPEED    16   HIGHEST GUST DIRECTION    SW (230)
  AVERAGE WIND SPEED     7.3




RELATIVE HUMIDITY (PERCENT)
 HIGHEST   100
 LOWEST     49
 AVERAGE    75

..........................................................




SUNRISE AND SUNSET
JULY 28 2014..........SUNRISE   556 AM CDT   SUNSET   738 PM CDT
JULY 29 2014..........SUNRISE   556 AM CDT   SUNSET   738 PM CDT


-  INDICATES NEGATIVE NUMBERS.
R  INDICATES RECORD WAS SET OR TIED.
MM INDICATES DATA IS MISSING.
T  INDICATES TRACE AMOUNT.




$$
