259
CDUS43 KABR 241031
CLIMBG


CLIMATE REPORT
NATIONAL WEATHER SERVICE ABERDEEN SD
531 AM CDT FRI MAR 24 2017


...................................

...THE MOBRIDGE SD CLIMATE SUMMARY FOR MARCH 23 2017...

CLIMATE NORMAL PERIOD 1981 TO 2010
CLIMATE RECORD PERIOD 1911 TO 2017


WEATHER ITEM   OBSERVED TIME   RECORD YEAR NORMAL DEPARTURE LAST
                VALUE   (LST)  VALUE       VALUE  FROM      YEAR
                                                  NORMAL
..................................................................
TEMPERATURE (F)
 YESTERDAY
  MAXIMUM         61    301 PM  84    1939  46     15       48
  MINIMUM         40    711 AM  -7    1965  24     16       20
  AVERAGE         51                        35     16       34

PRECIPITATION (IN)
  YESTERDAY        T             1.10 1975   0.03  -0.03     0.00
  MONTH TO DATE    0.62                      0.63  -0.01     0.57
  SINCE MAR 1      0.62                      0.63  -0.01     0.57
  SINCE JAN 1      1.38                      1.36   0.02     1.79

SNOWFALL (IN)
  YESTERDAY        0.0
  MONTH TO DATE    8.3
  SINCE OCT 1     47.3
  SINCE JUL 1     47.3
  SNOW DEPTH       0

DEGREE DAYS
 HEATING
  YESTERDAY       14                        30    -16       31
  MONTH TO DATE  783                       803    -20      549
  SINCE MAR 1    783                       803    -20      549
  SINCE JUL 1   6220                      6778   -558     5424

 COOLING
  YESTERDAY        0                         0      0        0
  MONTH TO DATE    0                         0      0        0
  SINCE MAR 1      0                         0      0        0
  SINCE JAN 1      0                         0      0        0
..................................................................


WIND (MPH)
  HIGHEST WIND SPEED    23   HIGHEST WIND DIRECTION     N (350)
  HIGHEST GUST SPEED    32   HIGHEST GUST DIRECTION    NE (30)
  AVERAGE WIND SPEED    11.5


SKY COVER
  POSSIBLE SUNSHINE  MM
  AVERAGE SKY COVER 0.3


WEATHER CONDITIONS
 THE FOLLOWING WEATHER WAS RECORDED YESTERDAY.
  LIGHT RAIN


RELATIVE HUMIDITY (PERCENT)
 HIGHEST    76           800 PM
 LOWEST     39           200 PM
 AVERAGE    58

..........................................................


THE MOBRIDGE SD CLIMATE NORMALS FOR TODAY
                         NORMAL    RECORD    YEAR
 MAXIMUM TEMPERATURE (F)   47        81      1939
 MINIMUM TEMPERATURE (F)   24        -8      1913


SUNRISE AND SUNSET
MARCH 24 2017.........SUNRISE   737 AM CDT   SUNSET   800 PM CDT
MARCH 25 2017.........SUNRISE   735 AM CDT   SUNSET   801 PM CDT


-  INDICATES NEGATIVE NUMBERS.
R  INDICATES RECORD WAS SET OR TIED.
MM INDICATES DATA IS MISSING.
T  INDICATES TRACE AMOUNT.




$$
