000
CDUS43 KABR 242228
CLIMBG


CLIMATE REPORT
NATIONAL WEATHER SERVICE ABERDEEN SD
527 PM CDT SUN MAY 24 2015


...................................

...THE MOBRIDGE SD CLIMATE SUMMARY FOR MAY 24 2015...
VALID TODAY AS OF 0500 PM LOCAL TIME.

CLIMATE NORMAL PERIOD 1981 TO 2010
CLIMATE RECORD PERIOD 1911 TO 2015


WEATHER ITEM   OBSERVED TIME   RECORD YEAR NORMAL DEPARTURE LAST
                VALUE   (LST)  VALUE       VALUE  FROM      YEAR
                                                  NORMAL
..................................................................
TEMPERATURE (F)
 TODAY
  MAXIMUM         71    208 PM  90    1928  71      0       84
  MINIMUM         55    510 AM  24    2002  47      8       56
  AVERAGE         63                        59      4       70

PRECIPITATION (IN)
  TODAY            0.00          2.71 1944   0.09  -0.09     0.00
  MONTH TO DATE    8.30                      2.15   6.15     1.25
  SINCE MAR 1      8.97                      4.62   4.35     4.11
  SINCE JAN 1      9.77                      5.35   4.42     4.72

DEGREE DAYS
 HEATING
  TODAY            2                         7     -5        0
  MONTH TO DATE  265                       247     18      313
  SINCE MAR 1   1555                      1867   -312     2130
  SINCE JUL 1   7314                      7842   -528     8670

 COOLING
  TODAY            0                         1     -1        5
  MONTH TO DATE    6                         6      0       12
  SINCE MAR 1      6                         7     -1       12
  SINCE JAN 1      6                         7     -1       12
..................................................................


WIND (MPH)
  HIGHEST WIND SPEED    20   HIGHEST WIND DIRECTION     E (90)
  HIGHEST GUST SPEED    24   HIGHEST GUST DIRECTION     E (70)
  AVERAGE WIND SPEED    12.0


SKY COVER
  POSSIBLE SUNSHINE  MM
  AVERAGE SKY COVER 1.0


WEATHER CONDITIONS
 THE FOLLOWING WEATHER WAS RECORDED TODAY.
  NO SIGNIFICANT WEATHER WAS OBSERVED.


RELATIVE HUMIDITY (PERCENT)
 HIGHEST    93           100 AM
 LOWEST     49           200 PM
 AVERAGE    71

..........................................................


THE MOBRIDGE SD CLIMATE NORMALS FOR TOMORROW
                         NORMAL    RECORD    YEAR
 MAXIMUM TEMPERATURE (F)   71        96      1941
 MINIMUM TEMPERATURE (F)   47        35      2002
                                             2000


SUNRISE AND SUNSET
MAY 24 2015...........SUNRISE   602 AM CDT   SUNSET   915 PM CDT
MAY 25 2015...........SUNRISE   601 AM CDT   SUNSET   916 PM CDT


-  INDICATES NEGATIVE NUMBERS.
R  INDICATES RECORD WAS SET OR TIED.
MM INDICATES DATA IS MISSING.
T  INDICATES TRACE AMOUNT.




$$
