000
CDUS43 KABR 021523
CLIMBG


CLIMATE REPORT
NATIONAL WEATHER SERVICE ABERDEEN SD
922 AM CST FRI DEC 2 2016


...................................

...THE MOBRIDGE SD CLIMATE SUMMARY FOR DECEMBER 1 2016...

CLIMATE NORMAL PERIOD 1981 TO 2010
CLIMATE RECORD PERIOD 1911 TO 2016


WEATHER ITEM   OBSERVED TIME   RECORD YEAR NORMAL DEPARTURE LAST
                VALUE   (LST)  VALUE       VALUE  FROM      YEAR
                                                  NORMAL
..................................................................
TEMPERATURE (F)
 YESTERDAY
  MAXIMUM         33    151 PM  64    1969  34     -1       35
  MINIMUM         29   1159 PM -10    2005  12     17       28
  AVERAGE         31                        23      8       32

PRECIPITATION (IN)
  YESTERDAY        0.03          0.26 1985   0.01   0.02     0.09
  MONTH TO DATE    0.03                      0.01   0.02     0.09
  SINCE DEC 1      0.03                      0.01   0.02     0.09
  SINCE JAN 1     19.16                     17.44   1.72    23.09

SNOWFALL (IN)
  YESTERDAY        0.3
  MONTH TO DATE    0.3
  SINCE OCT 1     11.7
  SINCE JUL 1     11.7
  SNOW DEPTH       5

DEGREE DAYS
 HEATING
  YESTERDAY       34                        42     -8       33
  MONTH TO DATE   34                        42     -8       33
  SINCE DEC 1     34                        42     -8       33
  SINCE JUL 1   1185                      1808   -623     1327

 COOLING
  YESTERDAY        0                         0      0        0
  MONTH TO DATE    0                         0      0        0
  SINCE DEC 1      0                         0      0        0
  SINCE JAN 1    961                       644    317      860
..................................................................


WIND (MPH)
  HIGHEST WIND SPEED    17   HIGHEST WIND DIRECTION    NW (320)
  HIGHEST GUST SPEED    29   HIGHEST GUST DIRECTION    SW (210)
  AVERAGE WIND SPEED     8.2


SKY COVER
  POSSIBLE SUNSHINE  MM
  AVERAGE SKY COVER 1.0


WEATHER CONDITIONS
 THE FOLLOWING WEATHER WAS RECORDED YESTERDAY.
  LIGHT SNOW
  FOG
  HAZE


RELATIVE HUMIDITY (PERCENT)
 HIGHEST    85           200 AM
 LOWEST     78          1200 AM
 AVERAGE    82

..........................................................


THE MOBRIDGE SD CLIMATE NORMALS FOR TODAY
                         NORMAL    RECORD    YEAR
 MAXIMUM TEMPERATURE (F)   33        57      1959
 MINIMUM TEMPERATURE (F)   12       -18      1985


SUNRISE AND SUNSET
DECEMBER  2 2016......SUNRISE   803 AM CST   SUNSET   459 PM CST
DECEMBER  3 2016......SUNRISE   804 AM CST   SUNSET   459 PM CST


-  INDICATES NEGATIVE NUMBERS.
R  INDICATES RECORD WAS SET OR TIED.
MM INDICATES DATA IS MISSING.
T  INDICATES TRACE AMOUNT.




$$
