000
CDUS43 KABR 260907
CLIMBG


CLIMATE REPORT
NATIONAL WEATHER SERVICE ABERDEEN SD
406 AM CDT THU MAY 26 2016


...................................

...THE MOBRIDGE SD CLIMATE SUMMARY FOR MAY 25 2016...

CLIMATE NORMAL PERIOD 1981 TO 2010
CLIMATE RECORD PERIOD 1911 TO 2016


WEATHER ITEM   OBSERVED TIME   RECORD YEAR NORMAL DEPARTURE LAST
                VALUE   (LST)  VALUE       VALUE  FROM      YEAR
                                                  NORMAL
..................................................................
TEMPERATURE (F)
 YESTERDAY
  MAXIMUM         76    345 PM  96    1941  71      5       66
  MINIMUM         50   1159 PM  35    2002  47      3       53
                                      2000
  AVERAGE         63                        59      4       60

PRECIPITATION (IN)
  YESTERDAY        0.38          1.80 1960   0.10   0.28     0.35
  MONTH TO DATE    2.53                      2.25   0.28     9.16
  SINCE MAR 1      7.94                      4.72   3.22     9.83
  SINCE JAN 1      9.16                      5.45   3.71    10.63

DEGREE DAYS
 HEATING
  YESTERDAY        2                         7     -5        5
  MONTH TO DATE  184                       254    -70      270
  SINCE MAR 1   1414                      1874   -460     1560
  SINCE JUL 1   6289                      7849  -1560     7319

 COOLING
  YESTERDAY        0                         1     -1        0
  MONTH TO DATE   13                         7      6        6
  SINCE MAR 1     15                         8      7        6
  SINCE JAN 1     15                         8      7        6
..................................................................


WIND (MPH)
  HIGHEST WIND SPEED    33   HIGHEST WIND DIRECTION     E (100)
  HIGHEST GUST SPEED    41   HIGHEST GUST DIRECTION     E (100)
  AVERAGE WIND SPEED     9.2


SKY COVER
  POSSIBLE SUNSHINE  MM
  AVERAGE SKY COVER 0.6


WEATHER CONDITIONS
 THE FOLLOWING WEATHER WAS RECORDED YESTERDAY.
  RAIN
  LIGHT RAIN


RELATIVE HUMIDITY (PERCENT)
 HIGHEST    83          1100 PM
 LOWEST     49           400 PM
 AVERAGE    66

..........................................................


THE MOBRIDGE SD CLIMATE NORMALS FOR TODAY
                         NORMAL    RECORD    YEAR
 MAXIMUM TEMPERATURE (F)   71        98      2006
 MINIMUM TEMPERATURE (F)   47        32      1947


SUNRISE AND SUNSET
MAY 26 2016...........SUNRISE   600 AM CDT   SUNSET   918 PM CDT
MAY 27 2016...........SUNRISE   559 AM CDT   SUNSET   919 PM CDT


-  INDICATES NEGATIVE NUMBERS.
R  INDICATES RECORD WAS SET OR TIED.
MM INDICATES DATA IS MISSING.
T  INDICATES TRACE AMOUNT.




$$
