000
CDUS43 KABR 221035
CLIMBG


CLIMATE REPORT
NATIONAL WEATHER SERVICE ABERDEEN SD
434 AM CST THU FEB 22 2018


...................................

...THE MOBRIDGE SD CLIMATE SUMMARY FOR FEBRUARY 21 2018...

CLIMATE NORMAL PERIOD 1981 TO 2010
CLIMATE RECORD PERIOD 1911 TO 2018


WEATHER ITEM   OBSERVED TIME   RECORD YEAR NORMAL DEPARTURE LAST
                VALUE   (LST)  VALUE       VALUE  FROM      YEAR
                                                  NORMAL
..................................................................
TEMPERATURE (F)
 YESTERDAY
  MAXIMUM         10    605 PM  66    1982  33    -23       60
  MINIMUM        -16    631 AM -25    1936  12    -28       36
  AVERAGE         -3                        22    -25       48

PRECIPITATION (IN)
  YESTERDAY        0.00          0.50 1927   0.01  -0.01     0.00
  MONTH TO DATE    0.58                      0.29   0.29     0.21
  SINCE DEC 1      1.18                      1.02   0.16     3.04
  SINCE JAN 1      0.64                      0.58   0.06     0.74

SNOWFALL (IN)
  YESTERDAY        0.0
  MONTH TO DATE    9.6
  SINCE OCT 1     19.9
  SINCE JUL 1     19.9
  SNOW DEPTH       5

DEGREE DAYS
 HEATING
  YESTERDAY       68                        43     25       17
  MONTH TO DATE 1217                       954    263      834
  SINCE DEC 1   4020                      3921     99     4040
  SINCE JUL 1   5521                      5687   -166     5191

 COOLING
  YESTERDAY        0                         0      0        0
  MONTH TO DATE    0                         0      0        0
  SINCE DEC 1      0                         0      0        0
  SINCE JAN 1      0                         0      0        0
..................................................................


WIND (MPH)
  HIGHEST WIND SPEED    20   HIGHEST WIND DIRECTION     S (170)
  HIGHEST GUST SPEED    41   HIGHEST GUST DIRECTION     S (190)
  AVERAGE WIND SPEED     6.5


SKY COVER
  POSSIBLE SUNSHINE  MM
  AVERAGE SKY COVER 0.0


WEATHER CONDITIONS
 THE FOLLOWING WEATHER WAS RECORDED YESTERDAY.
  NO SIGNIFICANT WEATHER WAS OBSERVED.


RELATIVE HUMIDITY (PERCENT)
 HIGHEST    79          1200 AM
 LOWEST     63           600 PM
 AVERAGE    71

..........................................................


THE MOBRIDGE SD CLIMATE NORMALS FOR TODAY
                         NORMAL    RECORD    YEAR
 MAXIMUM TEMPERATURE (F)   33        65      2002
 MINIMUM TEMPERATURE (F)   12       -20      1962


SUNRISE AND SUNSET
FEBRUARY 22 2018......SUNRISE   732 AM CST   SUNSET   619 PM CST
FEBRUARY 23 2018......SUNRISE   730 AM CST   SUNSET   620 PM CST


-  INDICATES NEGATIVE NUMBERS.
R  INDICATES RECORD WAS SET OR TIED.
MM INDICATES DATA IS MISSING.
T  INDICATES TRACE AMOUNT.




$$
