000
CDUS43 KABR 241032
CLIMBG


CLIMATE REPORT
NATIONAL WEATHER SERVICE ABERDEEN SD
531 AM CDT WED MAY 24 2017


...................................

...THE MOBRIDGE SD CLIMATE SUMMARY FOR MAY 23 2017...

CLIMATE NORMAL PERIOD 1981 TO 2010
CLIMATE RECORD PERIOD 1911 TO 2017


WEATHER ITEM   OBSERVED TIME   RECORD YEAR NORMAL DEPARTURE LAST
                VALUE   (LST)  VALUE       VALUE  FROM      YEAR
                                                  NORMAL
..................................................................
TEMPERATURE (F)
 YESTERDAY
  MAXIMUM         64    544 PM  95    1928  70     -6       78
  MINIMUM         37   1159 PM  28    2002  46     -9       52
  AVERAGE         51                        58     -7       65

PRECIPITATION (IN)
  YESTERDAY        0.00          1.63 1971   0.09  -0.09     0.01
  MONTH TO DATE    0.58                      2.06  -1.48     2.14
  SINCE MAR 1      1.68                      4.53  -2.85     7.55
  SINCE JAN 1      2.44                      5.26  -2.82     8.77

DEGREE DAYS
 HEATING
  YESTERDAY       14                         7      7        0
  MONTH TO DATE  177                       240    -63      182
  SINCE MAR 1   1637                      1860   -223     1412
  SINCE JUL 1   7074                      7835   -761     6287

 COOLING
  YESTERDAY        0                         1     -1        0
  MONTH TO DATE   20                         5     15       13
  SINCE MAR 1     20                         6     14       15
  SINCE JAN 1     20                         6     14       15
..................................................................


WIND (MPH)
  HIGHEST WIND SPEED    26   HIGHEST WIND DIRECTION     N (10)
  HIGHEST GUST SPEED    34   HIGHEST GUST DIRECTION     N (10)
  AVERAGE WIND SPEED    13.4


SKY COVER
  POSSIBLE SUNSHINE  MM
  AVERAGE SKY COVER 0.8


WEATHER CONDITIONS
 THE FOLLOWING WEATHER WAS RECORDED YESTERDAY.
  NO SIGNIFICANT WEATHER WAS OBSERVED.


RELATIVE HUMIDITY (PERCENT)
 HIGHEST    79          1100 PM
 LOWEST     36           600 PM
 AVERAGE    58

..........................................................


THE MOBRIDGE SD CLIMATE NORMALS FOR TODAY
                         NORMAL    RECORD    YEAR
 MAXIMUM TEMPERATURE (F)   71        90      1928
 MINIMUM TEMPERATURE (F)   47        24      2002


SUNRISE AND SUNSET
MAY 24 2017...........SUNRISE   602 AM CDT   SUNSET   916 PM CDT
MAY 25 2017...........SUNRISE   601 AM CDT   SUNSET   917 PM CDT


-  INDICATES NEGATIVE NUMBERS.
R  INDICATES RECORD WAS SET OR TIED.
MM INDICATES DATA IS MISSING.
T  INDICATES TRACE AMOUNT.




$$
