000
CDUS43 KDTX 280536
CLIMBS


CLIMATE REPORT
NATIONAL WEATHER SERVICE DETROIT/PONTIAC MI
135 AM EDT THU AUG 28 2014


...................................

...THE  TRI CITIES MI CLIMATE SUMMARY FOR AUGUST 27 2014...

CLIMATE NORMAL PERIOD 1981 TO 2010
CLIMATE RECORD PERIOD 1898 TO 2014


WEATHER ITEM   OBSERVED TIME   NORMAL DEPARTURE
                VALUE   (LST)  VALUE  FROM
                                      NORMAL
...................................................
TEMPERATURE (F)
 YESTERDAY
  MAXIMUM         76    337 PM  78     -2
  MINIMUM         59   1159 PM  57      2
  AVERAGE         68            67      1

PRECIPITATION (IN)
  YESTERDAY        T             0.12  -0.12
  MONTH TO DATE    4.25          2.84   1.41
  SINCE JUN 1     10.08          8.40   1.68
  SINCE JAN 1     21.67         20.05   1.62

SNOWFALL (IN)
  YESTERDAY        0.0
  MONTH TO DATE    0.0
  SINCE JUN 1      0.0
  SINCE JUL 1      0.0
  SNOW DEPTH       0

DEGREE DAYS
 HEATING
  YESTERDAY        0                   -1
  MONTH TO DATE    7                  -18
  SINCE JUN 1     36                  -61
  SINCE JUL 1     22                  -16

 COOLING
  YESTERDAY        3                   -1
  MONTH TO DATE  132                   -2
  SINCE JUN 1    419                  -37
  SINCE JAN 1    463                  -29
...................................................


WIND (MPH)
  HIGHEST WIND SPEED    15   HIGHEST WIND DIRECTION     N (360)
  HIGHEST GUST SPEED    18   HIGHEST GUST DIRECTION     N (360)
  AVERAGE WIND SPEED     6.1




RELATIVE HUMIDITY (PERCENT)
 HIGHEST    87
 LOWEST     53
 AVERAGE    70

..........................................................


THE  TRI CITIES MI CLIMATE NORMALS FOR TODAY
                         NORMAL
 MAXIMUM TEMPERATURE (F)   78
 MINIMUM TEMPERATURE (F)   57


SUNRISE AND SUNSET
AUGUST 28 2014........SUNRISE   656 AM EDT   SUNSET   819 PM EDT
AUGUST 29 2014........SUNRISE   657 AM EDT   SUNSET   817 PM EDT


-  INDICATES NEGATIVE NUMBERS.
R  INDICATES RECORD WAS SET OR TIED.
MM INDICATES DATA IS MISSING.
T  INDICATES TRACE AMOUNT.




$$
