000
CDUS43 KDTX 300536
CLIMBS


CLIMATE REPORT
NATIONAL WEATHER SERVICE DETROIT/PONTIAC MI
136 AM EDT MON MAY 30 2016


...................................

...THE TRI CITIES MI CLIMATE SUMMARY FOR MAY 29 2016...

CLIMATE NORMAL PERIOD 1981 TO 2010
CLIMATE RECORD PERIOD 1898 TO 2016


WEATHER ITEM   OBSERVED TIME   NORMAL DEPARTURE LAST
                VALUE   (LST)  VALUE  FROM      YEAR
                                      NORMAL
......................................................
TEMPERATURE (F)
 YESTERDAY
  MAXIMUM         86    308 PM  72     14       87
  MINIMUM         67   1159 PM  51     16       61
  AVERAGE         77            62     15

PRECIPITATION (IN)
  YESTERDAY        T             0.10  -0.10
  MONTH TO DATE    2.11          3.17  -1.06
  SINCE MAR 1      7.92          8.12  -0.20
  SINCE JAN 1     11.84         11.44   0.40

SNOWFALL (IN)
  YESTERDAY        0.0
  MONTH TO DATE    0.0
  SINCE MAR 1     16.5
  SINCE JUL 1     50.2
  SNOW DEPTH       0

DEGREE DAYS
 HEATING
  YESTERDAY        0                   -5
  MONTH TO DATE  214                  -49
  SINCE MAR 1   1634                 -170
  SINCE JUL 1   5647                -1256

 COOLING
  YESTERDAY       12                   10
  MONTH TO DATE   66                   39
  SINCE MAR 1     67                   36
  SINCE JAN 1     67                   36
......................................................


WIND (MPH)
  HIGHEST WIND SPEED    29   HIGHEST WIND DIRECTION     W (260)
  HIGHEST GUST SPEED    37   HIGHEST GUST DIRECTION     W (260)
  AVERAGE WIND SPEED    13.4



WEATHER CONDITIONS
 THE FOLLOWING WEATHER WAS RECORDED YESTERDAY.
  LIGHT RAIN


RELATIVE HUMIDITY (PERCENT)
 HIGHEST    79
 LOWEST     37
 AVERAGE    58

..........................................................


THE TRI CITIES MI CLIMATE NORMALS FOR TODAY
                         NORMAL
 MAXIMUM TEMPERATURE (F)   73
 MINIMUM TEMPERATURE (F)   52


SUNRISE AND SUNSET
MAY 30 2016...........SUNRISE   559 AM EDT   SUNSET   909 PM EDT
MAY 31 2016...........SUNRISE   558 AM EDT   SUNSET   910 PM EDT


-  INDICATES NEGATIVE NUMBERS.
R  INDICATES RECORD WAS SET OR TIED.
MM INDICATES DATA IS MISSING.
T  INDICATES TRACE AMOUNT.




$$
