000
CDUS43 KDTX 250539
CLIMBS


CLIMATE REPORT
NATIONAL WEATHER SERVICE DETROIT/PONTIAC MI
1238 AM EST THU DEC 25 2014


...................................

...THE  TRI CITIES MI CLIMATE SUMMARY FOR DECEMBER 24 2014...

CLIMATE NORMAL PERIOD 1981 TO 2010
CLIMATE RECORD PERIOD 1898 TO 2014


WEATHER ITEM   OBSERVED TIME   NORMAL DEPARTURE
                VALUE   (LST)  VALUE  FROM
                                      NORMAL
...................................................
TEMPERATURE (F)
 YESTERDAY
  MAXIMUM         41    437 PM  31     10
  MINIMUM         34   1132 PM  19     15
  AVERAGE         38            25     13

PRECIPITATION (IN)
  YESTERDAY        1.04          0.05   0.99
  MONTH TO DATE    1.46          1.46   0.00
  SINCE DEC 1      1.46          1.46   0.00
  SINCE JAN 1     31.83         31.14   0.69

SNOWFALL (IN)
  YESTERDAY        0.5
  MONTH TO DATE    0.9
  SINCE DEC 1      0.9
  SINCE JUL 1      3.8
  SNOW DEPTH       0

DEGREE DAYS
 HEATING
  YESTERDAY       27                  -13
  MONTH TO DATE  773                 -109
  SINCE DEC 1    773                 -109
  SINCE JUL 1   2269                  -86

 COOLING
  YESTERDAY        0                    0
  MONTH TO DATE    0                    0
  SINCE DEC 1      0                    0
  SINCE JAN 1    539                  -18
...................................................


WIND (MPH)
  HIGHEST WIND SPEED    28   HIGHEST WIND DIRECTION     N (10)
  HIGHEST GUST SPEED    33   HIGHEST GUST DIRECTION     N (10)
  AVERAGE WIND SPEED    11.5




RELATIVE HUMIDITY (PERCENT)
 HIGHEST    96
 LOWEST     85
 AVERAGE    91

..........................................................


THE  TRI CITIES MI CLIMATE NORMALS FOR TODAY
                         NORMAL
 MAXIMUM TEMPERATURE (F)   31
 MINIMUM TEMPERATURE (F)   19


SUNRISE AND SUNSET
DECEMBER 25 2014......SUNRISE   808 AM EST   SUNSET   505 PM EST
DECEMBER 26 2014......SUNRISE   808 AM EST   SUNSET   506 PM EST


-  INDICATES NEGATIVE NUMBERS.
R  INDICATES RECORD WAS SET OR TIED.
MM INDICATES DATA IS MISSING.
T  INDICATES TRACE AMOUNT.




$$
