000
CDUS46 KHNX 060823
CLIMCE


CLIMATE REPORT
NATIONAL WEATHER SERVICE SAN JOAQUIN VALLEY, CA
122 AM PDT FRI MAY 6 2016


...................................

...THE MERCED  CA CLIMATE SUMMARY FOR MAY 5 2016...

CLIMATE NORMAL PERIOD 1981 TO 2010
CLIMATE RECORD PERIOD 1998 TO 2016


WEATHER ITEM   OBSERVED TIME   RECORD YEAR NORMAL DEPARTURE
                VALUE   (LST)  VALUE       VALUE  FROM
                                                  NORMAL
...............................................................
TEMPERATURE (F)
 YESTERDAY
  MAXIMUM         73    408 PM  95    2011  80     -7
  MINIMUM         56   1142 PM  42    2003  49      7
  AVERAGE         65                        64      1

PRECIPITATION (IN)
  YESTERDAY        0.00          0.64 2005   0.02  -0.02
  MONTH TO DATE    T                         0.15  -0.15
  SINCE OCT 1     14.55                     11.63   2.92
  SINCE JAN 1     10.83                      8.12   2.71

SNOWFALL (IN)
  YESTERDAY        0.0
  MONTH TO DATE    0.0
  SINCE MAR 1      0.0
  SINCE JUL 1      0.0
  SNOW DEPTH       0

DEGREE DAYS
 HEATING
  YESTERDAY        0
  MONTH TO DATE    0
  SINCE MAR 1    339
  SINCE JUL 1   2236

 COOLING
  YESTERDAY        0
  MONTH TO DATE   17
  SINCE MAR 1     46
  SINCE JAN 1     46
...............................................................


WIND (MPH)
  HIGHEST WIND SPEED    16   HIGHEST WIND DIRECTION    NW (330)
  HIGHEST GUST SPEED    20   HIGHEST GUST DIRECTION    NW (320)
  AVERAGE WIND SPEED     6.2




RELATIVE HUMIDITY (PERCENT)
 HIGHEST    83
 LOWEST     44
 AVERAGE    64

..........................................................


THE MERCED  CA CLIMATE NORMALS FOR TODAY
                         NORMAL    RECORD    YEAR
 MAXIMUM TEMPERATURE (F)   80        90      2001
 MINIMUM TEMPERATURE (F)   49        42      2010


SUNRISE AND SUNSET
MAY  6 2016...........SUNRISE   601 AM PDT   SUNSET   757 PM PDT
MAY  7 2016...........SUNRISE   600 AM PDT   SUNSET   758 PM PDT


-  INDICATES NEGATIVE NUMBERS.
R  INDICATES RECORD WAS SET OR TIED.
MM INDICATES DATA IS MISSING.
T  INDICATES TRACE AMOUNT.




$$
