000
CDUS46 KHNX 020821
CLIMCE


CLIMATE REPORT
NATIONAL WEATHER SERVICE SAN JOAQUIN VALLEY, CA
121 AM PDT TUE SEP 2 2014


...................................

...THE MERCED  CA CLIMATE SUMMARY FOR SEPTEMBER 1 2014...

CLIMATE NORMAL PERIOD 1981 TO 2010
CLIMATE RECORD PERIOD 1998 TO 2014


WEATHER ITEM   OBSERVED TIME   RECORD YEAR NORMAL DEPARTURE
                VALUE   (LST)  VALUE       VALUE  FROM
                                                  NORMAL
...............................................................
TEMPERATURE (F)
 YESTERDAY
  MAXIMUM         98    432 PM 103    2007  91      7
  MINIMUM         62    420 AM  51    1999  58      4
  AVERAGE         80                        75      5

PRECIPITATION (IN)
  YESTERDAY        0.00          0.09 2000   0.00   0.00
  MONTH TO DATE    0.00                      0.00   0.00
  SINCE JUL 1      T                         0.02  -0.02
  SINCE JAN 1      3.96                      8.70  -4.74

SNOWFALL (IN)
  YESTERDAY        0.0
  MONTH TO DATE    0.0
  SINCE SEP 1      0.0
  SINCE JUL 1      0.0
  SNOW DEPTH       0

DEGREE DAYS
 HEATING
  YESTERDAY        0
  MONTH TO DATE    0
  SINCE SEP 1      0
  SINCE JUL 1      0

 COOLING
  YESTERDAY       15
  MONTH TO DATE   15
  SINCE SEP 1     15
  SINCE JAN 1   1663
...............................................................


WIND (MPH)
  HIGHEST WIND SPEED    12   HIGHEST WIND DIRECTION    NW (320)
  HIGHEST GUST SPEED    19   HIGHEST GUST DIRECTION     N (340)
  AVERAGE WIND SPEED     5.1




RELATIVE HUMIDITY (PERCENT)
 HIGHEST    63
 LOWEST     20
 AVERAGE    42

..........................................................


THE MERCED  CA CLIMATE NORMALS FOR TODAY
                         NORMAL    RECORD    YEAR
 MAXIMUM TEMPERATURE (F)   91       102      2003
 MINIMUM TEMPERATURE (F)   58        52      1999


SUNRISE AND SUNSET
SEPTEMBER  2 2014.....SUNRISE   634 AM PDT   SUNSET   730 PM PDT
SEPTEMBER  3 2014.....SUNRISE   635 AM PDT   SUNSET   728 PM PDT


-  INDICATES NEGATIVE NUMBERS.
R  INDICATES RECORD WAS SET OR TIED.
MM INDICATES DATA IS MISSING.
T  INDICATES TRACE AMOUNT.




$$
