000
CDUS46 KHNX 310833
CLIMCE


CLIMATE REPORT
NATIONAL WEATHER SERVICE SAN JOAQUIN VALLEY, CA
1232 AM PST SAT JAN 31 2015


...................................

...THE MERCED  CA CLIMATE SUMMARY FOR JANUARY 30 2015...

CLIMATE NORMAL PERIOD 1981 TO 2010
CLIMATE RECORD PERIOD 1998 TO 2015


WEATHER ITEM   OBSERVED TIME   RECORD YEAR NORMAL DEPARTURE
                VALUE   (LST)  VALUE       VALUE  FROM
                                                  NORMAL
...............................................................
TEMPERATURE (F)
 YESTERDAY
  MAXIMUM         63    433 PM  64    2013  56      7
                                      2012
  MINIMUM         43    530 AM  23    2002  38      5
  AVERAGE         53                        47      6

PRECIPITATION (IN)
  YESTERDAY        0.00          0.31 2014   0.06  -0.06
  MONTH TO DATE    0.02                      2.56  -2.54
  SINCE OCT 1      4.77                      6.07  -1.30
  SINCE JAN 1      0.02                      2.56  -2.54

SNOWFALL (IN)
  YESTERDAY        0.0
  MONTH TO DATE    0.0
  SINCE DEC 1      0.0
  SINCE JUL 1      0.0
  SNOW DEPTH       0

DEGREE DAYS
 HEATING
  YESTERDAY       12
  MONTH TO DATE  487
  SINCE DEC 1    872
  SINCE JUL 1   1157

 COOLING
  YESTERDAY        0
  MONTH TO DATE    0
  SINCE DEC 1      0
  SINCE JAN 1      0
...............................................................


WIND (MPH)
  HIGHEST WIND SPEED     8   HIGHEST WIND DIRECTION     E (100)
  HIGHEST GUST SPEED     9   HIGHEST GUST DIRECTION     E (100)
  AVERAGE WIND SPEED     2.8




RELATIVE HUMIDITY (PERCENT)
 HIGHEST   100
 LOWEST     60
 AVERAGE    80

..........................................................


THE MERCED  CA CLIMATE NORMALS FOR TODAY
                         NORMAL    RECORD    YEAR
 MAXIMUM TEMPERATURE (F)   56        66      2013
 MINIMUM TEMPERATURE (F)   38        27      2002


SUNRISE AND SUNSET
JANUARY 31 2015.......SUNRISE   706 AM PST   SUNSET   526 PM PST
FEBRUARY  1 2015......SUNRISE   706 AM PST   SUNSET   527 PM PST


-  INDICATES NEGATIVE NUMBERS.
R  INDICATES RECORD WAS SET OR TIED.
MM INDICATES DATA IS MISSING.
T  INDICATES TRACE AMOUNT.




$$
