000
CDUS46 KHNX 290826
CLIMCE


CLIMATE REPORT
NATIONAL WEATHER SERVICE SAN JOAQUIN VALLEY, CA
124 AM PDT WED JUL 29 2015


...................................

...THE MERCED  CA CLIMATE SUMMARY FOR JULY 28 2015...

CLIMATE NORMAL PERIOD 1981 TO 2010
CLIMATE RECORD PERIOD 1998 TO 2015


WEATHER ITEM   OBSERVED TIME   RECORD YEAR NORMAL DEPARTURE
                VALUE   (LST)  VALUE       VALUE  FROM
                                                  NORMAL
...............................................................
TEMPERATURE (F)
 YESTERDAY
  MAXIMUM         99        MM 101    2014  95      4
                                      2003
  MINIMUM         MM        MM  55    2010  61     MM
  AVERAGE         MM                        78     MM

PRECIPITATION (IN)
  YESTERDAY        0.00          T    2013   0.00   0.00
  MONTH TO DATE    T                         0.00   0.00
  SINCE OCT 1      7.84                     12.19  -4.35
  SINCE JAN 1      3.09                      8.68  -5.59

SNOWFALL (IN)
  YESTERDAY        0.0
  MONTH TO DATE    0.0
  SINCE JUN 1      0.0
  SINCE JUL 1      0.0
  SNOW DEPTH       0

DEGREE DAYS
 HEATING
  YESTERDAY       MM
  MONTH TO DATE    0
  SINCE JUN 1      0
  SINCE JUL 1      0

 COOLING
  YESTERDAY       MM
  MONTH TO DATE  374
  SINCE JUN 1    766
  SINCE JAN 1    888
...............................................................


WIND (MPH)
  HIGHEST WIND SPEED    MM   HIGHEST WIND DIRECTION    MM
  HIGHEST GUST SPEED    MM   HIGHEST GUST DIRECTION    MM
  AVERAGE WIND SPEED    MM




RELATIVE HUMIDITY (PERCENT)
 HIGHEST    54
 LOWEST     16
 AVERAGE    35

..........................................................


THE MERCED  CA CLIMATE NORMALS FOR TODAY
                         NORMAL    RECORD    YEAR
 MAXIMUM TEMPERATURE (F)   95       102      2003
 MINIMUM TEMPERATURE (F)   61        56      2010
                                             1999


SUNRISE AND SUNSET
JULY 29 2015..........SUNRISE   604 AM PDT   SUNSET   813 PM PDT
JULY 30 2015..........SUNRISE   605 AM PDT   SUNSET   812 PM PDT


-  INDICATES NEGATIVE NUMBERS.
R  INDICATES RECORD WAS SET OR TIED.
MM INDICATES DATA IS MISSING.
T  INDICATES TRACE AMOUNT.




$$
