000
CDAK49 PAMC 291154
CLIMCG

CLIMATE REPORT
NATIONAL WEATHER SERVICE MCGRATH, AK
254 AM AKST MON DEC 29 2014

...................................
...THE MCGRATH AIRPORT CLIMATE SUMMARY FOR DECEMBER 28 2014...

CLIMATE NORMAL PERIOD  1981 TO  2010
CLIMATE RECORD PERIOD  1940 TO  2014

WEATHER ITEM   OBSERVED TIME    RECORD YEAR NORMAL DEPARTURE LAST
               VALUE    (LST)   VALUE       VALUE  FROM      YEAR
                                                   NORMAL
...................................................................
TEMPERATURE
YESTERDAY
 MAXIMUM            28  1014 PM    40  1990      3      25      4
 MINIMUM            16  0154 AM   -65  1961    -14      30    -15
 AVERAGE            22                          -6      28     -6

PRECIPITATION
(INCHES)
 YESTERDAY        0.19           1.23  1990   0.04    0.15   0.18
 MONTH TO DATE    1.13                        1.16   -0.03   1.45
 SINCE DEC 1      1.13                        1.16   -0.03   1.45
 SINCE JAN 1     11.54                       17.87   -6.33  20.89

SNOWFALL
(INCHES)
 YESTERDAY         2.0            4.8  1994    0.6     1.4    3.5
 MONTH TO DATE    14.8                        18.3    -3.5   17.4
 SINCE DEC 1      14.8                        18.3    -3.5   17.4
 SINCE JUL 1      24.5                        49.3   -24.8   30.3
 SNOW DEPTH (IN)    13                                         14

DEGREE DAYS
 HEATING
  YESTERDAY         43                          71     -28     71
  MONTH TO DATE   1583                        1901    -318   1828
  SINCE DEC 1     1580                        1901    -321   1820
  SINCE JUL 1     5225                        6033    -808   5282

 COOLING
  YESTERDAY          0                           0       0      0
  MONTH TO DATE      0                           0       0      0
  SINCE DEC 1        0                           0       0      0
  SINCE JAN 1       11                          16      -5     78
...................................................................

WIND (MPH)
 HIGHEST WIND SPEED    13     HIGHEST WIND DIRECTION    220
 HIGHEST GUST SPEED    14     HIGHEST GUST DIRECTION    230
 AVERAGE WIND SPEED   2.0

WEATHER CONDITIONS
 THE FOLLOWING WEATHER WAS RECORDED YESTERDAY.
 FOG
 SNOW

...................................................................

THE MCGRATH CLIMATE NORMALS FOR TODAY
                           NORMAL    RECORD   YEAR
 MAXIMUM TEMPERATURE (F)      3        49     1977
 MINIMUM TEMPERATURE (F)    -15       -63     1961

SUNRISE AND SUNSET
 DEC 29 2014..........SUNRISE 11:00 AM      SUNSET  3:51 PM
 DEC 30 2014..........SUNRISE 10:59 AM      SUNSET  3:52 PM

-  INDICATES NEGATIVE NUMBERS.
R  INDICATES RECORD HAS BEEN SET OR TIED.
MM INDICATES DATA IS MISSING.
T  INDICATES TRACE OF PRECIPITATION.

&&
-------------------------------------------------------------------

AMOUNT OF DAYLIGHT TODAY  (HOUR:MIN)........4 HOURS 51 MINUTES
GAIN SINCE YESTERDAY (HOUR:MIN:SEC)....+0:01:49

$$
JCD DEC 14
