000
CDAK49 PAMC 070904
CLIMCG

CLIMATE REPORT
NATIONAL WEATHER SERVICE MCGRATH, AK
104 AM AKDT TUE JUL 7 2015

...................................
...THE MCGRATH AIRPORT CLIMATE SUMMARY FOR JULY 6 2015...

CLIMATE NORMAL PERIOD  1981 TO  2010
CLIMATE RECORD PERIOD  1940 TO  2015

WEATHER ITEM   OBSERVED TIME    RECORD YEAR NORMAL DEPARTURE LAST
               VALUE    (LST)   VALUE       VALUE  FROM      YEAR
                                                   NORMAL
...................................................................
TEMPERATURE
YESTERDAY
 MAXIMUM            MM    MM       87  2009     71      MM     82
 MINIMUM            MM    MM       43  2012     51      MM     55
 AVERAGE            MM                          61      MM     69

PRECIPITATION
(INCHES)
 YESTERDAY        0.00           1.40  1998   0.07   -0.07      T
 MONTH TO DATE    0.12                        0.40   -0.28      T
 SINCE JUN 1      1.20                        1.92   -0.72   1.52
 SINCE JAN 1      2.54                        6.59   -4.05   4.25

SNOWFALL
(INCHES)
 YESTERDAY         0.0            0.0  2015    0.0     0.0    0.0
 MONTH TO DATE     0.0                         0.0     0.0    0.0
 SINCE JUN 1       0.0                         0.0     0.0    0.0
 SINCE JUL 1       0.0                         0.0     0.0    0.0
 SNOW DEPTH (IN)     0                                          0

DEGREE DAYS
 HEATING
  YESTERDAY         MM                           5      MM      0
  MONTH TO DATE     MM                          30      MM     12
  SINCE JUN 1      412                         264     148    317
  SINCE JUL 1      219                          30     189     12

 COOLING
  YESTERDAY         MM                           1      MM      4
  MONTH TO DATE     MM                           6      MM     11
  SINCE JUN 1       26                          11      15     11
  SINCE JAN 1       MM                          11      MM     11
...................................................................

WIND (MPH)
 HIGHEST WIND SPEED    MM     HIGHEST WIND DIRECTION     MM
 HIGHEST GUST SPEED    MM     HIGHEST GUST DIRECTION     MM
 AVERAGE WIND SPEED    MM

WEATHER CONDITIONS
 THE FOLLOWING WEATHER WAS RECORDED YESTERDAY.
 SMOKE OR HAZE
...................................................................

THE MCGRATH CLIMATE NORMALS FOR TODAY
                           NORMAL    RECORD   YEAR
 MAXIMUM TEMPERATURE (F)     71        89     2009
 MINIMUM TEMPERATURE (F)     51        42     1961

SUNRISE AND SUNSET
 JUL 7 2015..........SUNRISE  4:35 AM      SUNSET 12:19 AM
 JUL 8 2015..........SUNRISE  4:37 AM      SUNSET 12:17 AM

-  INDICATES NEGATIVE NUMBERS.
R  INDICATES RECORD HAS BEEN SET OR TIED.
MM INDICATES DATA IS MISSING.
T  INDICATES TRACE OF PRECIPITATION.

&&
-------------------------------------------------------------------

AMOUNT OF DAYLIGHT TODAY  (HOUR:MIN)........19 HOURS 44 MINUTES
LOSS SINCE YESTERDAY (HOUR:MIN:SEC)....-0:03:39

$$
ADJ JUL 15
