000
CDAK49 PAFG 220949
CLIMCG

CLIMATE REPORT
NATIONAL WEATHER SERVICE FAIRBANKS AK
1249 AM AKST WED FEB 22 2017


...................................

...THE MCGRATH AK CLIMATE SUMMARY FOR FEBRUARY 21 2017...

CLIMATE NORMAL PERIOD 1981 TO 2010
CLIMATE RECORD PERIOD 1946 TO 2017


WEATHER ITEM   OBSERVED TIME   RECORD YEAR NORMAL DEPARTURE LAST
                VALUE   (LST)  VALUE       VALUE  FROM      YEAR
                                                  NORMAL
..................................................................
TEMPERATURE (F)
 YESTERDAY
  MAXIMUM         -7   1159 PM  41    2015  16    -23       24
                                      1942
  MINIMUM        -42    914 AM -49    1990  -8    -34       11
  AVERAGE        -24                         4    -28       18

PRECIPITATION (IN)
  YESTERDAY        0.07          0.86 1943   0.03   0.04     0.00
  MONTH TO DATE    0.36                      0.71  -0.35     0.04
  SINCE DEC 1      1.87                      3.09  -1.22     0.04
  SINCE JAN 1      0.90                      1.80  -0.90     0.04

SNOWFALL (IN)
  YESTERDAY        1.3           8.4  1943   0.5    0.8      0.0
  MONTH TO DATE    8.0                       9.8   -1.8      0.0
  SINCE DEC 1     36.6                      45.7   -9.1      0.0
  SINCE JUL 1     44.9                      76.7  -31.8      0.0
  SNOW DEPTH      18

DEGREE DAYS
 HEATING
  YESTERDAY       89                        61     28       47
  MONTH TO DATE 1471                      1360    111      659
  SINCE DEC 1   5711                      5690     21      659
  SINCE JUL 1   9457                      9813   -356      659

 COOLING
  YESTERDAY        0                         0      0        0
  MONTH TO DATE    0                         0      0        0
  SINCE DEC 1      0                         0      0        0
  SINCE JAN 1      0                         0      0        0
..................................................................


WIND (MPH)
  HIGHEST GUST SPEED     8   HIGHEST GUST DIRECTION    NW (330)


SKY COVER
  AVERAGE SKY COVER 0.3


WEATHER CONDITIONS
 THE FOLLOWING WEATHER WAS RECORDED YESTERDAY.
  LIGHT SNOW
  HAZE


RELATIVE HUMIDITY (PERCENT)
 HIGHEST    79
 LOWEST     62
 AVERAGE    71

..........................................................


THE MCGRATH AK CLIMATE NORMALS FOR TODAY
                         NORMAL    RECORD    YEAR
 MAXIMUM TEMPERATURE (F)   16        44      2015
                                             1978
                                             1943
 MINIMUM TEMPERATURE (F)   -8       -50      1990
                                             1985


SUNRISE AND SUNSET
FEBRUARY 22 2017......SUNRISE   849 AM AKST  SUNSET   625 PM AKST
FEBRUARY 23 2017......SUNRISE   845 AM AKST  SUNSET   628 PM AKST

-  INDICATES NEGATIVE NUMBERS.
R  INDICATES RECORD WAS SET OR TIED.
MM INDICATES DATA IS MISSING.
T  INDICATES TRACE AMOUNT.

&&

SNOW DEPTH IS MEASURED AT 3AM AKST/4AM AKDT.

----------------------------
AVAILABLE DAYLIGHT

AMOUNT OF DAYLIGHT TODAY  (HOUR:MIN)........9:37
GAIN/LOSS SINCE YESTERDAY (HOUR:MIN:SEC)....+0:06:12

$$
CCC FEB 17
