797
CDAK49 PAFG 180944
CLIMCG

CLIMATE REPORT
NATIONAL WEATHER SERVICE FAIRBANKS AK
1244 AM AKST SAT NOV 18 2017


...................................

...THE MCGRATH AK CLIMATE SUMMARY FOR NOVEMBER 17 2017...

CLIMATE NORMAL PERIOD 1981 TO 2010
CLIMATE RECORD PERIOD 1946 TO 2017


WEATHER ITEM   OBSERVED TIME   RECORD YEAR NORMAL DEPARTURE LAST
                VALUE   (LST)  VALUE       VALUE  FROM      YEAR
                                                  NORMAL
..................................................................
TEMPERATURE (F)
 YESTERDAY
  MAXIMUM         30    849 AM  40    1994  12     18        4
  MINIMUM         16   1132 PM -39    2011  -3     19      -13
  AVERAGE         23                         4     19       -4

PRECIPITATION (IN)
  YESTERDAY        T             0.41 1994   0.05  -0.05     0.00
  MONTH TO DATE    0.46                      0.81  -0.35     0.15
  SINCE SEP 1      5.64                      4.74   0.90     5.61
  SINCE JAN 1     16.01                     16.11  -0.10    18.44

SNOWFALL (IN)
  YESTERDAY        0.1           5.4  1977   0.7   -0.6      0.0
  MONTH TO DATE    8.6                      10.8   -2.2      2.9
  SINCE SEP 1     14.9                      22.5   -7.6      4.5
  SINCE JUL 1     14.9                      22.5   -7.6      4.5
  SNOW DEPTH       7

DEGREE DAYS
 HEATING
  YESTERDAY       42                        61    -19       69
  MONTH TO DATE  740                       962   -222      868
  SINCE SEP 1   2227                      2811   -584     2496
  SINCE JUL 1   2580                      3302   -722     2772

 COOLING
  YESTERDAY        0                         0      0        0
  MONTH TO DATE    0                         0      0        0
  SINCE SEP 1      0                         0      0        0
  SINCE JAN 1     37                        20     17       29
..................................................................


WIND (MPH)
  HIGHEST GUST SPEED    24   HIGHEST GUST DIRECTION     N (340)


SKY COVER
  AVERAGE SKY COVER 1.0


WEATHER CONDITIONS
 THE FOLLOWING WEATHER WAS RECORDED YESTERDAY.
  LIGHT SNOW
  FOG


RELATIVE HUMIDITY (PERCENT)
 HIGHEST    91
 LOWEST     63
 AVERAGE    77

..........................................................


THE MCGRATH AK CLIMATE NORMALS FOR TODAY
                         NORMAL    RECORD    YEAR
 MAXIMUM TEMPERATURE (F)   12        35      1941
 MINIMUM TEMPERATURE (F)   -4       -36      1982


SUNRISE AND SUNSET
NOVEMBER 18 2017......SUNRISE   952 AM AKST  SUNSET   424 PM AKST
NOVEMBER 19 2017......SUNRISE   955 AM AKST  SUNSET   421 PM AKST

-  INDICATES NEGATIVE NUMBERS.
R  INDICATES RECORD WAS SET OR TIED.
MM INDICATES DATA IS MISSING.
T  INDICATES TRACE AMOUNT.

&&

SNOW DEPTH IS MEASURED AT 3AM AKST/4AM AKDT.

----------------------------
AVAILABLE DAYLIGHT

AMOUNT OF DAYLIGHT TODAY  (HOUR:MIN)........6:31
GAIN/LOSS SINCE YESTERDAY (HOUR:MIN:SEC)....-0:05:27

$$
NOV 17
