000
CDAK49 PAFG 231121
CLIMCG

CLIMATE REPORT
NATIONAL WEATHER SERVICE FAIRBANKS AK
221 AM AKST TUE JAN 23 2018


...................................

...THE MCGRATH AK CLIMATE SUMMARY FOR JANUARY 22 2018...

CLIMATE NORMAL PERIOD 1981 TO 2010
CLIMATE RECORD PERIOD 1946 TO 2018


WEATHER ITEM   OBSERVED TIME   RECORD YEAR NORMAL DEPARTURE LAST
                VALUE   (LST)  VALUE       VALUE  FROM      YEAR
                                                  NORMAL
..................................................................
TEMPERATURE (F)
 YESTERDAY
  MAXIMUM        -10    331 PM  39    2008   2    -12      -18
  MINIMUM        -28   1154 PM -61    1989 -15    -13      -41
  AVERAGE        -19                        -6    -13      -29

PRECIPITATION (IN)
  YESTERDAY        0.00          0.73 1999   0.03  -0.03     0.00
  MONTH TO DATE    0.10                      0.79  -0.69     0.50
  SINCE DEC 1      1.23                      2.08  -0.85     1.47
  SINCE JAN 1      0.10                      0.79  -0.69     0.50

SNOWFALL (IN)
  YESTERDAY        0.0           6.4  1999   0.5   -0.5      0.0
  MONTH TO DATE    1.4                      11.4  -10.0     14.0
  SINCE DEC 1     10.3                      31.6  -21.3     27.9
  SINCE JUL 1     37.1                      62.6  -25.5     36.2
  SNOW DEPTH      14

DEGREE DAYS
 HEATING
  YESTERDAY       84                        71     13       94
  MONTH TO DATE 1403                      1582   -179     1685
  SINCE DEC 1   2812                      3696   -884     3707
  SINCE JUL 1   6237                      7819  -1582     7453

 COOLING
  YESTERDAY        0                         0      0        0
  MONTH TO DATE    0                         0      0        0
  SINCE DEC 1      0                         0      0        0
  SINCE JAN 1      0                         0      0        0
..................................................................


WIND (MPH)
  HIGHEST GUST SPEED    17   HIGHEST GUST DIRECTION     N (340)


SKY COVER
  AVERAGE SKY COVER 0.0


WEATHER CONDITIONS
 THE FOLLOWING WEATHER WAS RECORDED YESTERDAY.
  NO SIGNIFICANT WEATHER WAS OBSERVED.


RELATIVE HUMIDITY (PERCENT)
 HIGHEST    73
 LOWEST     50
 AVERAGE    62

..........................................................


THE MCGRATH AK CLIMATE NORMALS FOR TODAY
                         NORMAL    RECORD    YEAR
 MAXIMUM TEMPERATURE (F)    3        41      2000
 MINIMUM TEMPERATURE (F)  -15       -61      1989


SUNRISE AND SUNSET
JANUARY 23 2018.......SUNRISE  1018 AM AKST  SUNSET   453 PM AKST
JANUARY 24 2018.......SUNRISE  1015 AM AKST  SUNSET   456 PM AKST

-  INDICATES NEGATIVE NUMBERS.
R  INDICATES RECORD WAS SET OR TIED.
MM INDICATES DATA IS MISSING.
T  INDICATES TRACE AMOUNT.

&&

SNOW DEPTH IS MEASURED AT 3AM AKST/4AM AKDT.

----------------------------
AVAILABLE DAYLIGHT

AMOUNT OF DAYLIGHT TODAY  (HOUR:MIN)........6:35
GAIN/LOSS SINCE YESTERDAY (HOUR:MIN:SEC)....+0:05:28

$$
JAN 18
