000
CDAK49 PAMC 241134
CLIMCG

CLIMATE REPORT
NATIONAL WEATHER SERVICE MCGRATH, AK
334 AM AKDT THU APR 24 2014

...................................
...THE MCGRATH AIRPORT CLIMATE SUMMARY FOR APRIL 23 2014...

CLIMATE NORMAL PERIOD  1981 TO  2010
CLIMATE RECORD PERIOD  1940 TO  2014

WEATHER ITEM   OBSERVED TIME    RECORD YEAR NORMAL DEPARTURE LAST
               VALUE    (LST)   VALUE       VALUE  FROM      YEAR
                                                   NORMAL
...................................................................
TEMPERATURE
YESTERDAY
 MAXIMUM            52  0549 PM    62  2007     46       6     52
 MINIMUM            30  0518 AM    -9  1948     25       5     17
 AVERAGE            41                          35       6     35

PRECIPITATION
(INCHES)
 YESTERDAY           T           0.47  1983   0.02   -0.02   0.00
 MONTH TO DATE    0.07                        0.55   -0.48   0.03
 SINCE MAR 1      0.11                        1.36   -1.25   0.52
 SINCE JAN 1      1.80                        3.39   -1.59   3.69

SNOWFALL
(INCHES)
 YESTERDAY         0.0            2.2  1990    0.2    -0.2    0.0
 MONTH TO DATE     0.7                         4.4    -3.7    0.4
 SINCE MAR 1       1.1                        15.7   -14.6    7.6
 SINCE JUL 1      47.1                        95.7   -48.6   73.5
 SNOW DEPTH (IN)     0                                         20

DEGREE DAYS
 HEATING
  YESTERDAY         24                          30      -6     30
  MONTH TO DATE    830                         869     -39   1123
  SINCE MAR 1     2430                        2525     -95   2839
  SINCE JUL 1    11234                       12763   -1529  13413

 COOLING
  YESTERDAY          0                           0       0      0
  MONTH TO DATE      0                           0       0      0
  SINCE MAR 1        0                           0       0      0
  SINCE JAN 1        0                           0       0      0
...................................................................

WIND (MPH)
 HIGHEST WIND SPEED     9     HIGHEST WIND DIRECTION    180
 HIGHEST GUST SPEED    14     HIGHEST GUST DIRECTION    150
 AVERAGE WIND SPEED   2.3

WEATHER CONDITIONS
 THE FOLLOWING WEATHER WAS RECORDED YESTERDAY.
 RAIN
...................................................................

THE MCGRATH CLIMATE NORMALS FOR TODAY
                           NORMAL    RECORD   YEAR
 MAXIMUM TEMPERATURE (F)     46        60     2007
 MINIMUM TEMPERATURE (F)     25         0     1984

SUNRISE AND SUNSET
 APR 24 2014..........SUNRISE  6:25 AM      SUNSET 10:19 PM
 APR 25 2014..........SUNRISE  6:22 AM      SUNSET 10:22 PM

-  INDICATES NEGATIVE NUMBERS.
R  INDICATES RECORD HAS BEEN SET OR TIED.
MM INDICATES DATA IS MISSING.
T  INDICATES TRACE OF PRECIPITATION.

&&
-------------------------------------------------------------------

AMOUNT OF DAYLIGHT TODAY  (HOUR:MIN)........15 HOURS 54 MINUTES
GAIN SINCE YESTERDAY (HOUR:MIN:SEC)....+0:06:13

$$
ADJ APR 14
