000
CDAK49 PAFG 190949
CLIMCG

CLIMATE REPORT
NATIONAL WEATHER SERVICE FAIRBANKS AK
1249 AM AKST THU JAN 19 2017


...................................

...THE MCGRATH AK CLIMATE SUMMARY FOR JANUARY 18 2017...

CLIMATE NORMAL PERIOD 1981 TO 2010
CLIMATE RECORD PERIOD 1946 TO 2017


WEATHER ITEM   OBSERVED TIME   RECORD YEAR NORMAL DEPARTURE LAST
                VALUE   (LST)  VALUE       VALUE  FROM      YEAR
                                                  NORMAL
..................................................................
TEMPERATURE (F)
 YESTERDAY
  MAXIMUM        -39    348 PM  41    1980   2    -41       MM
  MINIMUM        -52   1018 AM -60    1947 -16    -36       MM
  AVERAGE        -45                        -7    -38       MM

PRECIPITATION (IN)
  YESTERDAY        0.00          0.40 2009   0.03  -0.03    MM
  MONTH TO DATE    0.36                      0.66  -0.30    MM
  SINCE DEC 1      1.33                      1.95  -0.62    MM
  SINCE JAN 1      0.36                      0.66  -0.30    MM

SNOWFALL (IN)
  YESTERDAY        0.0           5.5  2009   0.4   -0.4     MM
  MONTH TO DATE    4.9                       9.5   -4.6     MM
  SINCE DEC 1     18.8                      29.7  -10.9     MM
  SINCE JUL 1     27.1                      60.7  -33.6     MM
  SNOW DEPTH      13

DEGREE DAYS
 HEATING
  YESTERDAY      110                        72     38       MM
  MONTH TO DATE 1319                      1295     24       MM
  SINCE DEC 1   3341                      3409    -68       MM
  SINCE JUL 1   7087                      7532   -445       MM

 COOLING
  YESTERDAY        0                         0      0       MM
  MONTH TO DATE    0                         0      0       MM
  SINCE DEC 1      0                         0      0       MM
  SINCE JAN 1      0                         0      0       MM
..................................................................


WIND (MPH)
  HIGHEST GUST SPEED     6   HIGHEST GUST DIRECTION     E (110)


SKY COVER
  AVERAGE SKY COVER 0.2


WEATHER CONDITIONS
 THE FOLLOWING WEATHER WAS RECORDED YESTERDAY.
  FOG
  HAZE


RELATIVE HUMIDITY (PERCENT)
 HIGHEST    MM
 LOWEST     MM
 AVERAGE    MM

..........................................................


THE MCGRATH AK CLIMATE NORMALS FOR TODAY
                         NORMAL    RECORD    YEAR
 MAXIMUM TEMPERATURE (F)    2        43      2008
 MINIMUM TEMPERATURE (F)  -16       -57      1989
                                             1973
                                             1947


SUNRISE AND SUNSET
JANUARY 19 2017.......SUNRISE  1027 AM AKST  SUNSET   442 PM AKST
JANUARY 20 2017.......SUNRISE  1024 AM AKST  SUNSET   444 PM AKST

-  INDICATES NEGATIVE NUMBERS.
R  INDICATES RECORD WAS SET OR TIED.
MM INDICATES DATA IS MISSING.
T  INDICATES TRACE AMOUNT.

&&

SNOW DEPTH IS MEASURED AT 3AM AKST/4AM AKDT.

----------------------------
AVAILABLE DAYLIGHT

AMOUNT OF DAYLIGHT TODAY  (HOUR:MIN)........6:15
GAIN/LOSS SINCE YESTERDAY (HOUR:MIN:SEC)....+0:05:11

$$
BJB JAN 17
