000
CDAK49 PAMC 020910
CLIMCG

CLIMATE REPORT
NATIONAL WEATHER SERVICE MCGRATH, AK
110 AM AKDT TUE JUN 2 2015

...................................
...THE MCGRATH AIRPORT CLIMATE SUMMARY FOR JUNE 1 2015...

CLIMATE NORMAL PERIOD  1981 TO  2015
CLIMATE RECORD PERIOD  1939 TO  2015

WEATHER ITEM   OBSERVED TIME    RECORD YEAR NORMAL DEPARTURE LAST
               VALUE    (LST)   VALUE       VALUE  FROM      YEAR
                                                   NORMAL
...................................................................
TEMPERATURE
YESTERDAY
 MAXIMUM            66  0530 PM    83  2013     64       2     54
 MINIMUM            45  0321 AM    30  1960     42       3     42
 AVERAGE            56                          53       3     48

PRECIPITATION
(INCHES)
 YESTERDAY        0.00           0.32  2003   0.04   -0.04      T
 MONTH TO DATE    0.00                        0.04   -0.04      T
 SINCE JUN 1      0.00                        0.04   -0.04   0.00
 SINCE JAN 1      1.34                        4.71   -3.37   2.73

SNOWFALL
(INCHES)
 YESTERDAY         0.0              T  1972    0.0     0.0    0.0
 MONTH TO DATE     0.0                         0.0     0.0    0.0
 SINCE JUN 1       0.0                         0.0     0.0    0.0
 SINCE JUL 1      41.6                        97.3   -55.7   47.1
 SNOW DEPTH (IN)     0                                          0

DEGREE DAYS
 HEATING
  YESTERDAY          9                          12      -3     17
  MONTH TO DATE      9                          12      -3     17
  SINCE JUN 1        9                          12      -3     17
  SINCE JUL 1    11802                       13533   -1731  11911

 COOLING
  YESTERDAY          0                           0       0      0
  MONTH TO DATE      0                           0       0      0
  SINCE JUN 1        0                           0       0      0
  SINCE JAN 1        0                           0       0      0
...................................................................

WIND (MPH)
 HIGHEST WIND SPEED    22     HIGHEST WIND DIRECTION     80
 HIGHEST GUST SPEED    25     HIGHEST GUST DIRECTION     90
 AVERAGE WIND SPEED   9.2

WEATHER CONDITIONS
 THE FOLLOWING WEATHER WAS RECORDED YESTERDAY.
  NO SIGNIFICANT WEATHER WAS OBSERVED.

...................................................................

THE MCGRATH CLIMATE NORMALS FOR TODAY
                           NORMAL    RECORD   YEAR
 MAXIMUM TEMPERATURE (F)     64        80     1993
 MINIMUM TEMPERATURE (F)     42        32     1960

SUNRISE AND SUNSET
 JUN 2 2015..........SUNRISE  4:35 AM      SUNSET 12:09 AM
 JUN 3 2015..........SUNRISE  4:33 AM      SUNSET 12:11 AM

-  INDICATES NEGATIVE NUMBERS.
R  INDICATES RECORD HAS BEEN SET OR TIED.
MM INDICATES DATA IS MISSING.
T  INDICATES TRACE OF PRECIPITATION.

&&
-------------------------------------------------------------------

AMOUNT OF DAYLIGHT TODAY  (HOUR:MIN)........19 HOURS 34 MINUTES
GAIN/LOSS SINCE YESTERDAY (HOUR:MIN:SEC)....+0:04:23

$$
TR JUN 15
