000
CDUS43 KGLD 290748 RRB
CLIMCK

CLIMATE REPORT
NATIONAL WEATHER SERVICE GOODLAND
144 AM MDT THU JUN 29 2017

...................................

...THE MCCOOK NE CLIMATE SUMMARY FOR JUNE 28 2017...

CLIMATE NORMAL PERIOD 1981 TO 2010
CLIMATE RECORD PERIOD 1896 TO 2017

WEATHER ITEM   OBSERVED TIME   RECORD YEAR NORMAL DEPARTURE LAST
                VALUE   (LST)  VALUE       VALUE  FROM      YEAR
                                                  NORMAL
..................................................................
TEMPERATURE (F)
 YESTERDAY
  MAXIMUM         93    441 PM 106    1963  89      4       89
  MINIMUM         62    511 AM  44    1985  60      2       62
  AVERAGE         78                        74      4       76

PRECIPITATION (IN)
  YESTERDAY        T                         0.10  -0.10     0.06
  MONTH TO DATE    0.24                      3.17  -2.93     2.85
  SINCE JUN 1      0.24                      3.17  -2.93     2.85
  SINCE JAN 1      8.27                     11.11  -2.84    13.05

..................................................................

THE MCCOOK NE CLIMATE NORMALS FOR TODAY
                         NORMAL    RECORD    YEAR
 MAXIMUM TEMPERATURE (F)   89       108      1970
 MINIMUM TEMPERATURE (F)   60        47      1985

-  INDICATES NEGATIVE NUMBERS.
R  INDICATES RECORD WAS SET OR TIED.
MM INDICATES DATA IS MISSING.
T  INDICATES TRACE AMOUNT.

$$
