000
CDUS43 KGLD 250747 RRA
CLIMCK

CLIMATE REPORT
NATIONAL WEATHER SERVICE GOODLAND
145 AM MDT SAT OCT 25 2014


...................................

...THE MCCOOK NE CLIMATE SUMMARY FOR OCTOBER 24 2014...

CLIMATE NORMAL PERIOD 1981 TO 2010
CLIMATE RECORD PERIOD 1896 TO 2014


WEATHER ITEM   OBSERVED TIME   RECORD YEAR NORMAL DEPARTURE LAST
                VALUE   (LST)  VALUE       VALUE  FROM      YEAR
                                                  NORMAL
..................................................................
TEMPERATURE (F)
 YESTERDAY
  MAXIMUM         89R   312 PM  88    1927  64     25       49
  MINIMUM         47   1158 PM  22    2005  33     14       32
  AVERAGE         68                        48     20       41

PRECIPITATION (IN)
  YESTERDAY        0.00                      0.06  -0.06     0.00
  MONTH TO DATE    0.27                      1.45  -1.18     0.58
  SINCE SEP 1      1.95                      2.89  -0.94     2.93
  SINCE JAN 1     22.90                     20.60   2.30    12.10

..................................................................







THE MCCOOK NE CLIMATE NORMALS FOR TODAY
                         NORMAL    RECORD    YEAR
 MAXIMUM TEMPERATURE (F)   63        89      1959
 MINIMUM TEMPERATURE (F)   33        18      1975



-  INDICATES NEGATIVE NUMBERS.
R  INDICATES RECORD WAS SET OR TIED.
MM INDICATES DATA IS MISSING.
T  INDICATES TRACE AMOUNT.




$$
