000
CDUS43 KGLD 170747
CLIMCK

CLIMATE REPORT
NATIONAL WEATHER SERVICE GOODLAND
144 AM MDT TUE OCT 17 2017

...................................

...THE MCCOOK NE CLIMATE SUMMARY FOR OCTOBER 16 2017...

CLIMATE NORMAL PERIOD 1981 TO 2010
CLIMATE RECORD PERIOD 1896 TO 2017


WEATHER ITEM   OBSERVED TIME   RECORD YEAR NORMAL DEPARTURE LAST
                VALUE   (LST)  VALUE       VALUE  FROM      YEAR
                                                  NORMAL
..................................................................
TEMPERATURE (F)
 YESTERDAY
  MAXIMUM         81    258 PM  94    1926  67     14       78
  MINIMUM         30    724 AM  18    1922  36     -6       48
  AVERAGE         56                        51      5       63

PRECIPITATION (IN)
  YESTERDAY        0.00                      0.06  -0.06     0.00
  MONTH TO DATE    1.05                      0.95   0.10     0.11
  SINCE SEP 1      4.13                      2.39   1.74     5.74
  SINCE JAN 1     18.24                     20.10  -1.86    23.87

..................................................................


THE MCCOOK NE CLIMATE NORMALS FOR TODAY
                         NORMAL    RECORD    YEAR
 MAXIMUM TEMPERATURE (F)   66        90      1918
 MINIMUM TEMPERATURE (F)   36        18      1922


-  INDICATES NEGATIVE NUMBERS.
R  INDICATES RECORD WAS SET OR TIED.
MM INDICATES DATA IS MISSING.
T  INDICATES TRACE AMOUNT.


$$
