000
CDUS43 KGLD 290740
CLIMCK

CLIMATE REPORT
NATIONAL WEATHER SERVICE GOODLAND
137 AM MDT SUN MAR 29 2015


...................................

...THE MCCOOK NE CLIMATE SUMMARY FOR MARCH 28 2015...

CLIMATE NORMAL PERIOD 1981 TO 2010
CLIMATE RECORD PERIOD 1896 TO 2015


WEATHER ITEM   OBSERVED TIME   RECORD YEAR NORMAL DEPARTURE LAST
                VALUE   (LST)  VALUE       VALUE  FROM      YEAR
                                                  NORMAL
..................................................................
TEMPERATURE (F)
 YESTERDAY
  MAXIMUM         81    424 PM  88    1963  58     23       63
  MINIMUM         33    657 AM   5    1931  28      5       26
  AVERAGE         57                        43     14       45

PRECIPITATION (IN)
  YESTERDAY        0.00                      0.05  -0.05      T
  MONTH TO DATE    0.03                      1.20  -1.17     0.26
  SINCE MAR 1      0.03                      1.20  -1.17     0.26
  SINCE JAN 1      0.37                      2.33  -1.96     0.75

..................................................................


THE MCCOOK NE CLIMATE NORMALS FOR TODAY
                         NORMAL    RECORD    YEAR
 MAXIMUM TEMPERATURE (F)   59        92      1943
 MINIMUM TEMPERATURE (F)   28        10      1987



-  INDICATES NEGATIVE NUMBERS.
R  INDICATES RECORD WAS SET OR TIED.
MM INDICATES DATA IS MISSING.
T  INDICATES TRACE AMOUNT.

$$
