000
CDUS43 KGLD 060043
CLIMCK

CLIMATE REPORT
NATIONAL WEATHER SERVICE GOODLAND
638 PM MDT THU MAY 5 2016


...................................

...THE MCCOOK NE CLIMATE SUMMARY FOR MAY 5 2016...
VALID TODAY AS OF 0600 PM LOCAL TIME.

CLIMATE NORMAL PERIOD 1981 TO 2010
CLIMATE RECORD PERIOD 1896 TO 2016


WEATHER ITEM   OBSERVED TIME   RECORD YEAR NORMAL DEPARTURE LAST
                VALUE   (LST)  VALUE       VALUE  FROM      YEAR
                                                  NORMAL
..................................................................
TEMPERATURE (F)
 TODAY
  MAXIMUM         80    351 PM  98    1936  71      9       65
  MINIMUM         42    503 AM  25    2013  42      0       51
  AVERAGE         61                        56      5       58

PRECIPITATION (IN)
  TODAY            0.00                      0.10  -0.10     0.26
  MONTH TO DATE    0.05                      0.48  -0.43     0.32
  SINCE MAR 1      6.63                      4.15   2.48     2.30
  SINCE JAN 1      7.64                      5.28   2.36     2.64

..................................................................







THE MCCOOK NE CLIMATE NORMALS FOR TOMORROW
                         NORMAL    RECORD    YEAR
 MAXIMUM TEMPERATURE (F)   71        98      1916
 MINIMUM TEMPERATURE (F)   42        29      1989



-  INDICATES NEGATIVE NUMBERS.
R  INDICATES RECORD WAS SET OR TIED.
MM INDICATES DATA IS MISSING.
T  INDICATES TRACE AMOUNT.




$$
