000
CDUS42 KFFC 070020
CLIMCN


CLIMATE REPORT
NATIONAL WEATHER SERVICE PEACHTREE CITY GA
720 PM EST SAT FEB 6 2016


...................................

...THE MACON CLIMATE SUMMARY FOR FEBRUARY 6 2016...
VALID AS OF 0700 PM LOCAL TIME.

CLIMATE NORMAL PERIOD 1981 TO 2010
CLIMATE RECORD PERIOD 1899 TO 2016


WEATHER ITEM   OBSERVED TIME   RECORD YEAR NORMAL DEPARTURE LAST
                VALUE   (LST)  VALUE       VALUE  FROM      YEAR
                                                  NORMAL
..................................................................
TEMPERATURE (F)
 TODAY
  MAXIMUM         52    128 PM  77    1927  60     -8       52
  MINIMUM         28    436 AM  16    1966  36     -8       23
  AVERAGE         40                        48     -8       38

PRECIPITATION (IN)
  TODAY            0.00          2.82 1896   0.15  -0.15     0.00
  MONTH TO DATE    2.21                      0.91   1.30     0.36
  SINCE DEC 1     17.35                      9.19   8.16     8.69
  SINCE JAN 1      4.73                      5.15  -0.42     2.80

SNOWFALL (IN)
  TODAY            0.0           0.0  2002   0.0    0.0      0.0
  MONTH TO DATE    0.0                       0.0    0.0      0.0
  SINCE DEC 1      T                         0.5   -0.5      0.0
  SINCE JUL 1      T                         0.5   -0.5      0.0
  SNOW DEPTH       0

DEGREE DAYS
 HEATING
  TODAY           25                        17      8       27
  MONTH TO DATE   70                       102    -32      130
  SINCE DEC 1    917                      1212   -295     1194
  SINCE JUL 1   1189                      1607   -418     1754
..................................................................


WIND (MPH)
  HIGHEST WIND SPEED    14   HIGHEST WIND DIRECTION    NE (50)
  HIGHEST GUST SPEED    19   HIGHEST GUST DIRECTION    NE (50)
  AVERAGE WIND SPEED     4.4


SKY COVER
  AVERAGE SKY COVER 0.4


WEATHER CONDITIONS
 THE FOLLOWING WEATHER WAS RECORDED TODAY.
  NO SIGNIFICANT WEATHER WAS OBSERVED.


RELATIVE HUMIDITY (PERCENT)
 HIGHEST   100           300 AM
 LOWEST     30           100 PM

..........................................................


THE MACON CLIMATE NORMALS FOR TOMORROW
                         NORMAL    RECORD
 MAXIMUM TEMPERATURE (F)   61        79
 MINIMUM TEMPERATURE (F)   37        16


SUNRISE AND SUNSET
FEBRUARY  6 2016......SUNRISE   726 AM EST   SUNSET   612 PM EST
FEBRUARY  7 2016......SUNRISE   725 AM EST   SUNSET   613 PM EST


-  INDICATES NEGATIVE NUMBERS.
R  INDICATES RECORD WAS SET OR TIED.
MM INDICATES DATA IS MISSING.
T  INDICATES TRACE AMOUNT.




$$
