000
CDUS42 KFFC 300820
CLIMCN


CLIMATE REPORT
NATIONAL WEATHER SERVICE PEACHTREE CITY GA
419 AM EDT SAT AUG 30 2014


...................................

...THE MACON CLIMATE SUMMARY FOR AUGUST 29 2014...

CLIMATE NORMAL PERIOD 1981 TO 2010
CLIMATE RECORD PERIOD 1899 TO 2014


WEATHER ITEM   OBSERVED TIME   RECORD YEAR NORMAL DEPARTURE LAST
                VALUE   (LST)  VALUE       VALUE  FROM      YEAR
                                                  NORMAL
..................................................................
TEMPERATURE (F)
 YESTERDAY
  MAXIMUM         96    228 PM 102    1990  90      6       93
  MINIMUM         62    645 AM  57    1968  69     -7       71
  AVERAGE         79                        79      0       82

PRECIPITATION (IN)
  YESTERDAY        0.00          1.92 1952   0.13  -0.13     0.00
  MONTH TO DATE    0.92                      3.84  -2.92    10.20
  SINCE JUN 1     11.61                     12.85  -1.24    29.44
  SINCE JAN 1     33.80                     31.68   2.12    58.13

DEGREE DAYS
 HEATING
  YESTERDAY        0                         0      0        0
  MONTH TO DATE    0                         0      0        0
  SINCE JUN 1      0                         0      0        0
  SINCE JUL 1      0                         0      0        0

 COOLING
  YESTERDAY       14                        14      0       17
  MONTH TO DATE  428                       464    -36      388
  SINCE JUN 1   1282                      1404   -122     1233
  SINCE JAN 1   1560                      1717   -157     1443
..................................................................


WIND (MPH)
  RESULTANT WIND SPEED   2   RESULTANT WIND DIRECTION  SE (120)
  HIGHEST WIND SPEED    12   HIGHEST WIND DIRECTION     E (100)
  HIGHEST GUST SPEED    17   HIGHEST GUST DIRECTION     E (110)
  AVERAGE WIND SPEED     2.3


SKY COVER
  AVERAGE SKY COVER 0.1


WEATHER CONDITIONS
 THE FOLLOWING WEATHER WAS RECORDED YESTERDAY.
  NO SIGNIFICANT WEATHER WAS OBSERVED.


RELATIVE HUMIDITY (PERCENT)
 HIGHEST   100           200 AM
 LOWEST     28           300 PM
 AVERAGE    64

..........................................................


THE MACON CLIMATE NORMALS FOR TODAY
                         NORMAL    RECORD    YEAR
 MAXIMUM TEMPERATURE (F)   90       100      1948
 MINIMUM TEMPERATURE (F)   69        57      1986


SUNRISE AND SUNSET
AUGUST 30 2014........SUNRISE   708 AM EDT   SUNSET   802 PM EDT
AUGUST 31 2014........SUNRISE   709 AM EDT   SUNSET   801 PM EDT


-  INDICATES NEGATIVE NUMBERS.
R  INDICATES RECORD WAS SET OR TIED.
MM INDICATES DATA IS MISSING.
T  INDICATES TRACE AMOUNT.




$$
