000
CDUS42 KFFC 250023
CLIMCN


CLIMATE REPORT
NATIONAL WEATHER SERVICE PEACHTREE CITY GA
823 PM EDT WED MAY 24 2017


...................................

...THE MACON CLIMATE SUMMARY FOR MAY 24 2017...
VALID AS OF 0800 PM LOCAL TIME.

CLIMATE NORMAL PERIOD 1981 TO 2010
CLIMATE RECORD PERIOD 1899 TO 2017


WEATHER ITEM   OBSERVED TIME   RECORD YEAR NORMAL DEPARTURE LAST
                VALUE   (LST)  VALUE       VALUE  FROM      YEAR
                                                  NORMAL
..................................................................
TEMPERATURE (F)
 TODAY
  MAXIMUM         77   1010 AM  97    1960  87    -10       88
  MINIMUM         67   1221 PM  46    1931  62      5       56
  AVERAGE         72                        74     -2       72

PRECIPITATION (IN)
  TODAY            1.13          1.86 1997   0.10   1.03     0.00
  MONTH TO DATE    6.07                      1.97   4.10     1.96
  SINCE MAR 1     10.53                      9.48   1.05    12.23
  SINCE JAN 1     23.73                     18.08   5.65    17.96

DEGREE DAYS
 COOLING
  TODAY            7                         9     -2        7
  MONTH TO DATE  168                       155     13      153
  SINCE MAR 1    368                       236    132      272
  SINCE JAN 1    379                       239    140      273
..................................................................


WIND (MPH)
  HIGHEST WIND SPEED    24   HIGHEST WIND DIRECTION     S (190)
  HIGHEST GUST SPEED    34   HIGHEST GUST DIRECTION     S (190)
  AVERAGE WIND SPEED     5.5


SKY COVER
  AVERAGE SKY COVER 0.8


WEATHER CONDITIONS
 THE FOLLOWING WEATHER WAS RECORDED TODAY.
  THUNDERSTORM
  HEAVY RAIN
  RAIN
  LIGHT RAIN
  FOG


RELATIVE HUMIDITY (PERCENT)
 HIGHEST    97           700 AM
 LOWEST     82          1000 AM

..........................................................


THE MACON CLIMATE NORMALS FOR TOMORROW
                         NORMAL    RECORD
 MAXIMUM TEMPERATURE (F)   87        97
 MINIMUM TEMPERATURE (F)   62        49


SUNRISE AND SUNSET
MAY 24 2017...........SUNRISE   631 AM EDT   SUNSET   833 PM EDT
MAY 25 2017...........SUNRISE   630 AM EDT   SUNSET   833 PM EDT


-  INDICATES NEGATIVE NUMBERS.
R  INDICATES RECORD WAS SET OR TIED.
MM INDICATES DATA IS MISSING.
T  INDICATES TRACE AMOUNT.




$$
