000
CDUS42 KFFC 270927
CLIMCN


CLIMATE REPORT
NATIONAL WEATHER SERVICE PEACHTREE CITY GA
427 AM EST TUE JAN 27 2015


...................................

...THE MACON CLIMATE SUMMARY FOR JANUARY 26 2015...

CLIMATE NORMAL PERIOD 1981 TO 2010
CLIMATE RECORD PERIOD 1899 TO 2015


WEATHER ITEM   OBSERVED TIME   RECORD YEAR NORMAL DEPARTURE LAST
                VALUE   (LST)  VALUE       VALUE  FROM      YEAR
                                                  NORMAL
..................................................................
TEMPERATURE (F)
 YESTERDAY
  MAXIMUM         50   1253 AM  81    1950  59     -9       59
  MINIMUM         34   1054 PM  12    1940  35     -1       23
  AVERAGE         42                        47     -5       41

PRECIPITATION (IN)
  YESTERDAY        0.00          2.88 2004   0.14  -0.14     0.00
  MONTH TO DATE    2.44                      3.51  -1.07     2.68
  SINCE DEC 1      8.33                      7.55   0.78    11.72
  SINCE JAN 1      2.44                      3.51  -1.07     2.68

SNOWFALL (IN)
  YESTERDAY        0.0           0.0  2002   0.0    0.0      0.0
  MONTH TO DATE    0.0                       0.4   -0.4      0.0
  SINCE DEC 1      0.0                       0.5   -0.5      0.0
  SINCE JUL 1      0.0                       0.5   -0.5      0.0
  SNOW DEPTH       0

DEGREE DAYS
 HEATING
  YESTERDAY       23                        18      5       24
  MONTH TO DATE  526                       490     36      643
  SINCE DEC 1    953                      1020    -67     1100
  SINCE JUL 1   1513                      1415     98     1549

 COOLING
  YESTERDAY        0                         0      0        0
  MONTH TO DATE    0                         0      0        0
  SINCE DEC 1      0                         3     -3       10
  SINCE JAN 1      0                         0      0        0
..................................................................


WIND (MPH)
  RESULTANT WIND SPEED  11   RESULTANT WIND DIRECTION   W (290)
  HIGHEST WIND SPEED    24   HIGHEST WIND DIRECTION    NW (300)
  HIGHEST GUST SPEED    33   HIGHEST GUST DIRECTION    NW (310)
  AVERAGE WIND SPEED    11.0


SKY COVER
  AVERAGE SKY COVER 0.6


WEATHER CONDITIONS
 THE FOLLOWING WEATHER WAS RECORDED YESTERDAY.
  NO SIGNIFICANT WEATHER WAS OBSERVED.


RELATIVE HUMIDITY (PERCENT)
 HIGHEST    89           600 AM
 LOWEST     61           200 PM
 AVERAGE    75

..........................................................


THE MACON CLIMATE NORMALS FOR TODAY
                         NORMAL    RECORD    YEAR
 MAXIMUM TEMPERATURE (F)   59        79      1949
 MINIMUM TEMPERATURE (F)   35        10      1940


SUNRISE AND SUNSET
JANUARY 27 2015.......SUNRISE   733 AM EST   SUNSET   602 PM EST
JANUARY 28 2015.......SUNRISE   732 AM EST   SUNSET   603 PM EST


-  INDICATES NEGATIVE NUMBERS.
R  INDICATES RECORD WAS SET OR TIED.
MM INDICATES DATA IS MISSING.
T  INDICATES TRACE AMOUNT.




$$
