000
CDUS42 KFFC 230022
CLIMCN


CLIMATE REPORT
NATIONAL WEATHER SERVICE PEACHTREE CITY GA
722 PM EST WED FEB 22 2017


...................................

...THE MACON CLIMATE SUMMARY FOR FEBRUARY 22 2017...
VALID AS OF 0700 PM LOCAL TIME.

CLIMATE NORMAL PERIOD 1981 TO 2010
CLIMATE RECORD PERIOD 1899 TO 2017


WEATHER ITEM   OBSERVED TIME   RECORD YEAR NORMAL DEPARTURE LAST
                VALUE   (LST)  VALUE       VALUE  FROM      YEAR
                                                  NORMAL
..................................................................
TEMPERATURE (F)
 TODAY
  MAXIMUM         73    228 PM  83    1962  64      9       72
  MINIMUM         62    533 AM  17    1963  39     23       57
  AVERAGE         68                        52     16       65

PRECIPITATION (IN)
  TODAY            0.02          2.97 1983   0.16  -0.14      T
  MONTH TO DATE    1.53                      3.43  -1.90     2.66
  SINCE DEC 1     18.74                     11.71   7.03    17.80
  SINCE JAN 1     12.79                      7.67   5.12     5.18

SNOWFALL (IN)
  TODAY            0.0           0.0  2002   0.0    0.0      0.0
  MONTH TO DATE    0.0                       0.0    0.0       T
  SINCE DEC 1      0.0                       0.5   -0.5       T
  SINCE JUL 1      0.0                       0.5   -0.5       T
  SNOW DEPTH       0

DEGREE DAYS
 HEATING
  TODAY            0                        14    -14        0
  MONTH TO DATE  182                       344   -162      331
  SINCE DEC 1    915                      1454   -539     1178
  SINCE JUL 1   1157                      1849   -692     1450
..................................................................


WIND (MPH)
  HIGHEST WIND SPEED    22   HIGHEST WIND DIRECTION     E (100)
  HIGHEST GUST SPEED    27   HIGHEST GUST DIRECTION     E (100)
  AVERAGE WIND SPEED    10.7


SKY COVER
  AVERAGE SKY COVER 0.8


WEATHER CONDITIONS
 THE FOLLOWING WEATHER WAS RECORDED TODAY.
  FOG


RELATIVE HUMIDITY (PERCENT)
 HIGHEST    90           400 AM
 LOWEST     70           200 PM

..........................................................


THE MACON CLIMATE NORMALS FOR TOMORROW
                         NORMAL    RECORD
 MAXIMUM TEMPERATURE (F)   64        81
 MINIMUM TEMPERATURE (F)   40        22


SUNRISE AND SUNSET
FEBRUARY 22 2017......SUNRISE   710 AM EST   SUNSET   626 PM EST
FEBRUARY 23 2017......SUNRISE   709 AM EST   SUNSET   627 PM EST


-  INDICATES NEGATIVE NUMBERS.
R  INDICATES RECORD WAS SET OR TIED.
MM INDICATES DATA IS MISSING.
T  INDICATES TRACE AMOUNT.




$$
