000
CDUS42 KFFC 260022
CLIMCN


CLIMATE REPORT
NATIONAL WEATHER SERVICE PEACHTREE CITY GA
822 PM EDT SAT MAR 25 2017


...................................

...THE MACON CLIMATE SUMMARY FOR MARCH 25 2017...
VALID AS OF 0800 PM LOCAL TIME.

CLIMATE NORMAL PERIOD 1981 TO 2010
CLIMATE RECORD PERIOD 1899 TO 2017


WEATHER ITEM   OBSERVED TIME   RECORD YEAR NORMAL DEPARTURE LAST
                VALUE   (LST)  VALUE       VALUE  FROM      YEAR
                                                  NORMAL
..................................................................
TEMPERATURE (F)
 TODAY
  MAXIMUM         78    350 PM  90    2007  72      6       67
                                      1929
  MINIMUM         52    558 AM  27    2008  46      6       56
  AVERAGE         65                        59      6       62

PRECIPITATION (IN)
  TODAY            0.00          2.61 1971   0.14  -0.14     0.00
  MONTH TO DATE    1.25                      3.70  -2.45     2.06
  SINCE MAR 1      1.25                      3.70  -2.45     2.06
  SINCE JAN 1     14.45                     12.30   2.15     7.79

SNOWFALL (IN)
  TODAY            0.0           0.0  2002   0.0    0.0      0.0
                                      2001
                                      2000
  MONTH TO DATE    0.0                       0.2   -0.2      0.0
  SINCE MAR 1      0.0                       0.2   -0.2      0.0
  SINCE JUL 1      0.0                       0.7   -0.7       T
  SNOW DEPTH       0

DEGREE DAYS
 HEATING
  TODAY            0                         7     -7        3
  MONTH TO DATE  237                       234      3      148
  SINCE MAR 1    237                       234      3      148
  SINCE JUL 1   1424                      2159   -735     1678

 COOLING
  TODAY            0                         1     -1        0
  MONTH TO DATE   17                        14      3       43
  SINCE MAR 1     17                        14      3       43
  SINCE JAN 1     28                        17     11       44
..................................................................


WIND (MPH)
  HIGHEST WIND SPEED    17   HIGHEST WIND DIRECTION     S (160)
  HIGHEST GUST SPEED    23   HIGHEST GUST DIRECTION     S (160)
  AVERAGE WIND SPEED     7.8


SKY COVER
  AVERAGE SKY COVER 0.3


WEATHER CONDITIONS
 THE FOLLOWING WEATHER WAS RECORDED TODAY.
  NO SIGNIFICANT WEATHER WAS OBSERVED.


RELATIVE HUMIDITY (PERCENT)
 HIGHEST    96           600 AM
 LOWEST     40           300 PM

..........................................................


THE MACON CLIMATE NORMALS FOR TOMORROW
                         NORMAL    RECORD
 MAXIMUM TEMPERATURE (F)   72        88
 MINIMUM TEMPERATURE (F)   46        26


SUNRISE AND SUNSET
MARCH 25 2017.........SUNRISE   731 AM EDT   SUNSET   750 PM EDT
MARCH 26 2017.........SUNRISE   730 AM EDT   SUNSET   751 PM EDT


-  INDICATES NEGATIVE NUMBERS.
R  INDICATES RECORD WAS SET OR TIED.
MM INDICATES DATA IS MISSING.
T  INDICATES TRACE AMOUNT.




$$
