000
CDUS42 KFFC 220023
CLIMCN


CLIMATE REPORT
NATIONAL WEATHER SERVICE PEACHTREE CITY GA
723 PM EST TUE NOV 21 2017


...................................

...THE MACON CLIMATE SUMMARY FOR NOVEMBER 21 2017...
VALID AS OF 0700 PM LOCAL TIME.

CLIMATE NORMAL PERIOD 1981 TO 2010
CLIMATE RECORD PERIOD 1899 TO 2017


WEATHER ITEM   OBSERVED TIME   RECORD YEAR NORMAL DEPARTURE LAST
                VALUE   (LST)  VALUE       VALUE  FROM      YEAR
                                                  NORMAL
..................................................................
TEMPERATURE (F)
 TODAY
  MAXIMUM         66    343 PM  81    2011  67     -1       68
                                      1991
                                      1942
  MINIMUM         42    154 AM  22    1937  42      0       31
  AVERAGE         54                        54      0       50

PRECIPITATION (IN)
  TODAY            0.00          1.92 1992   0.12  -0.12     0.00
  MONTH TO DATE    1.07                      2.20  -1.13     0.00
  SINCE SEP 1      7.88                      8.58  -0.70     2.38
  SINCE JAN 1     45.41                     40.52   4.89    26.60

SNOWFALL (IN)
  TODAY            0.0           0.0  2001   0.0    0.0      0.0
  MONTH TO DATE    0.0                       0.0    0.0      0.0
  SINCE SEP 1      0.0                       0.0    0.0      0.0
  SINCE JUL 1      0.0                       0.0    0.0      0.0
  SNOW DEPTH       0

DEGREE DAYS
 HEATING
  TODAY           11                        11      0       15
  MONTH TO DATE  171                       179     -8      153
  SINCE SEP 1    266                       282    -16      178
  SINCE JUL 1    266                       282    -16      178
..................................................................


WIND (MPH)
  HIGHEST WIND SPEED     8   HIGHEST WIND DIRECTION     E (70)
  HIGHEST GUST SPEED    10   HIGHEST GUST DIRECTION    SE (130)
  AVERAGE WIND SPEED     2.7


SKY COVER
  AVERAGE SKY COVER 0.4


WEATHER CONDITIONS
 THE FOLLOWING WEATHER WAS RECORDED TODAY.
  NO SIGNIFICANT WEATHER WAS OBSERVED.


RELATIVE HUMIDITY (PERCENT)
 HIGHEST    96           100 AM
 LOWEST     67           100 PM

..........................................................


THE MACON CLIMATE NORMALS FOR TOMORROW
                         NORMAL    RECORD
 MAXIMUM TEMPERATURE (F)   67        80
 MINIMUM TEMPERATURE (F)   41        20


SUNRISE AND SUNSET
NOVEMBER 21 2017......SUNRISE   710 AM EST   SUNSET   531 PM EST
NOVEMBER 22 2017......SUNRISE   711 AM EST   SUNSET   530 PM EST


-  INDICATES NEGATIVE NUMBERS.
R  INDICATES RECORD WAS SET OR TIED.
MM INDICATES DATA IS MISSING.
T  INDICATES TRACE AMOUNT.




$$
