606
CDUS42 KMLB 112115
CLIMCO


CLIMATE REPORT
NATIONAL WEATHER SERVICE MELBOURNE FL
415 PM EST THU FEB 11 2016


...................................

...THE ORLANDO  CLIMATE SUMMARY FOR FEBRUARY 11 2016...
VALID TODAY AS OF 0400 PM LOCAL TIME.

CLIMATE NORMAL PERIOD 1981 TO 2010
CLIMATE RECORD PERIOD 1892 TO 2016


WEATHER ITEM   OBSERVED TIME   RECORD YEAR NORMAL DEPARTURE LAST
                VALUE   (LST)  VALUE       VALUE  FROM      YEAR
                                                  NORMAL
..................................................................
TEMPERATURE (F)
 TODAY
  MAXIMUM         66    359 PM  88    1921  73     -7       68
  MINIMUM         35    641 AM  29    1947  52    -17       48
  AVERAGE         51                        62    -11       58

PRECIPITATION (IN)
  TODAY            0.00          1.16 1892   0.09  -0.09     0.00
  MONTH TO DATE    0.67                      0.91  -0.24     2.34
  SINCE DEC 1      7.04                      5.84   1.20     7.45
  SINCE JAN 1      6.32                      3.26   3.06     5.86

SNOWFALL (IN)
  TODAY            0.0
  MONTH TO DATE    0.0
  SINCE DEC 1      0.0
  SINCE JUL 1      0.0

DEGREE DAYS
 HEATING
  TODAY           14                         5      9        7
  MONTH TO DATE   83                        55     28       48
  SINCE DEC 1    283                       392   -109      283
  SINCE JUL 1    292                       439   -147      365

 COOLING
  TODAY            0                         2     -2        0
  MONTH TO DATE   30                        22      8        0
  SINCE DEC 1    268                       137    131      156
  SINCE JAN 1     45                        67    -22       52
..................................................................


WIND (MPH)
  HIGHEST WIND SPEED    15   HIGHEST WIND DIRECTION     N (350)
  HIGHEST GUST SPEED    17   HIGHEST GUST DIRECTION     N (350)
  AVERAGE WIND SPEED     5.1


SKY COVER
  AVERAGE SKY COVER 0.0


WEATHER CONDITIONS
 THE FOLLOWING WEATHER WAS RECORDED TODAY.
  NO SIGNIFICANT WEATHER WAS OBSERVED.


RELATIVE HUMIDITY (PERCENT)
 HIGHEST    85           300 AM
 LOWEST     24          1100 AM
 AVERAGE    55

..........................................................


THE ORLANDO  CLIMATE NORMALS FOR TOMORROW
                         NORMAL    RECORD    YEAR
 MAXIMUM TEMPERATURE (F)   74        88      1939
 MINIMUM TEMPERATURE (F)   52        29      1926


SUNRISE AND SUNSET
FEBRUARY 11 2016......SUNRISE   707 AM EST   SUNSET   612 PM EST
FEBRUARY 12 2016......SUNRISE   706 AM EST   SUNSET   613 PM EST


-  INDICATES NEGATIVE NUMBERS.
R  INDICATES RECORD WAS SET OR TIED.
MM INDICATES DATA IS MISSING.
T  INDICATES TRACE AMOUNT.




$$
