000
CDUS42 KMLB 270635
CLIMCO


CLIMATE REPORT
NATIONAL WEATHER SERVICE MELBOURNE FL
235 AM EDT SAT MAY 27 2017


...................................

...THE ORLANDO  CLIMATE SUMMARY FOR MAY 26 2017...

CLIMATE NORMAL PERIOD 1981 TO 2010
CLIMATE RECORD PERIOD 1892 TO 2017


WEATHER ITEM   OBSERVED TIME   RECORD YEAR NORMAL DEPARTURE LAST
                VALUE   (LST)  VALUE       VALUE  FROM      YEAR
                                                  NORMAL
..................................................................
TEMPERATURE (F)
 YESTERDAY
  MAXIMUM         88    537 PM  99    1953  90     -2       87
  MINIMUM         57    537 AM  54    1931  69    -12       64
  AVERAGE         73                        79     -6       76

PRECIPITATION (IN)
  YESTERDAY        0.00          2.33 1920   0.16  -0.16     0.00
  MONTH TO DATE    2.08                      2.57  -0.49     4.73
  SINCE MAR 1      2.18                      9.02  -6.84    11.31
  SINCE JAN 1      5.11                     13.75  -8.64    18.65

SNOWFALL (IN)
  YESTERDAY        0.0
  MONTH TO DATE    0.0
  SINCE MAR 1      0.0
  SINCE JUL 1      0.0

DEGREE DAYS
 HEATING
  YESTERDAY        0                         0      0        0
  MONTH TO DATE    0                         0      0        0
  SINCE MAR 1     40                        71    -31       16
  SINCE JUL 1    209                       570   -361      370

 COOLING
  YESTERDAY        8                        14     -6       11
  MONTH TO DATE  309                       307      2      312
  SINCE MAR 1    762                       624    138      771
  SINCE JAN 1    963                       728    235      833
..................................................................


WIND (MPH)
  HIGHEST WIND SPEED    16   HIGHEST WIND DIRECTION    SE (120)
  HIGHEST GUST SPEED    19   HIGHEST GUST DIRECTION    SE (120)
  AVERAGE WIND SPEED     5.1


SKY COVER
  AVERAGE SKY COVER 0.1


WEATHER CONDITIONS
 THE FOLLOWING WEATHER WAS RECORDED YESTERDAY.
  HAZE


RELATIVE HUMIDITY (PERCENT)
 HIGHEST   100           400 AM
 LOWEST     31           400 PM
 AVERAGE    66

..........................................................


THE ORLANDO  CLIMATE NORMALS FOR TODAY
                         NORMAL    RECORD    YEAR
 MAXIMUM TEMPERATURE (F)   90       100      1962
 MINIMUM TEMPERATURE (F)   69        53      1979


SUNRISE AND SUNSET
MAY 27 2017...........SUNRISE   629 AM EDT   SUNSET   816 PM EDT
MAY 28 2017...........SUNRISE   629 AM EDT   SUNSET   816 PM EDT


-  INDICATES NEGATIVE NUMBERS.
R  INDICATES RECORD WAS SET OR TIED.
MM INDICATES DATA IS MISSING.
T  INDICATES TRACE AMOUNT.




$$
