000
CDUS42 KMLB 200642
CLIMCO


CLIMATE REPORT
NATIONAL WEATHER SERVICE MELBOURNE FL
132 AM EST TUE FEB 20 2018


...................................

...THE ORLANDO INTL CLIMATE SUMMARY FOR FEBRUARY 19 2018...

CLIMATE NORMAL PERIOD 1981 TO 2010
CLIMATE RECORD PERIOD 1892 TO 2018


WEATHER ITEM   OBSERVED TIME   RECORD YEAR NORMAL DEPARTURE LAST
                VALUE   (LST)  VALUE       VALUE  FROM      YEAR
                                                  NORMAL
..................................................................
TEMPERATURE (F)
 YESTERDAY
  MAXIMUM         84    214 PM  88    1962  75      9       82
  MINIMUM         63    716 AM  30    1900  53     10       62
  AVERAGE         74                        64     10       72

PRECIPITATION (IN)
  YESTERDAY        0.00          3.08 1920   0.08  -0.08     0.09
  MONTH TO DATE    0.36                      1.59  -1.23     0.47
  SINCE DEC 1      2.81                      6.52  -3.71     4.97
  SINCE JAN 1      2.46                      3.94  -1.48     2.45

SNOWFALL (IN)
  YESTERDAY        0.0
  MONTH TO DATE    0.0
  SINCE JUL 1      0.0

DEGREE DAYS
 HEATING
  YESTERDAY        0                         4     -4        0
  MONTH TO DATE    6                        87    -81       16
  SINCE DEC 1    360                       424    -64      146
  SINCE JUL 1    384                       471    -87      169

 COOLING
  YESTERDAY        9                         2      7        7
  MONTH TO DATE  111                        38     73       56
  SINCE DEC 1    247                       153     94      307
  SINCE JAN 1    155                        83     72      148
..................................................................


WIND (MPH)
  HIGHEST WIND SPEED    21   HIGHEST WIND DIRECTION     E (110)
  HIGHEST GUST SPEED    25   HIGHEST GUST DIRECTION     E (90)
  AVERAGE WIND SPEED     9.2


SKY COVER
  AVERAGE SKY COVER 0.2


WEATHER CONDITIONS
 THE FOLLOWING WEATHER WAS RECORDED YESTERDAY.
  FOG


RELATIVE HUMIDITY (PERCENT)
 HIGHEST   100          1200 AM
 LOWEST     47           100 PM
 AVERAGE    74

..........................................................


THE ORLANDO INTL CLIMATE NORMALS FOR TODAY
                         NORMAL    RECORD    YEAR
 MAXIMUM TEMPERATURE (F)   75        89      1988
 MINIMUM TEMPERATURE (F)   53        33      2015
                                             1958
                                             1900


SUNRISE AND SUNSET
FEBRUARY 20 2018......SUNRISE   659 AM EST   SUNSET   619 PM EST
FEBRUARY 21 2018......SUNRISE   658 AM EST   SUNSET   620 PM EST


-  INDICATES NEGATIVE NUMBERS.
R  INDICATES RECORD WAS SET OR TIED.
MM INDICATES DATA IS MISSING.
T  INDICATES TRACE AMOUNT.




$$
