000
CDUS43 KDMX 280628
CLIMCW

CLIMATE REPORT
NATIONAL WEATHER SERVICE DES MOINES IA
126 AM CDT SUN MAY 28 2017

...................................

...THE MASON CITY IA CLIMATE SUMMARY FOR MAY 27 2017...

CLIMATE NORMAL PERIOD 1981 TO 2010
CLIMATE RECORD PERIOD 1893 TO 2017


WEATHER ITEM   OBSERVED TIME   RECORD YEAR NORMAL DEPARTURE LAST
                VALUE   (LST)  VALUE       VALUE  FROM      YEAR
                                                  NORMAL
..................................................................
TEMPERATURE (F)
 YESTERDAY
  MAXIMUM         72    916 AM  93    2012  74     -2       74
  MINIMUM         48    420 AM  32    1907  51     -3       61
  AVERAGE         60                        62     -2       68

PRECIPITATION (IN)
  YESTERDAY        0.01          2.00 1927   0.15  -0.14     0.46
  MONTH TO DATE    3.88                      4.04  -0.16     3.40
  SINCE MAR 1     10.16                     10.02   0.14     8.37
  SINCE JAN 1     14.15                     11.84   2.31     9.66

SNOWFALL (IN)
  YESTERDAY        0.0          MM      MM   0.0    0.0      0.0
  MONTH TO DATE    0.0                       0.1   -0.1      0.0
  SINCE MAR 1      8.5                       8.8   -0.3      8.2
  SINCE JUL 1     47.9                      41.3    6.6     50.9
  SNOW DEPTH       0

DEGREE DAYS
 HEATING
  YESTERDAY        5                         5      0        0
  MONTH TO DATE  245                       219     26      226
  SINCE MAR 1   1738                      1768    -30     1526
  SINCE JUL 1   6650                      7619   -969     6625

 COOLING
  YESTERDAY        0                         2     -2        3
  MONTH TO DATE   25                        21      4       27
  SINCE MAR 1     25                        26     -1       31
  SINCE JAN 1     25                        26     -1       31
..................................................................


WIND (MPH)
  HIGHEST WIND SPEED    10   HIGHEST WIND DIRECTION     E (80)
  HIGHEST GUST SPEED    13   HIGHEST GUST DIRECTION     E (80)
  AVERAGE WIND SPEED     5.3


SKY COVER
  POSSIBLE SUNSHINE  MM
  AVERAGE SKY COVER 0.4


WEATHER CONDITIONS
 THE FOLLOWING WEATHER WAS RECORDED YESTERDAY.
  LIGHT RAIN


RELATIVE HUMIDITY (PERCENT)
 HIGHEST    86           400 AM
 LOWEST     38          1100 AM
 AVERAGE    62

..........................................................


THE MASON CITY IA CLIMATE NORMALS FOR TODAY
                         NORMAL    RECORD    YEAR
 MAXIMUM TEMPERATURE (F)   74        93      2006
 MINIMUM TEMPERATURE (F)   51        32      1947


SUNRISE AND SUNSET
MAY 28 2017...........SUNRISE   539 AM CDT   SUNSET   843 PM CDT
MAY 29 2017...........SUNRISE   538 AM CDT   SUNSET   844 PM CDT


-  INDICATES NEGATIVE NUMBERS.
R  INDICATES RECORD WAS SET OR TIED.
MM INDICATES DATA IS MISSING.
T  INDICATES TRACE AMOUNT.

$$

ANSORGE
