000
CDUS43 KDMX 010655 RRA
CLIMCW

CLIMATE REPORT
NATIONAL WEATHER SERVICE DES MOINES IA
1255 AM CST SUN FEB 1 2015

...................................

...THE MASON CITY IA CLIMATE SUMMARY FOR JANUARY 31 2015...

CLIMATE NORMAL PERIOD 1981 TO 2010
CLIMATE RECORD PERIOD 1893 TO 2015


WEATHER ITEM   OBSERVED TIME   RECORD YEAR NORMAL DEPARTURE LAST
                VALUE   (LST)  VALUE       VALUE  FROM      YEAR
                                                  NORMAL
..................................................................
TEMPERATURE (F)
 YESTERDAY
  MAXIMUM         33   1200 PM  51    1989  26      7       12
  MINIMUM         22   1206 AM -34    1899   8     14       -2
  AVERAGE         28                        17     11        5

PRECIPITATION (IN)
  YESTERDAY        0.21          0.55 1908   0.03   0.18     0.00
  MONTH TO DATE    0.93                      0.82   0.11     0.83
  SINCE DEC 1      2.03                      2.06  -0.03     2.00
  SINCE JAN 1      0.93                      0.82   0.11     0.83

SNOWFALL (IN)
  YESTERDAY        1.5           5.5  1908   0.4    1.1      0.0
  MONTH TO DATE    9.7                      10.8   -1.1      9.2
  SINCE DEC 1     15.4                      20.1   -4.7     24.1
  SINCE JUL 1     23.4                      24.8   -1.4     25.6
  SNOW DEPTH       T

DEGREE DAYS
 HEATING
  YESTERDAY       37                        48    -11       60
  MONTH TO DATE 1414                      1517   -103     1726
  SINCE DEC 1   2640                      2931   -291     3306
  SINCE JUL 1   4539                      4611    -72     4970

 COOLING
  YESTERDAY        0                         0      0        0
  MONTH TO DATE    0                         0      0        0
  SINCE DEC 1      0                         0      0        0
  SINCE JAN 1      0                         0      0        0
..................................................................


WIND (MPH)
  HIGHEST WIND SPEED    23   HIGHEST WIND DIRECTION     E (70)
  HIGHEST GUST SPEED    27   HIGHEST GUST DIRECTION    NE (60)
  AVERAGE WIND SPEED    10.6


SKY COVER
  POSSIBLE SUNSHINE  MM
  AVERAGE SKY COVER 0.6


WEATHER CONDITIONS
 THE FOLLOWING WEATHER WAS RECORDED YESTERDAY.
  LIGHT SNOW
  FOG


RELATIVE HUMIDITY (PERCENT)
 HIGHEST    92           900 AM
 LOWEST     78          1100 AM
 AVERAGE    85

..........................................................


THE MASON CITY IA CLIMATE NORMALS FOR TODAY
                         NORMAL    RECORD    YEAR
 MAXIMUM TEMPERATURE (F)   26        48      1987
 MINIMUM TEMPERATURE (F)    8       -26      1996


SUNRISE AND SUNSET
FEBRUARY  1 2015......SUNRISE   729 AM CST   SUNSET   525 PM CST
FEBRUARY  2 2015......SUNRISE   728 AM CST   SUNSET   527 PM CST


-  INDICATES NEGATIVE NUMBERS.
R  INDICATES RECORD WAS SET OR TIED.
MM INDICATES DATA IS MISSING.
T  INDICATES TRACE AMOUNT.

$$

SMALL
