000
CDUS43 KDMX 210647 RRC
CLIMCW

CLIMATE REPORT
NATIONAL WEATHER SERVICE DES MOINES IA
146 AM CDT TUE OCT 21 2014


...................................

...THE MASON CITY IA CLIMATE SUMMARY FOR OCTOBER 20 2014...

CLIMATE NORMAL PERIOD 1981 TO 2010
CLIMATE RECORD PERIOD 1893 TO 2014


WEATHER ITEM   OBSERVED TIME   RECORD YEAR NORMAL DEPARTURE LAST
                VALUE   (LST)  VALUE       VALUE  FROM      YEAR
                                                  NORMAL
..................................................................
TEMPERATURE (F)
 YESTERDAY
  MAXIMUM         67    208 PM  88    1947  58      9       58
  MINIMUM         37   1136 PM  15    1960  35      2       27
  AVERAGE         52                        47      5       43

PRECIPITATION (IN)
  YESTERDAY        0.00          1.30 1916   0.08  -0.08      T
  MONTH TO DATE    1.79                      1.69   0.10     1.84
  SINCE SEP 1      4.38                      4.96  -0.58     2.99
  SINCE JAN 1     33.03                     31.32   1.71    36.37

SNOWFALL (IN)
  YESTERDAY        0.0          13.0  1916   0.0    0.0      0.0
  MONTH TO DATE    0.0                       0.1   -0.1      0.0
  SINCE SEP 1      0.0                       0.1   -0.1      0.0
  SINCE JUL 1      0.0                       0.1   -0.1      0.0
  SNOW DEPTH       0

DEGREE DAYS
 HEATING
  YESTERDAY       13                        18     -5       22
  MONTH TO DATE  328                       296     32      237
  SINCE SEP 1    502                       473     29      357
  SINCE JUL 1    523                       509     14      395

 COOLING
  YESTERDAY        0                         0      0        0
  MONTH TO DATE    0                         2     -2        6
  SINCE SEP 1     33                        56    -23      126
  SINCE JAN 1    544                       612    -68      718
..................................................................


WIND (MPH)
  HIGHEST WIND SPEED    23   HIGHEST WIND DIRECTION    NW (330)
  HIGHEST GUST SPEED    30   HIGHEST GUST DIRECTION    NW (300)
  AVERAGE WIND SPEED    10.1


SKY COVER
  POSSIBLE SUNSHINE  MM
  AVERAGE SKY COVER 0.0


WEATHER CONDITIONS
 THE FOLLOWING WEATHER WAS RECORDED YESTERDAY.
  NO SIGNIFICANT WEATHER WAS OBSERVED.


RELATIVE HUMIDITY (PERCENT)
 HIGHEST    93           400 AM
 LOWEST     40           300 PM
 AVERAGE    67

..........................................................


THE MASON CITY IA CLIMATE NORMALS FOR TODAY
                         NORMAL    RECORD    YEAR
 MAXIMUM TEMPERATURE (F)   58        90      1947
 MINIMUM TEMPERATURE (F)   35        13      1930


SUNRISE AND SUNSET
OCTOBER 21 2014.......SUNRISE   734 AM CDT   SUNSET   621 PM CDT
OCTOBER 22 2014.......SUNRISE   736 AM CDT   SUNSET   619 PM CDT


-  INDICATES NEGATIVE NUMBERS.
R  INDICATES RECORD WAS SET OR TIED.
MM INDICATES DATA IS MISSING.
T  INDICATES TRACE AMOUNT.




$$
