000
CDUS43 KDMX 290643 RRA
CLIMCW

CLIMATE REPORT
NATIONAL WEATHER SERVICE DES MOINES IA
143 AM CDT SAT AUG 29 2015

...................................

...THE MASON CITY IA CLIMATE SUMMARY FOR AUGUST 28 2015...

CLIMATE NORMAL PERIOD 1981 TO 2010
CLIMATE RECORD PERIOD 1893 TO 2015


WEATHER ITEM   OBSERVED TIME   RECORD YEAR NORMAL DEPARTURE LAST
                VALUE   (LST)  VALUE       VALUE  FROM      YEAR
                                                  NORMAL
..................................................................
TEMPERATURE (F)
 YESTERDAY
  MAXIMUM         63    939 AM  97    1894  79    -16       71
  MINIMUM         58    443 PM  36    1935  56      2       62
  AVERAGE         61                        68     -7       67

PRECIPITATION (IN)
  YESTERDAY        1.94          3.12 1995   0.12   1.82     0.62
  MONTH TO DATE    5.15                      3.66   1.49     3.59
  SINCE JUN 1     16.82                     13.50   3.32    13.14
  SINCE JAN 1     27.82                     25.98   1.84    27.18

SNOWFALL (IN)
  YESTERDAY        0.0          MM      MM   0.0    0.0      0.0
  MONTH TO DATE    0.0                       0.0    0.0      0.0
  SINCE JUN 1      0.0                       0.0    0.0      0.0
  SINCE JUL 1      0.0                       0.0    0.0      0.0
  SNOW DEPTH       0

DEGREE DAYS
 HEATING
  YESTERDAY        4                         1      3        0
  MONTH TO DATE   36                        23     13        0
  SINCE JUN 1     69                        76     -7       34
  SINCE JUL 1     57                        32     25       21

 COOLING
  YESTERDAY        0                         4     -4        2
  MONTH TO DATE  125                       150    -25      180
  SINCE JUN 1    478                       509    -31      436
  SINCE JAN 1    508                       544    -36      489
..................................................................


WIND (MPH)
  HIGHEST WIND SPEED    21   HIGHEST WIND DIRECTION     E (100)
  HIGHEST GUST SPEED    29   HIGHEST GUST DIRECTION     E (80)
  AVERAGE WIND SPEED    11.0


SKY COVER
  POSSIBLE SUNSHINE  MM
  AVERAGE SKY COVER 0.9


WEATHER CONDITIONS
 THE FOLLOWING WEATHER WAS RECORDED YESTERDAY.
  THUNDERSTORM
  HEAVY RAIN
  RAIN
  LIGHT RAIN
  FOG


RELATIVE HUMIDITY (PERCENT)
 HIGHEST   100           400 AM
 LOWEST     93           100 AM
 AVERAGE    97

..........................................................


THE MASON CITY IA CLIMATE NORMALS FOR TODAY
                         NORMAL    RECORD    YEAR
 MAXIMUM TEMPERATURE (F)   79        97      2012
 MINIMUM TEMPERATURE (F)   56        34      1893


SUNRISE AND SUNSET
AUGUST 29 2015........SUNRISE   634 AM CDT   SUNSET   754 PM CDT
AUGUST 30 2015........SUNRISE   635 AM CDT   SUNSET   752 PM CDT


-  INDICATES NEGATIVE NUMBERS.
R  INDICATES RECORD WAS SET OR TIED.
MM INDICATES DATA IS MISSING.
T  INDICATES TRACE AMOUNT.

$$

SMALL
