000
CDUS43 KDMX 010659 RRA
CLIMCW

CLIMATE REPORT
NATIONAL WEATHER SERVICE DES MOINES IA
154 AM CDT SAT OCT 1 2016


...................................

...THE MASON CITY IA CLIMATE SUMMARY FOR SEPTEMBER 30 2016...

CLIMATE NORMAL PERIOD 1981 TO 2010
CLIMATE RECORD PERIOD 1893 TO 2016


WEATHER ITEM   OBSERVED TIME   RECORD YEAR NORMAL DEPARTURE LAST
                VALUE   (LST)  VALUE       VALUE  FROM      YEAR
                                                  NORMAL
..................................................................
TEMPERATURE (F)
 YESTERDAY
  MAXIMUM         69    127 PM  91    1952  67      2       66
  MINIMUM         42    620 AM  15    1899  42      0       34
  AVERAGE         56                        55      1       50

PRECIPITATION (IN)
  YESTERDAY        0.00          2.19 1925   0.10  -0.10     0.00
  MONTH TO DATE   11.03                      3.27   7.76     4.60
  SINCE SEP 1     11.03                      3.27   7.76     4.60
  SINCE JAN 1     42.35                     29.63  12.72    32.41

SNOWFALL (IN)
  YESTERDAY        0.0           0.0  2002   0.0    0.0      0.0
  MONTH TO DATE    0.0                       0.0    0.0      0.0
  SINCE SEP 1      0.0                       0.0    0.0      0.0
  SINCE JUL 1      0.0                       0.0    0.0      0.0
  SNOW DEPTH       0

DEGREE DAYS
 HEATING
  YESTERDAY        9                        11     -2       15
  MONTH TO DATE   71                       177   -106       82
  SINCE SEP 1     71                       177   -106       82
  SINCE JUL 1     89                       213   -124      140

 COOLING
  YESTERDAY        0                         1     -1        0
  MONTH TO DATE   85                        54     31      130
  SINCE SEP 1     85                        54     31      130
  SINCE JAN 1    693                       610     83      647
..................................................................


WIND (MPH)
  HIGHEST WIND SPEED    15   HIGHEST WIND DIRECTION    NE (50)
  HIGHEST GUST SPEED    20   HIGHEST GUST DIRECTION    NE (60)
  AVERAGE WIND SPEED     6.2


SKY COVER
  POSSIBLE SUNSHINE  MM
  AVERAGE SKY COVER 0.6


WEATHER CONDITIONS
 THE FOLLOWING WEATHER WAS RECORDED YESTERDAY.
  FOG


RELATIVE HUMIDITY (PERCENT)
 HIGHEST    93          1200 AM
 LOWEST     59           100 PM
 AVERAGE    76

..........................................................


THE MASON CITY IA CLIMATE NORMALS FOR TODAY
                         NORMAL    RECORD    YEAR
 MAXIMUM TEMPERATURE (F)   67        92      1976
 MINIMUM TEMPERATURE (F)   42        19      2003


SUNRISE AND SUNSET
OCTOBER  1 2016.......SUNRISE   711 AM CDT   SUNSET   654 PM CDT
OCTOBER  2 2016.......SUNRISE   712 AM CDT   SUNSET   652 PM CDT


-  INDICATES NEGATIVE NUMBERS.
R  INDICATES RECORD WAS SET OR TIED.
MM INDICATES DATA IS MISSING.
T  INDICATES TRACE AMOUNT.




$$
