000
CDUS43 KDMX 220635
CLIMCW

CLIMATE REPORT
NATIONAL WEATHER SERVICE DES MOINES IA
1230 AM CST MON JAN 22 2018


...................................

...THE MASON CITY IA CLIMATE SUMMARY FOR JANUARY 21 2018...

CLIMATE NORMAL PERIOD 1981 TO 2010
CLIMATE RECORD PERIOD 1893 TO 2018


WEATHER ITEM   OBSERVED TIME   RECORD YEAR NORMAL DEPARTURE LAST
                VALUE   (LST)  VALUE       VALUE  FROM      YEAR
                                                  NORMAL
..................................................................
TEMPERATURE (F)
 YESTERDAY
  MAXIMUM         37    439 PM  48    1921  25     12       38
  MINIMUM         23    703 AM -29    1970   7     16       32
  AVERAGE         30                        16     14       35

PRECIPITATION (IN)
  YESTERDAY        T             0.57 1917   0.03  -0.03     0.21
  MONTH TO DATE    0.28                      0.54  -0.26     0.95
  SINCE DEC 1      0.56                      1.78  -1.22     3.11
  SINCE JAN 1      0.28                      0.54  -0.26     0.95

SNOWFALL (IN)
  YESTERDAY        0.0           5.7  1917   0.4   -0.4      0.0
  MONTH TO DATE    3.2                       7.1   -3.9      0.6
  SINCE DEC 1      7.4                      16.4   -9.0     15.5
  SINCE JUL 1      7.6                      21.1  -13.5     15.5
  SNOW DEPTH       0

DEGREE DAYS
 HEATING
  YESTERDAY       35                        49    -14       30
  MONTH TO DATE 1120                      1029     91      995
  SINCE DEC 1   2505                      2438     67     2386
  SINCE JUL 1   4008                      4118   -110     3550

 COOLING
  YESTERDAY        0                         0      0        0
  MONTH TO DATE    0                         0      0        0
  SINCE DEC 1      0                         0      0        0
  SINCE JAN 1      0                         0      0        0
..................................................................


WIND (MPH)
  HIGHEST WIND SPEED    22   HIGHEST WIND DIRECTION    NE (40)
  HIGHEST GUST SPEED    27   HIGHEST GUST DIRECTION    NE (40)
  AVERAGE WIND SPEED     8.9


SKY COVER
  POSSIBLE SUNSHINE  MM
  AVERAGE SKY COVER 0.5


WEATHER CONDITIONS
 THE FOLLOWING WEATHER WAS RECORDED YESTERDAY.
  LIGHT RAIN
  FOG


RELATIVE HUMIDITY (PERCENT)
 HIGHEST   100           100 AM
 LOWEST     85           200 PM
 AVERAGE    93

..........................................................


THE MASON CITY IA CLIMATE NORMALS FOR TODAY
                         NORMAL    RECORD    YEAR
 MAXIMUM TEMPERATURE (F)   25        51      2002
 MINIMUM TEMPERATURE (F)    7       -31      1930


SUNRISE AND SUNSET
JANUARY 22 2018.......SUNRISE   738 AM CST   SUNSET   513 PM CST
JANUARY 23 2018.......SUNRISE   737 AM CST   SUNSET   514 PM CST


-  INDICATES NEGATIVE NUMBERS.
R  INDICATES RECORD WAS SET OR TIED.
MM INDICATES DATA IS MISSING.
T  INDICATES TRACE AMOUNT.




$$
