000
CDUS43 KDMX 090630 RRA
CLIMCW

CLIMATE REPORT
NATIONAL WEATHER SERVICE DES MOINES IA
129 AM CDT WED JUL 9 2014


...................................

...THE MASON CITY IA CLIMATE SUMMARY FOR JULY 8 2014...

CLIMATE NORMAL PERIOD 1981 TO 2010
CLIMATE RECORD PERIOD 1893 TO 2014


WEATHER ITEM   OBSERVED TIME   RECORD YEAR NORMAL DEPARTURE LAST
                VALUE   (LST)  VALUE       VALUE  FROM      YEAR
                                                  NORMAL
..................................................................
TEMPERATURE (F)
 YESTERDAY
  MAXIMUM         80    333 PM 100    1936  84     -4       91
  MINIMUM         57   1159 PM  39    1895  61     -4       68
  AVERAGE         69                        72     -3       80

PRECIPITATION (IN)
  YESTERDAY        0.00          2.48 1969   0.15  -0.15     0.03
  MONTH TO DATE    0.12                      1.23  -1.11     0.11
  SINCE JUN 1      8.76                      6.37   2.39     6.55
  SINCE JAN 1     22.80                     18.85   3.95    27.99

SNOWFALL (IN)
  YESTERDAY        0.0          MM      MM   0.0    0.0      0.0
  MONTH TO DATE    0.0                       0.0    0.0      0.0
  SINCE JUN 1      0.0                       0.0    0.0      0.0
  SINCE JUL 1      0.0                       0.0    0.0      0.0
  SNOW DEPTH       0

DEGREE DAYS
 HEATING
  YESTERDAY        0                         0      0        0
  MONTH TO DATE    9                         0      9        0
  SINCE JUN 1     22                        44    -22       53
  SINCE JUL 1      9                         0      9        0

 COOLING
  YESTERDAY        4                         7     -3       15
  MONTH TO DATE   28                        56    -28       71
  SINCE JUN 1    164                       194    -30      217
  SINCE JAN 1    217                       229    -12      254
..................................................................


WIND (MPH)
  HIGHEST WIND SPEED    25   HIGHEST WIND DIRECTION    NW (310)
  HIGHEST GUST SPEED    32   HIGHEST GUST DIRECTION    NW (310)
  AVERAGE WIND SPEED    15.2


SKY COVER
  POSSIBLE SUNSHINE  MM
  AVERAGE SKY COVER 0.2


WEATHER CONDITIONS
 THE FOLLOWING WEATHER WAS RECORDED YESTERDAY.
  NO SIGNIFICANT WEATHER WAS OBSERVED.


RELATIVE HUMIDITY (PERCENT)
 HIGHEST    93           100 AM
 LOWEST     42           500 PM
 AVERAGE    68

..........................................................


THE MASON CITY IA CLIMATE NORMALS FOR TODAY
                         NORMAL    RECORD    YEAR
 MAXIMUM TEMPERATURE (F)   84       102      1976
 MINIMUM TEMPERATURE (F)   61        43      1895


SUNRISE AND SUNSET
JULY  9 2014..........SUNRISE   543 AM CDT   SUNSET   854 PM CDT
JULY 10 2014..........SUNRISE   543 AM CDT   SUNSET   854 PM CDT


-  INDICATES NEGATIVE NUMBERS.
R  INDICATES RECORD WAS SET OR TIED.
MM INDICATES DATA IS MISSING.
T  INDICATES TRACE AMOUNT.




$$
