000
CDUS41 KCTP 180641
CLIMDT


CLIMATE REPORT
NATIONAL WEATHER SERVICE STATE COLLEGE PA
141 AM EST SAT NOV 18 2017


...................................

...THE HARRISBURG PA CLIMATE SUMMARY FOR NOVEMBER 17 2017...

CLIMATE NORMAL PERIOD 1981 TO 2010
CLIMATE RECORD PERIOD 1888 TO 2017


WEATHER ITEM   OBSERVED TIME   RECORD YEAR NORMAL DEPARTURE LAST
                VALUE   (LST)  VALUE       VALUE  FROM      YEAR
                                                  NORMAL
..................................................................
TEMPERATURE (F)
 YESTERDAY
  MAXIMUM         49    337 PM  72    1953  53     -4       59
  MINIMUM         33   1141 PM  16    1933  35     -2       40
  AVERAGE         41                        44     -3       50

PRECIPITATION (IN)
  YESTERDAY        0.00          1.25 1935   0.10  -0.10     0.00
                                      1927
  MONTH TO DATE    1.03                      1.72  -0.69     0.27
  SINCE SEP 1      7.90                      9.06  -1.16     5.95
  SINCE JAN 1     42.11                     36.00   6.11    36.72

SNOWFALL (IN)
  YESTERDAY        0.0           4.0  1980   0.0    0.0      0.0
  MONTH TO DATE    T                         0.1   -0.1      0.0
  SINCE SEP 1      T                         0.1   -0.1      0.0
  SINCE JUL 1      T                         0.1   -0.1      0.0
  SNOW DEPTH       0

DEGREE DAYS
 HEATING
  YESTERDAY       24                        21      3       15
  MONTH TO DATE  353                       313     40      267
  SINCE SEP 1    561                       723   -162      514
  SINCE JUL 1    563                       725   -162      514

 COOLING
  YESTERDAY        0                         0      0        0
  MONTH TO DATE    0                         0      0        0
  SINCE SEP 1    216                       106    110      251
  SINCE JAN 1   1214                      1002    212     1515
..................................................................


WIND (MPH)
  HIGHEST WIND SPEED    25   HIGHEST WIND DIRECTION    NW (320)
  HIGHEST GUST SPEED    34   HIGHEST GUST DIRECTION    NW (330)
  AVERAGE WIND SPEED    10.1


SKY COVER
  POSSIBLE SUNSHINE  MM
  AVERAGE SKY COVER 0.4


WEATHER CONDITIONS
 THE FOLLOWING WEATHER WAS RECORDED YESTERDAY.
  NO SIGNIFICANT WEATHER WAS OBSERVED.


RELATIVE HUMIDITY (PERCENT)
 HIGHEST    82          1100 PM
 LOWEST     39           200 PM
 AVERAGE    61

..........................................................


THE HARRISBURG PA CLIMATE NORMALS FOR TODAY
                         NORMAL    RECORD    YEAR
 MAXIMUM TEMPERATURE (F)   52        76      1928
                                             1921
 MINIMUM TEMPERATURE (F)   34        16      1959


SUNRISE AND SUNSET
NOVEMBER 18 2017......SUNRISE   656 AM EST   SUNSET   448 PM EST
NOVEMBER 19 2017......SUNRISE   658 AM EST   SUNSET   447 PM EST


-  INDICATES NEGATIVE NUMBERS.
R  INDICATES RECORD WAS SET OR TIED.
MM INDICATES DATA IS MISSING.
T  INDICATES TRACE AMOUNT.




$$
