535
CDUS41 KCTP 240624
CLIMDT


CLIMATE REPORT
NATIONAL WEATHER SERVICE STATE COLLEGE PA
224 AM EDT SUN SEP 24 2017


...................................

...THE HARRISBURG PA CLIMATE SUMMARY FOR SEPTEMBER 23 2017...

CLIMATE NORMAL PERIOD 1981 TO 2010
CLIMATE RECORD PERIOD 1888 TO 2017


WEATHER ITEM   OBSERVED TIME   RECORD YEAR NORMAL DEPARTURE LAST
                VALUE   (LST)  VALUE       VALUE  FROM      YEAR
                                                  NORMAL
..................................................................
TEMPERATURE (F)
 YESTERDAY
  MAXIMUM         86    401 PM  94    1970  73     13       87
  MINIMUM         62    617 AM  36    1963  53      9       58
  AVERAGE         74                        63     11       73

PRECIPITATION (IN)
  YESTERDAY        0.00          1.76 2011   0.14  -0.14     0.00
  MONTH TO DATE    2.55                      3.07  -0.52     2.53
  SINCE SEP 1      2.55                      3.07  -0.52     2.53
  SINCE JAN 1     36.76                     30.01   6.75    33.30

DEGREE DAYS
 HEATING
  YESTERDAY        0                         4     -4        0
  MONTH TO DATE   28                        34     -6        0
  SINCE SEP 1     28                        34     -6        0
  SINCE JUL 1     30                        36     -6        0

 COOLING
  YESTERDAY        9                         2      7        8
  MONTH TO DATE   97                        89      8      222
  SINCE SEP 1     97                        89      8      222
  SINCE JAN 1   1095                       985    110     1486
..................................................................


WIND (MPH)
  HIGHEST WIND SPEED    13   HIGHEST WIND DIRECTION     W (280)
  HIGHEST GUST SPEED    19   HIGHEST GUST DIRECTION     W (290)
  AVERAGE WIND SPEED     6.1


SKY COVER
  POSSIBLE SUNSHINE  MM
  AVERAGE SKY COVER 0.3


WEATHER CONDITIONS
 THE FOLLOWING WEATHER WAS RECORDED YESTERDAY.
  NO SIGNIFICANT WEATHER WAS OBSERVED.


RELATIVE HUMIDITY (PERCENT)
 HIGHEST    93           800 PM
 LOWEST     34           300 PM
 AVERAGE    64

..........................................................


THE HARRISBURG PA CLIMATE NORMALS FOR TODAY
                         NORMAL    RECORD    YEAR
 MAXIMUM TEMPERATURE (F)   72        97      1970
 MINIMUM TEMPERATURE (F)   53        30      1963


SUNRISE AND SUNSET
SEPTEMBER 24 2017.....SUNRISE   657 AM EDT   SUNSET   700 PM EDT
SEPTEMBER 25 2017.....SUNRISE   658 AM EDT   SUNSET   659 PM EDT


-  INDICATES NEGATIVE NUMBERS.
R  INDICATES RECORD WAS SET OR TIED.
MM INDICATES DATA IS MISSING.
T  INDICATES TRACE AMOUNT.




$$
