000
CDUS41 KCTP 280607
CLIMDT


CLIMATE REPORT
NATIONAL WEATHER SERVICE STATE COLLEGE PA
207 AM EDT TUE MAR 28 2017


...................................

...THE HARRISBURG PA CLIMATE SUMMARY FOR MARCH 27 2017...

CLIMATE NORMAL PERIOD 1981 TO 2010
CLIMATE RECORD PERIOD 1888 TO 2017


WEATHER ITEM   OBSERVED TIME   RECORD YEAR NORMAL DEPARTURE LAST
                VALUE   (LST)  VALUE       VALUE  FROM      YEAR
                                                  NORMAL
..................................................................
TEMPERATURE (F)
 YESTERDAY
  MAXIMUM         60    521 PM  85    1998  55      5       56
  MINIMUM         41    432 AM  19    1894  36      5       42
  AVERAGE         51                        45      6       49

PRECIPITATION (IN)
  YESTERDAY        0.08          2.04 1913   0.11  -0.03      T
  MONTH TO DATE    3.34                      2.90   0.44     0.83
  SINCE MAR 1      3.34                      2.90   0.44     0.83
  SINCE JAN 1      7.72                      8.17  -0.45    10.75

SNOWFALL (IN)
  YESTERDAY        0.0          10.0  1891   0.1   -0.1      0.0
  MONTH TO DATE   18.4                       4.9   13.5      0.2
  SINCE MAR 1     18.4                       4.9   13.5      0.2
  SINCE JUL 1     23.9                      29.9   -6.0     37.9
  SNOW DEPTH       0

DEGREE DAYS
 HEATING
  YESTERDAY       14                        20     -6       16
  MONTH TO DATE  693                       648     45      466
  SINCE MAR 1    693                       648     45      466
  SINCE JUL 1   3931                      4636   -705     3838

 COOLING
  YESTERDAY        0                         0      0        0
  MONTH TO DATE    0                         0      0        1
  SINCE MAR 1      0                         0      0        1
  SINCE JAN 1      0                         0      0        1
..................................................................


WIND (MPH)
  HIGHEST WIND SPEED    12   HIGHEST WIND DIRECTION     E (110)
  HIGHEST GUST SPEED    15   HIGHEST GUST DIRECTION    SE (120)
  AVERAGE WIND SPEED     2.3


SKY COVER
  POSSIBLE SUNSHINE  MM
  AVERAGE SKY COVER 0.9


WEATHER CONDITIONS
 THE FOLLOWING WEATHER WAS RECORDED YESTERDAY.
  LIGHT RAIN
  FOG
  HAZE


RELATIVE HUMIDITY (PERCENT)
 HIGHEST   100           100 AM
 LOWEST     77           400 PM
 AVERAGE    89

..........................................................


THE HARRISBURG PA CLIMATE NORMALS FOR TODAY
                         NORMAL    RECORD    YEAR
 MAXIMUM TEMPERATURE (F)   55        84      1989
                                             1945
 MINIMUM TEMPERATURE (F)   36        18      1923


SUNRISE AND SUNSET
MARCH 28 2017.........SUNRISE   657 AM EDT   SUNSET   728 PM EDT
MARCH 29 2017.........SUNRISE   655 AM EDT   SUNSET   729 PM EDT


-  INDICATES NEGATIVE NUMBERS.
R  INDICATES RECORD WAS SET OR TIED.
MM INDICATES DATA IS MISSING.
T  INDICATES TRACE AMOUNT.




$$
