000
CDUS41 KCTP 290642
CLIMDT


CLIMATE REPORT
NATIONAL WEATHER SERVICE STATE COLLEGE PA
141 AM EST THU JAN 29 2015


...................................

...THE HARRISBURG PA CLIMATE SUMMARY FOR JANUARY 28 2015...

CLIMATE NORMAL PERIOD 1981 TO 2010
CLIMATE RECORD PERIOD 1888 TO 2015


WEATHER ITEM   OBSERVED TIME   RECORD YEAR NORMAL DEPARTURE LAST
                VALUE   (LST)  VALUE       VALUE  FROM      YEAR
                                                  NORMAL
..................................................................
TEMPERATURE (F)
 YESTERDAY
  MAXIMUM         32    337 PM  65    1944  37     -5       15
  MINIMUM         14    559 AM  -1    1935  23     -9        6
                                      1925
  AVERAGE         23                        30     -7       11

PRECIPITATION (IN)
  YESTERDAY        0.00          1.19 1918   0.09  -0.09      T
  MONTH TO DATE    2.43                      2.61  -0.18     2.44
  SINCE DEC 1      5.69                      5.84  -0.15     6.18
  SINCE JAN 1      2.43                      2.61  -0.18     2.44

SNOWFALL (IN)
  YESTERDAY        0.0          12.2  1943   0.3   -0.3       T
  MONTH TO DATE   11.1                       7.7    3.4     11.8
  SINCE DEC 1     13.2                      12.8    0.4     21.0
  SINCE JUL 1     15.6                      13.4    2.2     21.0
  SNOW DEPTH       3

DEGREE DAYS
 HEATING
  YESTERDAY       42                        35      7       54
  MONTH TO DATE 1052                       977     75     1148
  SINCE DEC 1   1932                      1939     -7     2096
  SINCE JUL 1   2945                      2978    -33     3149

 COOLING
  YESTERDAY        0                         0      0        0
  MONTH TO DATE    0                         0      0        0
  SINCE DEC 1      0                         0      0        0
  SINCE JAN 1      0                         0      0        0
..................................................................


WIND (MPH)
  HIGHEST WIND SPEED    24   HIGHEST WIND DIRECTION    NW (320)
  HIGHEST GUST SPEED    30   HIGHEST GUST DIRECTION    NW (320)
  AVERAGE WIND SPEED    11.8


SKY COVER
  POSSIBLE SUNSHINE  MM
  AVERAGE SKY COVER 0.2


WEATHER CONDITIONS
 THE FOLLOWING WEATHER WAS RECORDED YESTERDAY.
  NO SIGNIFICANT WEATHER WAS OBSERVED.


RELATIVE HUMIDITY (PERCENT)
 HIGHEST    64           600 AM
 LOWEST     31           200 PM
 AVERAGE    48

..........................................................


THE HARRISBURG PA CLIMATE NORMALS FOR TODAY
                         NORMAL    RECORD    YEAR
 MAXIMUM TEMPERATURE (F)   37        68      2002
 MINIMUM TEMPERATURE (F)   23        -4      1963
                                             1948


SUNRISE AND SUNSET
JANUARY 29 2015.......SUNRISE   719 AM EST   SUNSET   522 PM EST
JANUARY 30 2015.......SUNRISE   718 AM EST   SUNSET   523 PM EST


-  INDICATES NEGATIVE NUMBERS.
R  INDICATES RECORD WAS SET OR TIED.
MM INDICATES DATA IS MISSING.
T  INDICATES TRACE AMOUNT.




$$
