000
CDUS41 KCTP 062220
CLIMDT


CLIMATE REPORT
NATIONAL WEATHER SERVICE STATE COLLEGE PA
520 PM EST FRI MAR 6 2015


...................................

...THE HARRISBURG PA CLIMATE SUMMARY FOR MARCH 6 2015...
VALID TODAY AS OF 0500 PM LOCAL TIME.

CLIMATE NORMAL PERIOD 1981 TO 2010
CLIMATE RECORD PERIOD 1888 TO 2015


WEATHER ITEM   OBSERVED TIME   RECORD YEAR NORMAL DEPARTURE LAST
                VALUE   (LST)  VALUE       VALUE  FROM      YEAR
                                                  NORMAL
..................................................................
TEMPERATURE (F)
 TODAY
  MAXIMUM         23    402 PM  72    1946  47    -24       31
  MINIMUM          0R   630 AM   7    1901  30    -30       17
  AVERAGE         12                        38    -26       24

PRECIPITATION (IN)
  TODAY            0.00          2.27 2011   0.10  -0.10     0.00
  MONTH TO DATE    1.37                      0.55   0.82     0.11
  SINCE MAR 1      1.37                      0.55   0.82     0.11
  SINCE JAN 1      4.96                      5.82  -0.86     6.82

SNOWFALL (IN)
  TODAY            0.0           9.4  1989   0.2   -0.2      0.0
  MONTH TO DATE    9.7                       1.5    8.2      0.3
  SINCE MAR 1      9.7                       1.5    8.2      0.3
  SINCE JUL 1     37.1                      26.5   10.6     42.9
  SNOW DEPTH       6

DEGREE DAYS
 HEATING
  TODAY           53                        27     26       41
  MONTH TO DATE  238                       165     73      236
  SINCE MAR 1    238                       165     73      236
  SINCE JUL 1   4541                      4153    388     4580

 COOLING
  TODAY            0                         0      0        0
  MONTH TO DATE    0                         0      0        0
  SINCE MAR 1      0                         0      0        0
  SINCE JAN 1      0                         0      0        0
..................................................................


WIND (MPH)
  HIGHEST WIND SPEED    14   HIGHEST WIND DIRECTION    NW (330)
  HIGHEST GUST SPEED    16   HIGHEST GUST DIRECTION    NW (320)
  AVERAGE WIND SPEED     6.0


SKY COVER
  POSSIBLE SUNSHINE  MM
  AVERAGE SKY COVER 0.1


WEATHER CONDITIONS
 THE FOLLOWING WEATHER WAS RECORDED TODAY.
  FOG


RELATIVE HUMIDITY (PERCENT)
 HIGHEST    86           700 AM
 LOWEST     36           400 PM
 AVERAGE    61

..........................................................


THE HARRISBURG PA CLIMATE NORMALS FOR TOMORROW
                         NORMAL    RECORD    YEAR
 MAXIMUM TEMPERATURE (F)   47        74      1921
 MINIMUM TEMPERATURE (F)   30         8      1890


SUNRISE AND SUNSET
MARCH  6 2015.........SUNRISE   633 AM EST   SUNSET   604 PM EST
MARCH  7 2015.........SUNRISE   632 AM EST   SUNSET   605 PM EST


-  INDICATES NEGATIVE NUMBERS.
R  INDICATES RECORD WAS SET OR TIED.
MM INDICATES DATA IS MISSING.
T  INDICATES TRACE AMOUNT.




$$
