000
CDUS41 KCTP 270625
CLIMDT


CLIMATE REPORT
NATIONAL WEATHER SERVICE STATE COLLEGE PA
224 AM EDT WED MAY 27 2015


...................................

...THE HARRISBURG PA CLIMATE SUMMARY FOR MAY 26 2015...

CLIMATE NORMAL PERIOD 1981 TO 2010
CLIMATE RECORD PERIOD 1888 TO 2015


WEATHER ITEM   OBSERVED TIME   RECORD YEAR NORMAL DEPARTURE LAST
                VALUE   (LST)  VALUE       VALUE  FROM      YEAR
                                                  NORMAL
..................................................................
TEMPERATURE (F)
 YESTERDAY
  MAXIMUM         88    146 PM  93    1991  75     13       84
  MINIMUM         64    443 AM  41    1972  56      8       53
                                      1907
  AVERAGE         76                        65     11       69

PRECIPITATION (IN)
  YESTERDAY        0.00          2.37 1953   0.12  -0.12     0.00
  MONTH TO DATE    1.85                      3.15  -1.30     3.93
  SINCE MAR 1      7.48                      9.62  -2.14    13.72
  SINCE JAN 1     11.07                     14.89  -3.82    20.43

SNOWFALL (IN)
  YESTERDAY        0.0           0.0  2002   0.0    0.0      0.0
                                      2001
  MONTH TO DATE    0.0                       0.0    0.0      0.0
  SINCE MAR 1     11.8                       5.6    6.2      1.4
  SINCE JUL 1     39.2                      30.6    8.6     44.0
  SNOW DEPTH       0

DEGREE DAYS
 HEATING
  YESTERDAY        0                         3     -3        0
  MONTH TO DATE   45                       136    -91       98
  SINCE MAR 1   1284                      1251     33     1373
  SINCE JUL 1   5587                      5239    348     5717

 COOLING
  YESTERDAY       11                         3      8        4
  MONTH TO DATE  112                        43     69       38
  SINCE MAR 1    112                        50     62       44
  SINCE JAN 1    112                        50     62       44
..................................................................


WIND (MPH)
  HIGHEST WIND SPEED    12   HIGHEST WIND DIRECTION    SW (220)
  HIGHEST GUST SPEED    16   HIGHEST GUST DIRECTION    SW (220)
  AVERAGE WIND SPEED     5.8


SKY COVER
  POSSIBLE SUNSHINE  MM
  AVERAGE SKY COVER 0.5


WEATHER CONDITIONS
 THE FOLLOWING WEATHER WAS RECORDED YESTERDAY.
  NO SIGNIFICANT WEATHER WAS OBSERVED.


RELATIVE HUMIDITY (PERCENT)
 HIGHEST    87           400 AM
 LOWEST     45           100 PM
 AVERAGE    66

..........................................................


THE HARRISBURG PA CLIMATE NORMALS FOR TODAY
                         NORMAL    RECORD    YEAR
 MAXIMUM TEMPERATURE (F)   75        92      1991
                                             1965
 MINIMUM TEMPERATURE (F)   56        41      1915


SUNRISE AND SUNSET
MAY 27 2015...........SUNRISE   542 AM EDT   SUNSET   826 PM EDT
MAY 28 2015...........SUNRISE   542 AM EDT   SUNSET   827 PM EDT


-  INDICATES NEGATIVE NUMBERS.
R  INDICATES RECORD WAS SET OR TIED.
MM INDICATES DATA IS MISSING.
T  INDICATES TRACE AMOUNT.




$$
