000
CDUS41 KCTP 230634
CLIMDT


CLIMATE REPORT
NATIONAL WEATHER SERVICE STATE COLLEGE PA
133 AM EST MON JAN 23 2017


...................................

...THE HARRISBURG PA CLIMATE SUMMARY FOR JANUARY 22 2017...

CLIMATE NORMAL PERIOD 1981 TO 2010
CLIMATE RECORD PERIOD 1888 TO 2017


WEATHER ITEM   OBSERVED TIME   RECORD YEAR NORMAL DEPARTURE LAST
                VALUE   (LST)  VALUE       VALUE  FROM      YEAR
                                                  NORMAL
..................................................................
TEMPERATURE (F)
 YESTERDAY
  MAXIMUM         50   1118 PM  64    1906  37     13       25
  MINIMUM         41    750 AM  -9    1984  22     19       18
  AVERAGE         46                        30     16       22

PRECIPITATION (IN)
  YESTERDAY        0.05          1.10 1891   0.09  -0.04     0.27
  MONTH TO DATE    1.67                      2.07  -0.40     2.12
  SINCE DEC 1      4.03                      5.30  -1.27     6.41
  SINCE JAN 1      1.67                      2.07  -0.40     2.12

SNOWFALL (IN)
  YESTERDAY        0.0          11.2  1987   0.2   -0.2      3.8
  MONTH TO DATE    0.9                       5.8   -4.9      4.2
  SINCE DEC 1      1.7                      10.9   -9.2      4.2
  SINCE JUL 1      1.7                      11.5   -9.8      4.2
  SNOW DEPTH       0

DEGREE DAYS
 HEATING
  YESTERDAY       19                        35    -16       43
  MONTH TO DATE  659                       767   -108      745
  SINCE DEC 1   1556                      1729   -173     1344
  SINCE JUL 1   2342                      2768   -426     2119

 COOLING
  YESTERDAY        0                         0      0        0
  MONTH TO DATE    0                         0      0        0
  SINCE DEC 1      0                         0      0        0
  SINCE JAN 1      0                         0      0        0
..................................................................


WIND (MPH)
  HIGHEST WIND SPEED    23   HIGHEST WIND DIRECTION     E (110)
  HIGHEST GUST SPEED    32   HIGHEST GUST DIRECTION     E (100)
  AVERAGE WIND SPEED     3.3


SKY COVER
  POSSIBLE SUNSHINE  MM
  AVERAGE SKY COVER 1.0


WEATHER CONDITIONS
 THE FOLLOWING WEATHER WAS RECORDED YESTERDAY.
  LIGHT RAIN
  FOG
  FOG W/VISIBILITY <= 1/4 MILE


RELATIVE HUMIDITY (PERCENT)
 HIGHEST   100          1200 AM
 LOWEST     93           300 PM
 AVERAGE    97

..........................................................


THE HARRISBURG PA CLIMATE NORMALS FOR TODAY
                         NORMAL    RECORD    YEAR
 MAXIMUM TEMPERATURE (F)   37        67      1967
 MINIMUM TEMPERATURE (F)   22        -6      1936


SUNRISE AND SUNSET
JANUARY 23 2017.......SUNRISE   723 AM EST   SUNSET   515 PM EST
JANUARY 24 2017.......SUNRISE   722 AM EST   SUNSET   517 PM EST


-  INDICATES NEGATIVE NUMBERS.
R  INDICATES RECORD WAS SET OR TIED.
MM INDICATES DATA IS MISSING.
T  INDICATES TRACE AMOUNT.




$$
