000
CDUS41 KCTP 160643
CLIMDT


CLIMATE REPORT
NATIONAL WEATHER SERVICE STATE COLLEGE PA
243 AM EDT WED APR 16 2014


...................................

...THE HARRISBURG PA CLIMATE SUMMARY FOR APRIL 15 2014...

CLIMATE NORMAL PERIOD 1981 TO 2010
CLIMATE RECORD PERIOD 1888 TO 2014


WEATHER ITEM   OBSERVED TIME   RECORD YEAR NORMAL DEPARTURE LAST
                VALUE   (LST)  VALUE       VALUE  FROM      YEAR
                                                  NORMAL
..................................................................
TEMPERATURE (F)
 YESTERDAY
  MAXIMUM         68   1247 AM  87    1941  62      6       62
  MINIMUM         35   1159 PM  27    1943  42     -7       49
  AVERAGE         52                        52      0       56

PRECIPITATION (IN)
  YESTERDAY        1.07          2.17 1983   0.10   0.97      T
  MONTH TO DATE    2.12                      1.57   0.55     0.62
  SINCE MAR 1      6.00                      4.94   1.06     3.06
  SINCE JAN 1     12.71                     10.21   2.50     8.01

SNOWFALL (IN)
  YESTERDAY        T
  MONTH TO DATE    T
  SINCE MAR 1      1.4
  SINCE JUL 1     44.0
  SNOW DEPTH       0

DEGREE DAYS
 HEATING
  YESTERDAY       13                        13      0        9
  MONTH TO DATE  193                       235    -42      208
  SINCE MAR 1   1067                       958    109     1017
  SINCE JUL 1   5411                      4946    465     4808

 COOLING
  YESTERDAY        0                         0      0        0
  MONTH TO DATE    6                         0      6        7
  SINCE MAR 1      6                         1      5        7
  SINCE JAN 1      6                         1      5        7
..................................................................


WIND (MPH)
  HIGHEST WIND SPEED    31   HIGHEST WIND DIRECTION    NW (310)
  HIGHEST GUST SPEED    40   HIGHEST GUST DIRECTION    NW (310)
  AVERAGE WIND SPEED    14.5


SKY COVER
  POSSIBLE SUNSHINE  MM
  AVERAGE SKY COVER 0.9


WEATHER CONDITIONS
 THE FOLLOWING WEATHER WAS RECORDED YESTERDAY.
  HEAVY RAIN
  RAIN
  LIGHT RAIN
  SNOW
  SLEET
  FOG


RELATIVE HUMIDITY (PERCENT)
 HIGHEST    93           700 AM
 LOWEST     52          1000 PM
 AVERAGE    73

..........................................................


THE HARRISBURG PA CLIMATE NORMALS FOR TODAY
                         NORMAL    RECORD    YEAR
 MAXIMUM TEMPERATURE (F)   63        89      2002
 MINIMUM TEMPERATURE (F)   42        25      1943


SUNRISE AND SUNSET
APRIL 16 2014.........SUNRISE   628 AM EDT   SUNSET   747 PM EDT
APRIL 17 2014.........SUNRISE   626 AM EDT   SUNSET   748 PM EDT


-  INDICATES NEGATIVE NUMBERS.
R  INDICATES RECORD WAS SET OR TIED.
MM INDICATES DATA IS MISSING.
T  INDICATES TRACE AMOUNT.




$$
