000
CDUS43 KLOT 270634
CLIMDW


CLIMATE REPORT
NATIONAL WEATHER SERVICE CHICAGO IL
132 AM CDT TUE JUN 27 2017


...................................

...THE CHICAGO-MIDWAY CLIMATE SUMMARY FOR JUNE 26 2017...

CLIMATE NORMAL PERIOD 1981 TO 2010
CLIMATE RECORD PERIOD 1928 TO 2017


WEATHER ITEM   OBSERVED TIME   RECORD YEAR NORMAL DEPARTURE LAST
                VALUE   (LST)  VALUE       VALUE  FROM      YEAR
                                                  NORMAL
..................................................................
TEMPERATURE (F)
 YESTERDAY
  MAXIMUM         74    249 PM  98    1936  83     -9       90
  MINIMUM         55    425 AM  52    1945  66    -11       75
                                      1928
  AVERAGE         65                        74     -9       83

PRECIPITATION (IN)
  YESTERDAY        0.00          2.57 1932   0.12  -0.12     0.20
  MONTH TO DATE    2.14                      3.60  -1.46     1.56
  SINCE JUN 1      2.14                      3.60  -1.46     1.56
  SINCE JAN 1     21.46                     18.09   3.37    13.28

DEGREE DAYS
 HEATING
  YESTERDAY        0                         0      0        0
  MONTH TO DATE    0                        29    -29        6
  SINCE JUN 1      0                        29    -29        6
  SINCE JUL 1   4964                      5988  -1024     4881

 COOLING
  YESTERDAY        0                         9     -9       18
  MONTH TO DATE  238                       166     72      259
  SINCE JUN 1    238                       166     72      259
  SINCE JAN 1    293                       240     53      366
..................................................................


WIND (MPH)
  RESULTANT WIND SPEED  11   RESULTANT WIND DIRECTION   W (290)
  HIGHEST WIND SPEED    25   HIGHEST WIND DIRECTION     W (290)
  HIGHEST GUST SPEED    33   HIGHEST GUST DIRECTION    NW (310)
  AVERAGE WIND SPEED    11.7



WEATHER CONDITIONS
 THE FOLLOWING WEATHER WAS RECORDED YESTERDAY.
  NO SIGNIFICANT WEATHER WAS OBSERVED.


..........................................................


THE CHICAGO-MIDWAY CLIMATE NORMALS FOR TODAY
                         NORMAL    RECORD    YEAR
 MAXIMUM TEMPERATURE (F)   83       102      1933
 MINIMUM TEMPERATURE (F)   66        50      1981


SUNRISE AND SUNSET
JUNE 27 2017..........SUNRISE   518 AM CDT   SUNSET   830 PM CDT
JUNE 28 2017..........SUNRISE   519 AM CDT   SUNSET   830 PM CDT


-  INDICATES NEGATIVE NUMBERS.
R  INDICATES RECORD WAS SET OR TIED.
MM INDICATES DATA IS MISSING.
T  INDICATES TRACE AMOUNT.




$$
