000
CDUS43 KLOT 050635
CLIMDW


CLIMATE REPORT
NATIONAL WEATHER SERVICE CHICAGO IL
135 AM CDT SAT SEP 5 2015


...................................

...THE CHICAGO-MIDWAY CLIMATE SUMMARY FOR SEPTEMBER 4 2015...

CLIMATE NORMAL PERIOD 1981 TO 2010
CLIMATE RECORD PERIOD 1928 TO 2015


WEATHER ITEM   OBSERVED TIME   RECORD YEAR NORMAL DEPARTURE LAST
                VALUE   (LST)  VALUE       VALUE  FROM      YEAR
                                                  NORMAL
..................................................................
TEMPERATURE (F)
 YESTERDAY
  MAXIMUM         87   1141 AM  95    1960  79      8       87
                                      1954
  MINIMUM         72    553 AM  43    1938  62     10       73
  AVERAGE         80                        71      9       80

PRECIPITATION (IN)
  YESTERDAY        0.00          3.05 2008   0.12  -0.12     0.22
  MONTH TO DATE    T                         0.47  -0.47     0.22
  SINCE SEP 1      T                         0.47  -0.47     0.22
  SINCE JAN 1     17.56                     27.02  -9.46    33.72

DEGREE DAYS
 HEATING
  YESTERDAY        0                         1     -1        0
  MONTH TO DATE    0                         4     -4        0
  SINCE SEP 1      0                         4     -4        0
  SINCE JUL 1      6                         9     -3        1

 COOLING
  YESTERDAY       15                         7      8       15
  MONTH TO DATE   69                        28     41       53
  SINCE SEP 1     69                        28     41       53
  SINCE JAN 1    982                       938     44      985
..................................................................


WIND (MPH)
  RESULTANT WIND SPEED   6   RESULTANT WIND DIRECTION   E (80)
  HIGHEST WIND SPEED    16   HIGHEST WIND DIRECTION     E (100)
  HIGHEST GUST SPEED    19   HIGHEST GUST DIRECTION     E (80)
  AVERAGE WIND SPEED     6.2



WEATHER CONDITIONS
 THE FOLLOWING WEATHER WAS RECORDED YESTERDAY.
  NO SIGNIFICANT WEATHER WAS OBSERVED.


..........................................................


THE CHICAGO-MIDWAY CLIMATE NORMALS FOR TODAY
                         NORMAL    RECORD    YEAR
 MAXIMUM TEMPERATURE (F)   79        97      1954
 MINIMUM TEMPERATURE (F)   62        48      1988
                                             1974
                                             1935


SUNRISE AND SUNSET
SEPTEMBER  5 2015.....SUNRISE   621 AM CDT   SUNSET   718 PM CDT
SEPTEMBER  6 2015.....SUNRISE   622 AM CDT   SUNSET   716 PM CDT


-  INDICATES NEGATIVE NUMBERS.
R  INDICATES RECORD WAS SET OR TIED.
MM INDICATES DATA IS MISSING.
T  INDICATES TRACE AMOUNT.




$$
