000
CDUS44 KMEG 242207
CLIMEG


CLIMATE REPORT
NATIONAL WEATHER SERVICE MEMPHIS TN
459 PM CDT TUE MAY 24 2016


...................................

...THE MEMPHIS/GERMANTOWN WFO CLIMATE SUMMARY FOR MAY 24 2016...
VALID TODAY AS OF 0400 PM LOCAL TIME.

CLIMATE NORMAL PERIOD 1981 TO 2010
CLIMATE RECORD PERIOD 1988 TO 2016


WEATHER ITEM   OBSERVED TIME   RECORD YEAR NORMAL DEPARTURE LAST
                VALUE   (LST)  VALUE       VALUE  FROM      YEAR
                                                  NORMAL
..................................................................
TEMPERATURE (F)
 TODAY
  MAXIMUM         89    200 PM  93    2006  83      6       86
  MINIMUM         62    600 AM  48    1990  62      0       57
  AVERAGE         76                        72      4       72

PRECIPITATION (IN)
  TODAY            0.00          1.73 2010   0.16  -0.16     0.66
  MONTH TO DATE    2.69                      4.54  -1.85     4.26
  SINCE MAR 1     25.46                     14.81  10.65    14.34
  SINCE JAN 1     34.41                     23.44  10.97    20.42

SNOWFALL (IN)
  TODAY            0.0

DEGREE DAYS
 HEATING
  TODAY            0                         1     -1        0
  MONTH TO DATE   38                        38      0       25
  SINCE MAR 1    398                       665   -267      552
  SINCE JUL 1   2485                      3411   -926     3459

 COOLING
  TODAY           11                         8      3        7
  MONTH TO DATE   86                       125    -39      154
  SINCE MAR 1    159                       190    -31      231
  SINCE JAN 1    159                       191    -32      231
..................................................................







THE MEMPHIS/GERMANTOWN WFO CLIMATE NORMALS FOR TOMORROW
                         NORMAL    RECORD    YEAR
 MAXIMUM TEMPERATURE (F)   83        93      2012
                                             2006
 MINIMUM TEMPERATURE (F)   62        48      2001


SUNRISE AND SUNSET
MAY 24 2016...........SUNRISE   549 AM CDT   SUNSET   803 PM CDT
MAY 25 2016...........SUNRISE   549 AM CDT   SUNSET   804 PM CDT


-  INDICATES NEGATIVE NUMBERS.
R  INDICATES RECORD WAS SET OR TIED.
MM INDICATES DATA IS MISSING.
T  INDICATES TRACE AMOUNT.




$$
