000
CDUS44 KMEG 220731
CLIMEG


CLIMATE REPORT
NATIONAL WEATHER SERVICE MEMPHIS TN
131 AM CST MON DEC 22 2014


...................................

...THE MEMPHIS/GERMANTOWN WFO CLIMATE SUMMARY FOR DECEMBER 21 2014...

CLIMATE NORMAL PERIOD 1981 TO 2010
CLIMATE RECORD PERIOD 1988 TO 2014


WEATHER ITEM   OBSERVED TIME   RECORD YEAR NORMAL DEPARTURE LAST
                VALUE   (LST)  VALUE       VALUE  FROM      YEAR
                                                  NORMAL
..................................................................
TEMPERATURE (F)
 YESTERDAY
  MAXIMUM         57        MM  75    2013  50      7       75
  MINIMUM         28        MM  12    1989  31     -3       53
  AVERAGE         43                        40      3       64

PRECIPITATION (IN)
  YESTERDAY        0.00          1.78 1990   0.18  -0.18     1.63
  MONTH TO DATE    1.78                      4.17  -2.39     5.34
  SINCE DEC 1      1.78                      4.17  -2.39     5.34
  SINCE JAN 1     56.93                     53.12   3.81    63.91

SNOWFALL (IN)
  YESTERDAY        0.0          MM      MM   0.1   -0.1      0.0
  MONTH TO DATE    T                         0.1   -0.1       T
  SINCE DEC 1      T                         0.1   -0.1       T
  SINCE JUL 1      0.3                       0.1    0.2       T
  SNOW DEPTH       0

DEGREE DAYS
 HEATING
  YESTERDAY       22                        25     -3        1
  MONTH TO DATE  401                       470    -69      443
  SINCE DEC 1    401                       470    -69      443
  SINCE JUL 1   1080                      1069     11     1103

 COOLING
  YESTERDAY        0                         0      0        0
  MONTH TO DATE    0                         0      0        1
  SINCE DEC 1      0                         0      0        1
  SINCE JAN 1   1967                      1926     41     1965
..................................................................







THE MEMPHIS/GERMANTOWN WFO CLIMATE NORMALS FOR TODAY
                         NORMAL    RECORD    YEAR
 MAXIMUM TEMPERATURE (F)   50        70      1998
 MINIMUM TEMPERATURE (F)   31        -5      1989


SUNRISE AND SUNSET
DECEMBER 22 2014......SUNRISE   704 AM CST   SUNSET   452 PM CST
DECEMBER 23 2014......SUNRISE   705 AM CST   SUNSET   452 PM CST


-  INDICATES NEGATIVE NUMBERS.
R  INDICATES RECORD WAS SET OR TIED.
MM INDICATES DATA IS MISSING.
T  INDICATES TRACE AMOUNT.




$$
