000
CDUS44 KMEG 180736
CLIMEG


CLIMATE REPORT
NATIONAL WEATHER SERVICE MEMPHIS TN
135 AM CST SUN FEB 18 2018


...................................

...THE MEMPHIS/GERMANTOWN WFO CLIMATE SUMMARY FOR FEBRUARY 17 2018...

CLIMATE NORMAL PERIOD 1981 TO 2010
CLIMATE RECORD PERIOD 1988 TO 2018


WEATHER ITEM   OBSERVED TIME   RECORD YEAR NORMAL DEPARTURE LAST
                VALUE   (LST)  VALUE       VALUE  FROM      YEAR
                                                  NORMAL
..................................................................
TEMPERATURE (F)
 YESTERDAY
  MAXIMUM         48        MM  69    2017  54     -6       69
  MINIMUM         37        MM  14    2015  33      4       42
  AVERAGE         43                        43      0       56

PRECIPITATION (IN)
  YESTERDAY        0.35          0.93 1998   0.17   0.18      T
  MONTH TO DATE    5.71                      2.79   2.92     1.09
  SINCE DEC 1     16.96                     12.69   4.27    12.06
  SINCE JAN 1     10.00                      6.75   3.25     4.75

SNOWFALL (IN)
  YESTERDAY        0.0           T    2009                   0.0
  MONTH TO DATE    0.0                                       0.0
  SINCE DEC 1      3.8                                       1.0
  SINCE JUL 1      3.8                                       1.0
  SNOW DEPTH       0

DEGREE DAYS
 HEATING
  YESTERDAY       22                        22      0        9
  MONTH TO DATE  370                       398    -28      246
  SINCE DEC 1   1963                      1928     35     1453
  SINCE JUL 1   2468                      2527    -59     1775

 COOLING
  YESTERDAY        0                         0      0        0
  MONTH TO DATE    5                         0      5        7
  SINCE DEC 1      5                         1      4       12
  SINCE JAN 1      5                         0      5        7
..................................................................







THE MEMPHIS/GERMANTOWN WFO CLIMATE NORMALS FOR TODAY
                         NORMAL    RECORD    YEAR
 MAXIMUM TEMPERATURE (F)   54        73      2014
                                             2009
                                             2000
 MINIMUM TEMPERATURE (F)   33        15      2006


SUNRISE AND SUNSET
FEBRUARY 18 2018......SUNRISE   642 AM CST   SUNSET   545 PM CST
FEBRUARY 19 2018......SUNRISE   641 AM CST   SUNSET   546 PM CST


-  INDICATES NEGATIVE NUMBERS.
R  INDICATES RECORD WAS SET OR TIED.
MM INDICATES DATA IS MISSING.
T  INDICATES TRACE AMOUNT.




$$
