000
CDUS44 KMEG 210738
CLIMEG


CLIMATE REPORT
NATIONAL WEATHER SERVICE MEMPHIS TN
137 AM CST TUE NOV 21 2017


...................................

...THE MEMPHIS/GERMANTOWN WFO CLIMATE SUMMARY FOR NOVEMBER 20 2017...

CLIMATE NORMAL PERIOD 1981 TO 2010
CLIMATE RECORD PERIOD 1988 TO 2017


WEATHER ITEM   OBSERVED TIME   RECORD YEAR NORMAL DEPARTURE LAST
                VALUE   (LST)  VALUE       VALUE  FROM      YEAR
                                                  NORMAL
..................................................................
TEMPERATURE (F)
 YESTERDAY
  MAXIMUM         57        MM  76    2007  61     -4       56
  MINIMUM         28R       MM  28    2014  39    -11       29
  AVERAGE         43                        50     -7       43

PRECIPITATION (IN)
  YESTERDAY        0.00          3.40 1991   0.20  -0.20     0.00
  MONTH TO DATE    1.91                      3.36  -1.45     1.03
  SINCE SEP 1      6.89                     10.94  -4.05     3.23
  SINCE JAN 1     46.08                     46.95  -0.87    54.47

SNOWFALL (IN)
  YESTERDAY        0.0          MM      MM                   0.0
  MONTH TO DATE    0.0                                       0.0
  SINCE SEP 1      0.0                                       0.0
  SINCE JUL 1      0.0                                       0.0
  SNOW DEPTH       0

DEGREE DAYS
 HEATING
  YESTERDAY       22                        15      7       22
  MONTH TO DATE  204                       241    -37      146
  SINCE SEP 1    358                       425    -67      175
  SINCE JUL 1    358                       425    -67      175

 COOLING
  YESTERDAY        0                         0      0        0
  MONTH TO DATE   18                         7     11       26
  SINCE SEP 1    432                       329    103      587
  SINCE JAN 1   2124                      1924    200     2423
..................................................................







THE MEMPHIS/GERMANTOWN WFO CLIMATE NORMALS FOR TODAY
                         NORMAL    RECORD    YEAR
 MAXIMUM TEMPERATURE (F)   60        76      1990
 MINIMUM TEMPERATURE (F)   39        23      2008


SUNRISE AND SUNSET
NOVEMBER 21 2017......SUNRISE   640 AM CST   SUNSET   450 PM CST
NOVEMBER 22 2017......SUNRISE   641 AM CST   SUNSET   450 PM CST


-  INDICATES NEGATIVE NUMBERS.
R  INDICATES RECORD WAS SET OR TIED.
MM INDICATES DATA IS MISSING.
T  INDICATES TRACE AMOUNT.




$$
