000
CDUS44 KMEG 240633
CLIMEG


CLIMATE REPORT
NATIONAL WEATHER SERVICE MEMPHIS TN
132 AM CDT SUN SEP 24 2017


...................................

...THE MEMPHIS/GERMANTOWN WFO CLIMATE SUMMARY FOR SEPTEMBER 23 2017...

CLIMATE NORMAL PERIOD 1981 TO 2010
CLIMATE RECORD PERIOD 1988 TO 2017


WEATHER ITEM   OBSERVED TIME   RECORD YEAR NORMAL DEPARTURE LAST
                VALUE   (LST)  VALUE       VALUE  FROM      YEAR
                                                  NORMAL
..................................................................
TEMPERATURE (F)
 YESTERDAY
  MAXIMUM         92    307 PM  97    2016  82     10       97
  MINIMUM         68    647 AM  44    1999  58     10       68
  AVERAGE         80                        70     10       83

PRECIPITATION (IN)
  YESTERDAY        0.00          1.44 2000   0.10  -0.10     0.00
  MONTH TO DATE    1.37                      2.42  -1.05     0.56
  SINCE SEP 1      1.37                      2.42  -1.05     0.56
  SINCE JAN 1     40.56                     38.43   2.13    51.80

SNOWFALL (IN)
  YESTERDAY        0.0          MM      MM                   0.0
  MONTH TO DATE    0.0                                       0.0
  SINCE SEP 1      0.0                                       0.0
  SINCE JUL 1      0.0                                       0.0
  SNOW DEPTH       0

DEGREE DAYS
 HEATING
  YESTERDAY        0                         1     -1        0
  MONTH TO DATE    4                         6     -2        0
  SINCE SEP 1      4                         6     -2        0
  SINCE JUL 1      4                         6     -2        0

 COOLING
  YESTERDAY       15                         6      9       18
  MONTH TO DATE  208                       222    -14      344
  SINCE SEP 1    208                       222    -14      344
  SINCE JAN 1   1900                      1817     83     2180
..................................................................







THE MEMPHIS/GERMANTOWN WFO CLIMATE NORMALS FOR TODAY
                         NORMAL    RECORD    YEAR
 MAXIMUM TEMPERATURE (F)   82        97      2016
 MINIMUM TEMPERATURE (F)   58        43      1990


SUNRISE AND SUNSET
SEPTEMBER 24 2017.....SUNRISE   649 AM CDT   SUNSET   653 PM CDT
SEPTEMBER 25 2017.....SUNRISE   650 AM CDT   SUNSET   651 PM CDT


-  INDICATES NEGATIVE NUMBERS.
R  INDICATES RECORD WAS SET OR TIED.
MM INDICATES DATA IS MISSING.
T  INDICATES TRACE AMOUNT.




$$
