000
CDUS44 KJAN 200918
CLIMEI


CLIMATE REPORT
NATIONAL WEATHER SERVICE JACKSON MS
316 AM CST SAT DEC 20 2014


...................................

...THE MERIDIAN CLIMATE SUMMARY FOR DECEMBER 19 2014...

CLIMATE NORMAL PERIOD 1981 TO 2010
CLIMATE RECORD PERIOD 1889 TO 2014


WEATHER ITEM   OBSERVED TIME   RECORD YEAR NORMAL DEPARTURE LAST
                VALUE   (LST)  VALUE       VALUE  FROM      YEAR
                                                  NORMAL
..................................................................
TEMPERATURE (F)
 YESTERDAY
  MAXIMUM         50   1218 PM  77    2008  58     -8       68
  MINIMUM         43   1159 PM  15    2000  35      8       29
                                      1975
  AVERAGE         47                        46      1       49

PRECIPITATION (IN)
  YESTERDAY        0.50          1.74 1892   0.15   0.35     0.00
  MONTH TO DATE    0.72                      3.27  -2.55     4.70
  SINCE DEC 1      0.72                      3.27  -2.55     4.70
  SINCE JAN 1     46.24                     54.37  -8.13    64.62

SNOWFALL (IN)
  YESTERDAY        0.0           0.0  2001   0.1   -0.1      0.0
  MONTH TO DATE    0.0                       0.1   -0.1      0.0
  SINCE DEC 1      0.0                       0.1   -0.1      0.0
  SINCE JUL 1      0.0                       0.1   -0.1      0.0

DEGREE DAYS
 HEATING
  YESTERDAY       18                        19     -1       16
  MONTH TO DATE  253                       323    -70      329
  SINCE DEC 1    253                       323    -70      329
  SINCE JUL 1    802                       773     29      830

 COOLING
  YESTERDAY        0                         0      0        0
  MONTH TO DATE    0                         0      0       16
  SINCE DEC 1      0                         0      0       16
  SINCE JAN 1   2085                      2029     56     2057
..................................................................


WIND (MPH)
  HIGHEST WIND SPEED    13   HIGHEST WIND DIRECTION    NE (50)
  HIGHEST GUST SPEED    MM   HIGHEST GUST DIRECTION    NW (330)
  AVERAGE WIND SPEED     6.2


SKY COVER
  POSSIBLE SUNSHINE  MM
  AVERAGE SKY COVER 1.0


WEATHER CONDITIONS
 THE FOLLOWING WEATHER WAS RECORDED YESTERDAY.
  RAIN
  LIGHT RAIN
  FOG


RELATIVE HUMIDITY (PERCENT)
 HIGHEST    92           400 PM
 LOWEST     56           900 AM
 AVERAGE    74

..........................................................


THE MERIDIAN CLIMATE NORMALS FOR TODAY
                         NORMAL    RECORD    YEAR
 MAXIMUM TEMPERATURE (F)   58        77      1990
                                             1967
                                             1951
 MINIMUM TEMPERATURE (F)   35        10      1901


SUNRISE AND SUNSET
DECEMBER 20 2014......SUNRISE   652 AM CST   SUNSET   454 PM CST
DECEMBER 21 2014......SUNRISE   652 AM CST   SUNSET   454 PM CST


-  INDICATES NEGATIVE NUMBERS.
R  INDICATES RECORD WAS SET OR TIED.
MM INDICATES DATA IS MISSING.
T  INDICATES TRACE AMOUNT.




$$
