000
CDUS44 KJAN 030644
CLIMEI


CLIMATE REPORT
NATIONAL WEATHER SERVICE JACKSON MS
141 AM CDT THU SEP 3 2015


...................................

...THE MERIDIAN CLIMATE SUMMARY FOR SEPTEMBER 2 2015...

CLIMATE NORMAL PERIOD 1981 TO 2010
CLIMATE RECORD PERIOD 1889 TO 2015


WEATHER ITEM   OBSERVED TIME   RECORD YEAR NORMAL DEPARTURE LAST
                VALUE   (LST)  VALUE       VALUE  FROM      YEAR
                                                  NORMAL
..................................................................
TEMPERATURE (F)
 YESTERDAY
  MAXIMUM         91   1236 PM 100    1951  90      1       90
                                      1947
  MINIMUM         71    558 AM  54    1892  67      4       72
  AVERAGE         81                        79      2       81

PRECIPITATION (IN)
  YESTERDAY        0.70          2.53 1941   0.11   0.59     0.01
  MONTH TO DATE    0.70                      0.22   0.48     0.01
  SINCE SEP 1      0.70                      0.22   0.48     0.01
  SINCE JAN 1     36.40                     39.18  -2.78    38.37

SNOWFALL (IN)
  YESTERDAY        0.0           0.0  2002   0.0    0.0      0.0
                                      2001
  MONTH TO DATE    0.0                       0.0    0.0      0.0
  SINCE SEP 1      0.0                       0.0    0.0      0.0
  SINCE JUL 1      0.0                       0.0    0.0      0.0

DEGREE DAYS
 HEATING
  YESTERDAY        0                         0      0        0
  MONTH TO DATE    0                         0      0        0
  SINCE SEP 1      0                         0      0        0
  SINCE JUL 1      0                         0      0        0

 COOLING
  YESTERDAY       16                        14      2       16
  MONTH TO DATE   32                        28      4       32
  SINCE SEP 1     32                        28      4       32
  SINCE JAN 1   1857                      1648    209     1625
..................................................................


WIND (MPH)
  HIGHEST WIND SPEED    MM   HIGHEST WIND DIRECTION    NW (310)
  HIGHEST GUST SPEED    53   HIGHEST GUST DIRECTION    NW (300)
  AVERAGE WIND SPEED     1.6


SKY COVER
  POSSIBLE SUNSHINE  MM
  AVERAGE SKY COVER 0.3


WEATHER CONDITIONS
 THE FOLLOWING WEATHER WAS RECORDED YESTERDAY.
  THUNDERSTORM
  HEAVY RAIN
  LIGHT RAIN
  FOG


RELATIVE HUMIDITY (PERCENT)
 HIGHEST    94           900 PM
 LOWEST     52          1200 PM
 AVERAGE    73

..........................................................


THE MERIDIAN CLIMATE NORMALS FOR TODAY
                         NORMAL    RECORD    YEAR
 MAXIMUM TEMPERATURE (F)   90       101      1990
                                             1951
 MINIMUM TEMPERATURE (F)   67        54      1987


SUNRISE AND SUNSET
SEPTEMBER  3 2015.....SUNRISE   631 AM CDT   SUNSET   717 PM CDT
SEPTEMBER  4 2015.....SUNRISE   632 AM CDT   SUNSET   716 PM CDT


-  INDICATES NEGATIVE NUMBERS.
R  INDICATES RECORD WAS SET OR TIED.
MM INDICATES DATA IS MISSING.
T  INDICATES TRACE AMOUNT.




$$
