000
CDUS44 KJAN 190656
CLIMEI


CLIMATE REPORT
NATIONAL WEATHER SERVICE JACKSON MS
152 AM CDT SAT APR 19 2014


...................................

...THE MERIDIAN CLIMATE SUMMARY FOR APRIL 18 2014...

CLIMATE NORMAL PERIOD 1981 TO 2010
CLIMATE RECORD PERIOD 1889 TO 2014


WEATHER ITEM   OBSERVED TIME   RECORD YEAR NORMAL DEPARTURE LAST
                VALUE   (LST)  VALUE       VALUE  FROM      YEAR
                                                  NORMAL
..................................................................
TEMPERATURE (F)
 YESTERDAY
  MAXIMUM         62    245 PM  92    2006  77    -15       83
  MINIMUM         52   1155 PM  33    1999  50      2       58
  AVERAGE         57                        63     -6       71

PRECIPITATION (IN)
  YESTERDAY        0.07          2.76 1901   0.16  -0.09     0.44
  MONTH TO DATE    9.87                      3.00   6.87     3.45
  SINCE MAR 1     15.61                      8.42   7.19     7.20
  SINCE JAN 1     24.96                     19.15   5.81    26.03

SNOWFALL (IN)
  YESTERDAY        0.0           0.0    MM   0.0    0.0      0.0
  MONTH TO DATE    0.0                       0.1   -0.1      0.0
  SINCE MAR 1      0.0                       0.3   -0.3      0.0
  SINCE JUL 1      2.5                       0.6    1.9      1.0

DEGREE DAYS
 HEATING
  YESTERDAY        8                         4      4        0
  MONTH TO DATE  111                        98     13       77
  SINCE MAR 1    460                       405     55      511
  SINCE JUL 1   2836                      2502    334     2398

 COOLING
  YESTERDAY        0                         2     -2        6
  MONTH TO DATE   19                        27     -8       53
  SINCE MAR 1     21                        44    -23       56
  SINCE JAN 1     28                        51    -23       72
..................................................................


WIND (MPH)
  HIGHEST WIND SPEED    16   HIGHEST WIND DIRECTION    NE (50)
  HIGHEST GUST SPEED    22   HIGHEST GUST DIRECTION    NE (50)
  AVERAGE WIND SPEED     7.8


SKY COVER
  POSSIBLE SUNSHINE  MM
  AVERAGE SKY COVER 0.8


WEATHER CONDITIONS
 THE FOLLOWING WEATHER WAS RECORDED YESTERDAY.
  RAIN
  LIGHT RAIN


RELATIVE HUMIDITY (PERCENT)
 HIGHEST    93           300 AM
 LOWEST     72          1200 AM
 AVERAGE    83

..........................................................


THE MERIDIAN CLIMATE NORMALS FOR TODAY
                         NORMAL    RECORD    YEAR
 MAXIMUM TEMPERATURE (F)   77        91      2006
 MINIMUM TEMPERATURE (F)   50        36      2001
                                             1983


SUNRISE AND SUNSET
APRIL 19 2014.........SUNRISE   621 AM CDT   SUNSET   727 PM CDT
APRIL 20 2014.........SUNRISE   620 AM CDT   SUNSET   728 PM CDT


-  INDICATES NEGATIVE NUMBERS.
R  INDICATES RECORD WAS SET OR TIED.
MM INDICATES DATA IS MISSING.
T  INDICATES TRACE AMOUNT.




$$
