000
CDUS44 KJAN 240745
CLIMEI


CLIMATE REPORT
NATIONAL WEATHER SERVICE JACKSON MS
143 AM CST FRI FEB 24 2017


...................................

...THE MERIDIAN CLIMATE SUMMARY FOR FEBRUARY 23 2017...

CLIMATE NORMAL PERIOD 1981 TO 2010
CLIMATE RECORD PERIOD 1889 TO 2017


WEATHER ITEM   OBSERVED TIME   RECORD YEAR NORMAL DEPARTURE LAST
                VALUE   (LST)  VALUE       VALUE  FROM      YEAR
                                                  NORMAL
..................................................................
TEMPERATURE (F)
 YESTERDAY
  MAXIMUM         79    233 PM  85    1982  63     16       71
  MINIMUM         49    611 AM  16    1964  38     11       56
  AVERAGE         64                        51     13       64

PRECIPITATION (IN)
  YESTERDAY        0.00          2.71 1979   0.20  -0.20     1.03
  MONTH TO DATE    1.32                      4.64  -3.32     4.20
  SINCE DEC 1     12.59                     14.83  -2.24    13.52
  SINCE JAN 1      8.69                      9.77  -1.08     7.44

SNOWFALL (IN)
  YESTERDAY        0.0           0.0  2002   0.0    0.0      0.0
                                      2001
  MONTH TO DATE    0.0                       0.0    0.0      0.0
  SINCE DEC 1      0.8                       0.3    0.5       T
  SINCE JUL 1      0.8                       0.3    0.5       T

DEGREE DAYS
 HEATING
  YESTERDAY        1                        14    -13        1
  MONTH TO DATE  155                       391   -236      316
  SINCE DEC 1    885                      1578   -693     1222
  SINCE JUL 1   1094                      2028   -934     1473

 COOLING
  YESTERDAY        0                         0      0        0
  MONTH TO DATE   13                         0     13        5
  SINCE DEC 1     55                         9     46       48
  SINCE JAN 1     37                         3     34        5
..................................................................


WIND (MPH)
  HIGHEST WIND SPEED    13   HIGHEST WIND DIRECTION     S (180)
  HIGHEST GUST SPEED    16   HIGHEST GUST DIRECTION     S (180)
  AVERAGE WIND SPEED     4.6


SKY COVER
  POSSIBLE SUNSHINE  MM
  AVERAGE SKY COVER 0.5


WEATHER CONDITIONS
 THE FOLLOWING WEATHER WAS RECORDED YESTERDAY.
  FOG
  FOG W/VISIBILITY <= 1/4 MILE


RELATIVE HUMIDITY (PERCENT)
 HIGHEST   100          1200 AM
 LOWEST     54           200 PM
 AVERAGE    77

..........................................................


THE MERIDIAN CLIMATE NORMALS FOR TODAY
                         NORMAL    RECORD    YEAR
 MAXIMUM TEMPERATURE (F)   63        80      2011
                                             1982
                                             1980
 MINIMUM TEMPERATURE (F)   38        18      1989
                                             1968
                                             1901


SUNRISE AND SUNSET
FEBRUARY 24 2017......SUNRISE   628 AM CST   SUNSET   549 PM CST
FEBRUARY 25 2017......SUNRISE   627 AM CST   SUNSET   550 PM CST


-  INDICATES NEGATIVE NUMBERS.
R  INDICATES RECORD WAS SET OR TIED.
MM INDICATES DATA IS MISSING.
T  INDICATES TRACE AMOUNT.




$$
