000
CDUS44 KJAN 310737
CLIMEI


CLIMATE REPORT
NATIONAL WEATHER SERVICE JACKSON MS
233 AM CDT THU JUL 31 2014


...................................

...THE MERIDIAN CLIMATE SUMMARY FOR JULY 30 2014...

CLIMATE NORMAL PERIOD 1981 TO 2010
CLIMATE RECORD PERIOD 1889 TO 2014


WEATHER ITEM   OBSERVED TIME   RECORD YEAR NORMAL DEPARTURE LAST
                VALUE   (LST)  VALUE       VALUE  FROM      YEAR
                                                  NORMAL
..................................................................
TEMPERATURE (F)
 YESTERDAY
  MAXIMUM         85    420 PM 102    1986  92     -7       93
  MINIMUM         56R   458 AM  60    1897  70    -14       71
  AVERAGE         71                        81    -10       82

PRECIPITATION (IN)
  YESTERDAY        0.00          2.41 1989   0.16  -0.16      T
  MONTH TO DATE    1.89                      4.98  -3.09     4.61
  SINCE JUN 1      4.43                      9.38  -4.95    11.20
  SINCE JAN 1     36.15                     34.81   1.34    45.83

SNOWFALL (IN)
  YESTERDAY        0.0           0.0    MM   0.0    0.0      0.0
  MONTH TO DATE    0.0                       0.0    0.0      0.0
  SINCE JUN 1      0.0                       0.0    0.0      0.0
  SINCE JUL 1      0.0                       0.0    0.0      0.0

DEGREE DAYS
 HEATING
  YESTERDAY        0                         0      0        0
  MONTH TO DATE    0                         0      0        0
  SINCE JUN 1      0                         0      0        0
  SINCE JUL 1      0                         0      0        0

 COOLING
  YESTERDAY        6                        16    -10       17
  MONTH TO DATE  414                       471    -57      425
  SINCE JUN 1    824                       851    -27      845
  SINCE JAN 1   1094                      1134    -40     1105
..................................................................


WIND (MPH)
  HIGHEST WIND SPEED    14   HIGHEST WIND DIRECTION    NE (40)
  HIGHEST GUST SPEED    18   HIGHEST GUST DIRECTION    NW (330)
  AVERAGE WIND SPEED     4.4


SKY COVER
  POSSIBLE SUNSHINE  MM
  AVERAGE SKY COVER 0.0


WEATHER CONDITIONS
 THE FOLLOWING WEATHER WAS RECORDED YESTERDAY.
  NO SIGNIFICANT WEATHER WAS OBSERVED.


RELATIVE HUMIDITY (PERCENT)
 HIGHEST    93           400 AM
 LOWEST     32           300 PM
 AVERAGE    63

..........................................................


THE MERIDIAN CLIMATE NORMALS FOR TODAY
                         NORMAL    RECORD    YEAR
 MAXIMUM TEMPERATURE (F)   92       102      1896
 MINIMUM TEMPERATURE (F)   70        62      1965


SUNRISE AND SUNSET
JULY 31 2014..........SUNRISE   609 AM CDT   SUNSET   753 PM CDT
AUGUST  1 2014........SUNRISE   610 AM CDT   SUNSET   753 PM CDT


-  INDICATES NEGATIVE NUMBERS.
R  INDICATES RECORD WAS SET OR TIED.
MM INDICATES DATA IS MISSING.
T  INDICATES TRACE AMOUNT.




$$
