000
CDUS44 KJAN 200850
CLIMEI


CLIMATE REPORT
NATIONAL WEATHER SERVICE JACKSON MS
342 AM CDT THU JUL 20 2017


...................................

...THE MERIDIAN CLIMATE SUMMARY FOR JULY 19 2017...

CLIMATE NORMAL PERIOD 1981 TO 2010
CLIMATE RECORD PERIOD 1889 TO 2017


WEATHER ITEM   OBSERVED TIME   RECORD YEAR NORMAL DEPARTURE LAST
                VALUE   (LST)  VALUE       VALUE  FROM      YEAR
                                                  NORMAL
..................................................................
TEMPERATURE (F)
 YESTERDAY
  MAXIMUM         96    356 PM 103    1981  92      4      100
  MINIMUM         73    557 AM  60    2009  70      3       74
                                      1976
  AVERAGE         85                        81      4       87

PRECIPITATION (IN)
  YESTERDAY        0.00          3.30 1941   0.17  -0.17      T
  MONTH TO DATE    3.24                      3.18   0.06     1.20
  SINCE JUN 1     14.33                      7.58   6.75     6.11
  SINCE JAN 1     42.97                     33.01   9.96    31.10

SNOWFALL (IN)
  YESTERDAY        0.0           0.0    MM   0.0    0.0      0.0
  MONTH TO DATE    0.0                       0.0    0.0      0.0
  SINCE JUN 1      0.0                       0.0    0.0      0.0
  SINCE JUL 1      0.0                       0.0    0.0      0.0

DEGREE DAYS
 HEATING
  YESTERDAY        0                         0      0        0
  MONTH TO DATE    0                         0      0        0
  SINCE JUN 1      0                         0      0        0
  SINCE JUL 1      0                         0      0        0

 COOLING
  YESTERDAY       20                        16      4       22
  MONTH TO DATE  345                       295     50      384
  SINCE JUN 1    744                       675     69      928
  SINCE JAN 1   1237                       958    279     1240
..................................................................


WIND (MPH)
  HIGHEST WIND SPEED     9   HIGHEST WIND DIRECTION    NE (30)
  HIGHEST GUST SPEED    13   HIGHEST GUST DIRECTION    NW (320)
  AVERAGE WIND SPEED     2.1


SKY COVER
  POSSIBLE SUNSHINE  MM
  AVERAGE SKY COVER 0.2


WEATHER CONDITIONS
 THE FOLLOWING WEATHER WAS RECORDED YESTERDAY.
  FOG
  FOG W/VISIBILITY <= 1/4 MILE


RELATIVE HUMIDITY (PERCENT)
 HIGHEST   100          1200 AM
 LOWEST     46           400 PM
 AVERAGE    73

..........................................................


THE MERIDIAN CLIMATE NORMALS FOR TODAY
                         NORMAL    RECORD    YEAR
 MAXIMUM TEMPERATURE (F)   92       104      2000
 MINIMUM TEMPERATURE (F)   70        59      2009


SUNRISE AND SUNSET
JULY 20 2017..........SUNRISE   602 AM CDT   SUNSET   800 PM CDT
JULY 21 2017..........SUNRISE   603 AM CDT   SUNSET   800 PM CDT


-  INDICATES NEGATIVE NUMBERS.
R  INDICATES RECORD WAS SET OR TIED.
MM INDICATES DATA IS MISSING.
T  INDICATES TRACE AMOUNT.




$$
