200
CDUS44 KJAN 090627
CLIMEI


CLIMATE REPORT
NATIONAL WEATHER SERVICE JACKSON MS
1225 AM CST FRI DEC 9 2016


...................................

...THE MERIDIAN CLIMATE SUMMARY FOR DECEMBER 8 2016...

CLIMATE NORMAL PERIOD 1981 TO 2010
CLIMATE RECORD PERIOD 1889 TO 2016


WEATHER ITEM   OBSERVED TIME   RECORD YEAR NORMAL DEPARTURE LAST
                VALUE   (LST)  VALUE       VALUE  FROM      YEAR
                                                  NORMAL
..................................................................
TEMPERATURE (F)
 YESTERDAY
  MAXIMUM         53    108 PM  81    1978  60     -7       66
  MINIMUM         36   1159 PM  17    1965  37     -1       32
  AVERAGE         45                        49     -4       49

PRECIPITATION (IN)
  YESTERDAY        0.00          6.75 1919   0.17  -0.17     0.00
  MONTH TO DATE    1.43                      1.45  -0.02     1.26
  SINCE DEC 1      1.43                      1.45  -0.02     1.26
  SINCE JAN 1     43.26                     52.55  -9.29    54.40

SNOWFALL (IN)
  YESTERDAY        0.0           0.0  2001   0.0    0.0      0.0
  MONTH TO DATE    0.0                       0.0    0.0      0.0
  SINCE DEC 1      0.0                       0.0    0.0      0.0
  SINCE JUL 1      0.0                       0.0    0.0      0.0

DEGREE DAYS
 HEATING
  YESTERDAY       20                        17      3       16
  MONTH TO DATE  113                       127    -14      112
  SINCE DEC 1    113                       127    -14      112
  SINCE JUL 1    322                       577   -255      363

 COOLING
  YESTERDAY        0                         0      0        0
  MONTH TO DATE    0                         0      0        0
  SINCE DEC 1      0                         0      0        0
  SINCE JAN 1   2856                      2029    827     2295
..................................................................


WIND (MPH)
  HIGHEST WIND SPEED    24   HIGHEST WIND DIRECTION     N (360)
  HIGHEST GUST SPEED    28   HIGHEST GUST DIRECTION     N (20)
  AVERAGE WIND SPEED    10.9


SKY COVER
  POSSIBLE SUNSHINE  MM
  AVERAGE SKY COVER 0.4


WEATHER CONDITIONS
 THE FOLLOWING WEATHER WAS RECORDED YESTERDAY.
  NO SIGNIFICANT WEATHER WAS OBSERVED.


RELATIVE HUMIDITY (PERCENT)
 HIGHEST    89           100 AM
 LOWEST     35           100 PM
 AVERAGE    62

..........................................................


THE MERIDIAN CLIMATE NORMALS FOR TODAY
                         NORMAL    RECORD    YEAR
 MAXIMUM TEMPERATURE (F)   60        81      1972
 MINIMUM TEMPERATURE (F)   37        15      1917


SUNRISE AND SUNSET
DECEMBER  9 2016......SUNRISE   645 AM CST   SUNSET   450 PM CST
DECEMBER 10 2016......SUNRISE   646 AM CST   SUNSET   450 PM CST


-  INDICATES NEGATIVE NUMBERS.
R  INDICATES RECORD WAS SET OR TIED.
MM INDICATES DATA IS MISSING.
T  INDICATES TRACE AMOUNT.




$$
