000
CDUS44 KMEG 220636
CLIMEM


CLIMATE REPORT
NATIONAL WEATHER SERVICE MEMPHIS TN
136 AM CDT TUE JUL 22 2014


...................................

...THE MEMPHIS CLIMATE SUMMARY FOR JULY 21 2014...

CLIMATE NORMAL PERIOD 1981 TO 2010
CLIMATE RECORD PERIOD 1872 TO 2014


WEATHER ITEM   OBSERVED TIME   RECORD YEAR NORMAL DEPARTURE LAST
                VALUE   (LST)  VALUE       VALUE  FROM      YEAR
                                                  NORMAL
..................................................................
TEMPERATURE (F)
 YESTERDAY
  MAXIMUM         87    353 PM 101    2006  92     -5       92
  MINIMUM         67    255 AM  61    1944  74     -7       75
  AVERAGE         77                        83     -6       84

PRECIPITATION (IN)
  YESTERDAY        0.00          3.30 1953   0.16  -0.16      T
  MONTH TO DATE    1.91                      3.08  -1.17     0.85
  SINCE JUN 1     15.31                      6.71   8.60     6.32
  SINCE JAN 1     41.27                     30.99  10.28    40.90

SNOWFALL (IN)
  YESTERDAY        0.0          MM      MM   0.0    0.0      0.0
  MONTH TO DATE    0.0                       0.0    0.0      0.0
  SINCE JUN 1      0.0                       0.0    0.0      0.0
  SINCE JUL 1      0.0                       0.0    0.0      0.0
  SNOW DEPTH       0

DEGREE DAYS
 HEATING
  YESTERDAY        0                         0      0        0
  MONTH TO DATE    0                         0      0        0
  SINCE JUN 1      0                         0      0        0
  SINCE JUL 1      0                         0      0        0

 COOLING
  YESTERDAY       12                        18     -6       19
  MONTH TO DATE  266                       374   -108      344
  SINCE JUN 1    703                       812   -109      794
  SINCE JAN 1   1014                      1133   -119     1079
..................................................................


WIND (MPH)
  HIGHEST WIND SPEED    10   HIGHEST WIND DIRECTION    NE (30)
  HIGHEST GUST SPEED    17   HIGHEST GUST DIRECTION    SW (210)
  AVERAGE WIND SPEED     3.5


SKY COVER
  POSSIBLE SUNSHINE  MM
  AVERAGE SKY COVER 0.3


WEATHER CONDITIONS
 THE FOLLOWING WEATHER WAS RECORDED YESTERDAY.
  FOG


RELATIVE HUMIDITY (PERCENT)
 HIGHEST    93           300 AM
 LOWEST     48           400 PM
 AVERAGE    71

..........................................................


THE MEMPHIS CLIMATE NORMALS FOR TODAY
                         NORMAL    RECORD    YEAR
 MAXIMUM TEMPERATURE (F)   92       103      1943
 MINIMUM TEMPERATURE (F)   74        53      1944


SUNRISE AND SUNSET
JULY 22 2014..........SUNRISE   602 AM CDT   SUNSET   810 PM CDT
JULY 23 2014..........SUNRISE   603 AM CDT   SUNSET   810 PM CDT


-  INDICATES NEGATIVE NUMBERS.
R  INDICATES RECORD WAS SET OR TIED.
MM INDICATES DATA IS MISSING.
T  INDICATES TRACE AMOUNT.




$$
