000
CDUS44 KMEG 220630
CLIMEM


CLIMATE REPORT
NATIONAL WEATHER SERVICE MEMPHIS TN
130 AM CDT MON MAY 22 2017


...................................

...THE MEMPHIS CLIMATE SUMMARY FOR MAY 21 2017...

CLIMATE NORMAL PERIOD 1981 TO 2010
CLIMATE RECORD PERIOD 1872 TO 2017


WEATHER ITEM   OBSERVED TIME   RECORD YEAR NORMAL DEPARTURE LAST
                VALUE   (LST)  VALUE       VALUE  FROM      YEAR
                                                  NORMAL
..................................................................
TEMPERATURE (F)
 YESTERDAY
  MAXIMUM         80    251 PM  94    1987  83     -3       80
                                      1941
  MINIMUM         64   1159 PM  46    1954  64      0       59
                                      1883
  AVERAGE         72                        73     -1       70

PRECIPITATION (IN)
  YESTERDAY        0.00          4.18 2013   0.15  -0.15     0.00
  MONTH TO DATE    2.15                      3.70  -1.55     2.31
  SINCE MAR 1     11.12                     14.36  -3.24    24.48
  SINCE JAN 1     16.78                     22.73  -5.95    32.33

SNOWFALL (IN)
  YESTERDAY        0.0          MM      MM   0.0    0.0      0.0
  MONTH TO DATE    0.0                       0.0    0.0      0.0
  SINCE MAR 1      T                         0.4   -0.4      0.0
  SINCE JUL 1      2.0                       3.8   -1.8      0.3
  SNOW DEPTH       0

DEGREE DAYS
 HEATING
  YESTERDAY        0                         0      0        0
  MONTH TO DATE   21                        17      4       22
  SINCE MAR 1    358                       512   -154      315
  SINCE JUL 1   2057                      2962   -905     2186

 COOLING
  YESTERDAY        7                         8     -1        5
  MONTH TO DATE  128                       128      0       81
  SINCE MAR 1    280                       220     60      185
  SINCE JAN 1    302                       223     79      188
..................................................................


WIND (MPH)
  HIGHEST WIND SPEED    14   HIGHEST WIND DIRECTION    NW (310)
  HIGHEST GUST SPEED    18   HIGHEST GUST DIRECTION     N (350)
  AVERAGE WIND SPEED     7.5


SKY COVER
  POSSIBLE SUNSHINE  MM
  AVERAGE SKY COVER 0.7


WEATHER CONDITIONS
 THE FOLLOWING WEATHER WAS RECORDED YESTERDAY.
  NO SIGNIFICANT WEATHER WAS OBSERVED.


RELATIVE HUMIDITY (PERCENT)
 HIGHEST   100           100 AM
 LOWEST     42           300 PM
 AVERAGE    71

..........................................................


THE MEMPHIS CLIMATE NORMALS FOR TODAY
                         NORMAL    RECORD    YEAR
 MAXIMUM TEMPERATURE (F)   83        96      1987
 MINIMUM TEMPERATURE (F)   64        41      1883


SUNRISE AND SUNSET
MAY 22 2017...........SUNRISE   551 AM CDT   SUNSET   802 PM CDT
MAY 23 2017...........SUNRISE   551 AM CDT   SUNSET   803 PM CDT


-  INDICATES NEGATIVE NUMBERS.
R  INDICATES RECORD WAS SET OR TIED.
MM INDICATES DATA IS MISSING.
T  INDICATES TRACE AMOUNT.




$$
