000
CDUS44 KMEG 030632
CLIMEM


CLIMATE REPORT
NATIONAL WEATHER SERVICE MEMPHIS TN
132 AM CDT MON AUG 3 2015


...................................

...THE MEMPHIS CLIMATE SUMMARY FOR AUGUST 2 2015...

CLIMATE NORMAL PERIOD 1981 TO 2010
CLIMATE RECORD PERIOD 1872 TO 2015


WEATHER ITEM   OBSERVED TIME   RECORD YEAR NORMAL DEPARTURE LAST
                VALUE   (LST)  VALUE       VALUE  FROM      YEAR
                                                  NORMAL
..................................................................
TEMPERATURE (F)
 YESTERDAY
  MAXIMUM         96    249 PM 101    2011  92      4       91
  MINIMUM         77   1142 PM  62    1949  74      3       71
                                      1895
  AVERAGE         87                        83      4       81

PRECIPITATION (IN)
  YESTERDAY        0.00          1.85 1890   0.12  -0.12     0.00
  MONTH TO DATE    0.00                      0.24  -0.24      T
  SINCE JUN 1      9.64                      8.46   1.18    15.96
  SINCE JAN 1     29.86                     32.74  -2.88    41.92

SNOWFALL (IN)
  YESTERDAY        0.0          MM      MM   0.0    0.0      0.0
  MONTH TO DATE    0.0                       0.0    0.0      0.0
  SINCE JUN 1      0.0                       0.0    0.0      0.0
  SINCE JUL 1      0.0                       0.0    0.0      0.0
  SNOW DEPTH       0

DEGREE DAYS
 HEATING
  YESTERDAY        0                         0      0        0
  MONTH TO DATE    0                         0      0        0
  SINCE JUN 1      0                         0      0        0
  SINCE JUL 1      0                         0      0        0

 COOLING
  YESTERDAY       22                        18      4       16
  MONTH TO DATE   43                        36      7       30
  SINCE JUN 1   1133                      1023    110      874
  SINCE JAN 1   1487                      1344    143     1185
..................................................................


WIND (MPH)
  HIGHEST WIND SPEED    16   HIGHEST WIND DIRECTION     S (180)
  HIGHEST GUST SPEED    20   HIGHEST GUST DIRECTION     S (180)
  AVERAGE WIND SPEED     3.9


SKY COVER
  POSSIBLE SUNSHINE  MM
  AVERAGE SKY COVER 0.3


WEATHER CONDITIONS
 THE FOLLOWING WEATHER WAS RECORDED YESTERDAY.
  NO SIGNIFICANT WEATHER WAS OBSERVED.


RELATIVE HUMIDITY (PERCENT)
 HIGHEST    71           100 AM
 LOWEST     41          1100 AM
 AVERAGE    56

..........................................................


THE MEMPHIS CLIMATE NORMALS FOR TODAY
                         NORMAL    RECORD    YEAR
 MAXIMUM TEMPERATURE (F)   92       106      2011
 MINIMUM TEMPERATURE (F)   74        61      1880


SUNRISE AND SUNSET
AUGUST  3 2015........SUNRISE   611 AM CDT   SUNSET   801 PM CDT
AUGUST  4 2015........SUNRISE   611 AM CDT   SUNSET   800 PM CDT


-  INDICATES NEGATIVE NUMBERS.
R  INDICATES RECORD WAS SET OR TIED.
MM INDICATES DATA IS MISSING.
T  INDICATES TRACE AMOUNT.




$$
