181
CDUS44 KMEG 260641
CLIMEM


CLIMATE REPORT
NATIONAL WEATHER SERVICE MEMPHIS TN
140 AM CDT THU MAY 26 2016


...................................

...THE MEMPHIS CLIMATE SUMMARY FOR MAY 25 2016...

CLIMATE NORMAL PERIOD 1981 TO 2010
CLIMATE RECORD PERIOD 1872 TO 2016


WEATHER ITEM   OBSERVED TIME   RECORD YEAR NORMAL DEPARTURE LAST
                VALUE   (LST)  VALUE       VALUE  FROM      YEAR
                                                  NORMAL
..................................................................
TEMPERATURE (F)
 YESTERDAY
  MAXIMUM         84    103 PM  95    1962  84      0       85
  MINIMUM         66    454 AM  44    1925  65      1       69
  AVERAGE         75                        74      1       77

PRECIPITATION (IN)
  YESTERDAY        1.15          2.20 1946   0.15   1.00     0.14
  MONTH TO DATE    3.68                      4.32  -0.64     3.98
  SINCE MAR 1     25.85                     14.98  10.87    12.53
  SINCE JAN 1     33.70                     23.35  10.35    18.18

SNOWFALL (IN)
  YESTERDAY        0.0          MM      MM   0.0    0.0      0.0
  MONTH TO DATE    0.0                       0.0    0.0      0.0
  SINCE MAR 1      0.0                       0.4   -0.4      3.6
  SINCE JUL 1      0.3                       3.8   -3.5      6.1
  SNOW DEPTH       0

DEGREE DAYS
 HEATING
  YESTERDAY        0                         0      0        0
  MONTH TO DATE   22                        17      5       13
  SINCE MAR 1    315                       512   -197      461
  SINCE JUL 1   2186                      2962   -776     3184

 COOLING
  YESTERDAY       10                         9      1       12
  MONTH TO DATE  117                       164    -47      200
  SINCE MAR 1    221                       256    -35      290
  SINCE JAN 1    224                       259    -35      290
..................................................................


WIND (MPH)
  HIGHEST WIND SPEED    28   HIGHEST WIND DIRECTION    NW (330)
  HIGHEST GUST SPEED    39   HIGHEST GUST DIRECTION    NW (320)
  AVERAGE WIND SPEED     7.9


SKY COVER
  POSSIBLE SUNSHINE  MM
  AVERAGE SKY COVER 0.9


WEATHER CONDITIONS
 THE FOLLOWING WEATHER WAS RECORDED YESTERDAY.
  THUNDERSTORM
  HEAVY RAIN
  LIGHT RAIN
  FOG
  HAZE


RELATIVE HUMIDITY (PERCENT)
 HIGHEST    90           300 PM
 LOWEST     69          1200 PM
 AVERAGE    80

..........................................................


THE MEMPHIS CLIMATE NORMALS FOR TODAY
                         NORMAL    RECORD    YEAR
 MAXIMUM TEMPERATURE (F)   84        95      1962
 MINIMUM TEMPERATURE (F)   65        47      1925


SUNRISE AND SUNSET
MAY 26 2016...........SUNRISE   549 AM CDT   SUNSET   805 PM CDT
MAY 27 2016...........SUNRISE   549 AM CDT   SUNSET   806 PM CDT


-  INDICATES NEGATIVE NUMBERS.
R  INDICATES RECORD WAS SET OR TIED.
MM INDICATES DATA IS MISSING.
T  INDICATES TRACE AMOUNT.




$$
