000
CDUS44 KMEG 040736
CLIMEM


CLIMATE REPORT
NATIONAL WEATHER SERVICE MEMPHIS TN
135 AM CST SUN DEC 4 2016


...................................

...THE MEMPHIS CLIMATE SUMMARY FOR DECEMBER 3 2016...

CLIMATE NORMAL PERIOD 1981 TO 2010
CLIMATE RECORD PERIOD 1872 TO 2016


WEATHER ITEM   OBSERVED TIME   RECORD YEAR NORMAL DEPARTURE LAST
                VALUE   (LST)  VALUE       VALUE  FROM      YEAR
                                                  NORMAL
..................................................................
TEMPERATURE (F)
 YESTERDAY
  MAXIMUM         50    425 AM  75    2012  55     -5       53
                                      1982
                                      1970
  MINIMUM         42   1159 PM  15    1929  38      4       37
  AVERAGE         46                        47     -1       45

PRECIPITATION (IN)
  YESTERDAY        0.35          5.42 1978   0.19   0.16     0.00
  MONTH TO DATE    0.35                      0.59  -0.24     0.07
  SINCE DEC 1      0.35                      0.59  -0.24     0.07
  SINCE JAN 1     54.61                     48.53   6.08    47.96

SNOWFALL (IN)
  YESTERDAY       MM             T    1895   0.0   MM        0.0
  MONTH TO DATE    0.0                       0.0    0.0      0.0
  SINCE DEC 1      0.0                       0.0    0.0      0.0
  SINCE JUL 1      0.0                       T      0.0      0.0
  SNOW DEPTH       0

DEGREE DAYS
 HEATING
  YESTERDAY       19                        19      0       20
  MONTH TO DATE   54                        55     -1       55
  SINCE DEC 1     54                        55     -1       55
  SINCE JUL 1    324                       554   -230      356

 COOLING
  YESTERDAY        0                         0      0        0
  MONTH TO DATE    0                         0      0        0
  SINCE DEC 1      0                         0      0        0
  SINCE JAN 1   2804                      2256    548     2460
..................................................................


WIND (MPH)
  HIGHEST WIND SPEED    14   HIGHEST WIND DIRECTION     E (90)
  HIGHEST GUST SPEED    32   HIGHEST GUST DIRECTION    NW (330)
  AVERAGE WIND SPEED     8.9


SKY COVER
  POSSIBLE SUNSHINE  MM
  AVERAGE SKY COVER 1.0


WEATHER CONDITIONS
 THE FOLLOWING WEATHER WAS RECORDED YESTERDAY.
  RAIN
  LIGHT RAIN
  FOG


RELATIVE HUMIDITY (PERCENT)
 HIGHEST   100           800 PM
 LOWEST     52           100 AM
 AVERAGE    76

..........................................................


THE MEMPHIS CLIMATE NORMALS FOR TODAY
                         NORMAL    RECORD    YEAR
 MAXIMUM TEMPERATURE (F)   55        78      1998
 MINIMUM TEMPERATURE (F)   38        18      1893


SUNRISE AND SUNSET
DECEMBER  4 2016......SUNRISE   653 AM CST   SUNSET   448 PM CST
DECEMBER  5 2016......SUNRISE   654 AM CST   SUNSET   448 PM CST


-  INDICATES NEGATIVE NUMBERS.
R  INDICATES RECORD WAS SET OR TIED.
MM INDICATES DATA IS MISSING.
T  INDICATES TRACE AMOUNT.




$$
