000
CDUS44 KMEG 210635
CLIMEM


CLIMATE REPORT
NATIONAL WEATHER SERVICE MEMPHIS TN
134 AM CDT MON APR 21 2014


...................................

...THE MEMPHIS CLIMATE SUMMARY FOR APRIL 20 2014...

CLIMATE NORMAL PERIOD 1981 TO 2010
CLIMATE RECORD PERIOD 1872 TO 2014


WEATHER ITEM   OBSERVED TIME   RECORD YEAR NORMAL DEPARTURE LAST
                VALUE   (LST)  VALUE       VALUE  FROM      YEAR
                                                  NORMAL
..................................................................
TEMPERATURE (F)
 YESTERDAY
  MAXIMUM         81    435 PM  92    1987  74      7       68
  MINIMUM         50    447 AM  38    1953  54     -4       40
                                      1904
  AVERAGE         66                        64      2       54

PRECIPITATION (IN)
  YESTERDAY        0.00          4.86 1927   0.18  -0.18     0.00
  MONTH TO DATE    2.51                      3.63  -1.12     5.38
  SINCE MAR 1      9.89                      8.79   1.10     8.76
  SINCE JAN 1     18.01                     17.16   0.85    22.33

SNOWFALL (IN)
  YESTERDAY        0.0           T    1990   0.0    0.0      0.0
                                      1955
  MONTH TO DATE    0.0                       0.0    0.0      0.0
  SINCE MAR 1      0.5                       0.4    0.1       T
  SINCE JUL 1      0.8                       3.8   -3.0      0.9
  SNOW DEPTH       0

DEGREE DAYS
 HEATING
  YESTERDAY        0                         4     -4       11
  MONTH TO DATE  120                       112      8      133
  SINCE MAR 1    595                       470    125      639
  SINCE JUL 1   3421                      2920    501     2837

 COOLING
  YESTERDAY        1                         3     -2        0
  MONTH TO DATE   33                        42     -9       55
  SINCE MAR 1     35                        59    -24       57
  SINCE JAN 1     35                        62    -27       66
..................................................................


WIND (MPH)
  HIGHEST WIND SPEED    14   HIGHEST WIND DIRECTION     S (180)
  HIGHEST GUST SPEED    17   HIGHEST GUST DIRECTION    SW (220)
  AVERAGE WIND SPEED     4.2


SKY COVER
  POSSIBLE SUNSHINE  MM
  AVERAGE SKY COVER 0.3


WEATHER CONDITIONS
 THE FOLLOWING WEATHER WAS RECORDED YESTERDAY.
  NO SIGNIFICANT WEATHER WAS OBSERVED.


RELATIVE HUMIDITY (PERCENT)
 HIGHEST    83           400 AM
 LOWEST     28           300 PM
 AVERAGE    56

..........................................................


THE MEMPHIS CLIMATE NORMALS FOR TODAY
                         NORMAL    RECORD    YEAR
 MAXIMUM TEMPERATURE (F)   75        94      1987
 MINIMUM TEMPERATURE (F)   55        36      1950


SUNRISE AND SUNSET
APRIL 21 2014.........SUNRISE   620 AM CDT   SUNSET   737 PM CDT
APRIL 22 2014.........SUNRISE   619 AM CDT   SUNSET   738 PM CDT


-  INDICATES NEGATIVE NUMBERS.
R  INDICATES RECORD WAS SET OR TIED.
MM INDICATES DATA IS MISSING.
T  INDICATES TRACE AMOUNT.




$$
