000
CDUS44 KMEG 272254
CLIMEM


CLIMATE REPORT
NATIONAL WEATHER SERVICE MEMPHIS TN
453 PM CST FRI FEB 27 2015


...................................

...THE MEMPHIS CLIMATE SUMMARY FOR FEBRUARY 27 2015...
VALID TODAY AS OF 0400 PM LOCAL TIME.

CLIMATE NORMAL PERIOD 1981 TO 2010
CLIMATE RECORD PERIOD 1872 TO 2015


WEATHER ITEM   OBSERVED TIME   RECORD YEAR NORMAL DEPARTURE LAST
                VALUE   (LST)  VALUE       VALUE  FROM      YEAR
                                                  NORMAL
..................................................................
TEMPERATURE (F)
 TODAY
  MAXIMUM         35    246 PM  80    1981  58    -23       49
  MINIMUM         21    723 AM  12    1934  40    -19       22
  AVERAGE         28                        49    -21       36

PRECIPITATION (IN)
  TODAY            0.00          2.29 1890   0.17  -0.17     0.00
  MONTH TO DATE    4.35                      4.23   0.12     4.90
  SINCE DEC 1      8.25                     13.95  -5.70    12.88
  SINCE JAN 1      5.65                      8.21  -2.56     8.06

SNOWFALL (IN)
  TODAY            0.0

DEGREE DAYS
 HEATING
  TODAY           37                        16     21       29
  MONTH TO DATE  776                       531    245      644
  SINCE DEC 1   2088                      1934    154     2220
  SINCE JUL 1   2697                      2433    264     2805

 COOLING
  TODAY            0                         0      0        0
  MONTH TO DATE    0                         0      0        0
  SINCE DEC 1      0                         3     -3        3
  SINCE JAN 1      0                         1     -1        0
..................................................................


WIND (MPH)
  HIGHEST WIND SPEED    20   HIGHEST WIND DIRECTION    NE (30)
  HIGHEST GUST SPEED    24   HIGHEST GUST DIRECTION    NE (30)
  AVERAGE WIND SPEED    12.1


SKY COVER
  POSSIBLE SUNSHINE  MM
  AVERAGE SKY COVER 0.6


WEATHER CONDITIONS
 THE FOLLOWING WEATHER WAS RECORDED TODAY.
  NO SIGNIFICANT WEATHER WAS OBSERVED.


RELATIVE HUMIDITY (PERCENT)
 HIGHEST    68           500 AM
 LOWEST     41           200 PM
 AVERAGE    55

..........................................................


THE MEMPHIS CLIMATE NORMALS FOR TOMORROW
                         NORMAL    RECORD    YEAR
 MAXIMUM TEMPERATURE (F)   59        78      1918
 MINIMUM TEMPERATURE (F)   40        21      1888


SUNRISE AND SUNSET
FEBRUARY 27 2015......SUNRISE   632 AM CST   SUNSET   554 PM CST
FEBRUARY 28 2015......SUNRISE   631 AM CST   SUNSET   554 PM CST


-  INDICATES NEGATIVE NUMBERS.
R  INDICATES RECORD WAS SET OR TIED.
MM INDICATES DATA IS MISSING.
T  INDICATES TRACE AMOUNT.




$$
