000
CDUS44 KMEG 310733
CLIMEM


CLIMATE REPORT
NATIONAL WEATHER SERVICE MEMPHIS TN
132 AM CST SAT JAN 31 2015


...................................

...THE MEMPHIS CLIMATE SUMMARY FOR JANUARY 30 2015...

CLIMATE NORMAL PERIOD 1981 TO 2010
CLIMATE RECORD PERIOD 1872 TO 2015


WEATHER ITEM   OBSERVED TIME   RECORD YEAR NORMAL DEPARTURE LAST
                VALUE   (LST)  VALUE       VALUE  FROM      YEAR
                                                  NORMAL
..................................................................
TEMPERATURE (F)
 YESTERDAY
  MAXIMUM         52    325 PM  77    2002  51      1       46
  MINIMUM         34    643 AM   2    1966  33      1       18
  AVERAGE         43                        42      1       32

PRECIPITATION (IN)
  YESTERDAY        0.00          2.44 1950   0.13  -0.13     0.00
  MONTH TO DATE    1.30                      3.84  -2.54     3.16
  SINCE DEC 1      3.90                      9.58  -5.68     7.98
  SINCE JAN 1      1.30                      3.84  -2.54     3.16

SNOWFALL (IN)
  YESTERDAY        0.0           6.0  1882   0.0    0.0      0.0
  MONTH TO DATE    0.0                       1.8   -1.8       T
  SINCE DEC 1      0.0                       2.0   -2.0       T
  SINCE JUL 1      0.2                       2.0   -1.8       T
  SNOW DEPTH       0

DEGREE DAYS
 HEATING
  YESTERDAY       22                        23     -1       33
  MONTH TO DATE  717                       715      2      876
  SINCE DEC 1   1291                      1380    -89     1561
  SINCE JUL 1   1900                      1879     21     2146

 COOLING
  YESTERDAY        0                         0      0        0
  MONTH TO DATE    0                         0      0        0
  SINCE DEC 1      0                         2     -2        3
  SINCE JAN 1      0                         0      0        0
..................................................................


WIND (MPH)
  HIGHEST WIND SPEED    18   HIGHEST WIND DIRECTION     N (20)
  HIGHEST GUST SPEED    22   HIGHEST GUST DIRECTION     N (20)
  AVERAGE WIND SPEED     8.2


SKY COVER
  POSSIBLE SUNSHINE  MM
  AVERAGE SKY COVER 0.4


WEATHER CONDITIONS
 THE FOLLOWING WEATHER WAS RECORDED YESTERDAY.
  NO SIGNIFICANT WEATHER WAS OBSERVED.


RELATIVE HUMIDITY (PERCENT)
 HIGHEST    70           400 AM
 LOWEST     28           400 PM
 AVERAGE    49

..........................................................


THE MEMPHIS CLIMATE NORMALS FOR TODAY
                         NORMAL    RECORD    YEAR
 MAXIMUM TEMPERATURE (F)   51        79      2002
 MINIMUM TEMPERATURE (F)   33         7      1899


SUNRISE AND SUNSET
JANUARY 31 2015.......SUNRISE   700 AM CST   SUNSET   527 PM CST
FEBRUARY  1 2015......SUNRISE   659 AM CST   SUNSET   528 PM CST


-  INDICATES NEGATIVE NUMBERS.
R  INDICATES RECORD WAS SET OR TIED.
MM INDICATES DATA IS MISSING.
T  INDICATES TRACE AMOUNT.




$$
