000
CDUS41 KCLE 230545
CLIMFD


CLIMATE REPORT
NATIONAL WEATHER SERVICE CLEVELAND OH
145 AM EDT SAT AUG 23 2014


...................................

...THE MANSFIELD OH CLIMATE SUMMARY FOR AUGUST 22 2014...

CLIMATE NORMAL PERIOD 1981 TO 2010
CLIMATE RECORD PERIOD 1916 TO 2014


WEATHER ITEM   OBSERVED TIME   RECORD YEAR NORMAL DEPARTURE LAST
                VALUE   (LST)  VALUE       VALUE  FROM      YEAR
                                                  NORMAL
..................................................................
TEMPERATURE (F)
 YESTERDAY
  MAXIMUM         84    125 PM 101    1936  80      4       82
  MINIMUM         69   1159 PM  37    1940  60      9       64
  AVERAGE         77                        70      7       73

PRECIPITATION (IN)
  YESTERDAY        0.02                      0.13  -0.11     0.11
  MONTH TO DATE    3.54                      3.13   0.41     1.53
  SINCE JUN 1     12.76                     12.26   0.50    14.70
  SINCE JAN 1     29.09                     29.59  -0.50    28.57

SNOWFALL (IN)
  YESTERDAY        0.0                       0.0    0.0      0.0
  MONTH TO DATE    0.0                       0.0    0.0      0.0
  SINCE JUN 1      0.0                       0.0    0.0      0.0
  SINCE JUL 1      0.0                       0.0    0.0      0.0
  SNOW DEPTH       0

DEGREE DAYS
 HEATING
  YESTERDAY        0                         1     -1        0
  MONTH TO DATE   10                         3      7       18
  SINCE JUN 1     51                        64    -13       67
  SINCE JUL 1     27                        11     16       28

 COOLING
  YESTERDAY       12                         5      7        8
  MONTH TO DATE  112                       128    -16       86
  SINCE JUN 1    418                       472    -54      472
  SINCE JAN 1    481                       518    -37      567
..................................................................


WIND (MPH)
  HIGHEST WIND SPEED    10   HIGHEST WIND DIRECTION     W (250)
  HIGHEST GUST SPEED    14   HIGHEST GUST DIRECTION     W (260)
  AVERAGE WIND SPEED     3.5


SKY COVER
  POSSIBLE SUNSHINE  MM
  AVERAGE SKY COVER 0.8


WEATHER CONDITIONS
 THE FOLLOWING WEATHER WAS RECORDED YESTERDAY.
  LIGHT RAIN
  FOG
  FOG W/VISIBILITY <= 1/4 MILE


RELATIVE HUMIDITY (PERCENT)
 HIGHEST   100           100 AM
 LOWEST     65           100 PM
 AVERAGE    83

..........................................................


THE MANSFIELD OH CLIMATE NORMALS FOR TODAY
                         NORMAL    RECORD    YEAR
 MAXIMUM TEMPERATURE (F)   80        97      1936
 MINIMUM TEMPERATURE (F)   59        41      1946
                                             1923


SUNRISE AND SUNSET
AUGUST 23 2014........SUNRISE   648 AM EDT   SUNSET   817 PM EDT
AUGUST 24 2014........SUNRISE   649 AM EDT   SUNSET   815 PM EDT


-  INDICATES NEGATIVE NUMBERS.
R  INDICATES RECORD WAS SET OR TIED.
MM INDICATES DATA IS MISSING.
T  INDICATES TRACE AMOUNT.




$$
