000
CDUS41 KCLE 182211
CLIMFD


CLIMATE REPORT
NATIONAL WEATHER SERVICE CLEVELAND OH
511 PM EST THU JAN 18 2018


...................................

...THE MANSFIELD OH CLIMATE SUMMARY FOR JANUARY 18 2018...
VALID TODAY AS OF 0500 PM LOCAL TIME.

CLIMATE NORMAL PERIOD 1981 TO 2010
CLIMATE RECORD PERIOD 1916 TO 2018


WEATHER ITEM   OBSERVED TIME   RECORD YEAR NORMAL DEPARTURE LAST
                VALUE   (LST)  VALUE       VALUE  FROM      YEAR
                                                  NORMAL
..................................................................
TEMPERATURE (F)
 TODAY
  MAXIMUM         26    358 PM  68    1929  33     -7       42
  MINIMUM         13    845 AM -19    1994  18     -5       35
  AVERAGE         20                        25     -5       39

PRECIPITATION (IN)
  TODAY            0.00                      0.10  -0.10      T
  MONTH TO DATE    1.69                      1.75  -0.06     3.50
  SINCE DEC 1      3.54                      5.04  -1.50     6.64
  SINCE JAN 1      1.69                      1.75  -0.06     3.50

SNOWFALL (IN)
  TODAY            0.0                       0.4   -0.4      0.0
  MONTH TO DATE    7.6                       7.8   -0.2      2.3
  SINCE DEC 1     20.6                      18.3    2.3     13.3
  SINCE JUL 1     20.7                      21.0   -0.3     13.5
  SNOW DEPTH       2

DEGREE DAYS
 HEATING
  TODAY           45                        40      5       26
  MONTH TO DATE  850                       712    138      630
  SINCE DEC 1   2013                      1808    205     1738
  SINCE JUL 1   3095                      3089      6     2615

 COOLING
  TODAY            0                         0      0        0
  MONTH TO DATE    0                         0      0        0
  SINCE DEC 1      0                         0      0        0
  SINCE JAN 1      0                         0      0        0
..................................................................


WIND (MPH)
  HIGHEST WIND SPEED    29   HIGHEST WIND DIRECTION    SW (210)
  HIGHEST GUST SPEED    35   HIGHEST GUST DIRECTION     S (200)


SKY COVER
  POSSIBLE SUNSHINE  MM
  AVERAGE SKY COVER 0.0


WEATHER CONDITIONS
 THE FOLLOWING WEATHER WAS RECORDED TODAY.
  NO SIGNIFICANT WEATHER WAS OBSERVED.


RELATIVE HUMIDITY (PERCENT)
 HIGHEST    76           100 AM
 LOWEST     55           300 PM
 AVERAGE    66

..........................................................


THE MANSFIELD OH CLIMATE NORMALS FOR TOMORROW
                         NORMAL    RECORD    YEAR
 MAXIMUM TEMPERATURE (F)   33        60      1929
 MINIMUM TEMPERATURE (F)   18       -22      1994


SUNRISE AND SUNSET
JANUARY 18 2018.......SUNRISE   751 AM EST   SUNSET   531 PM EST
JANUARY 19 2018.......SUNRISE   750 AM EST   SUNSET   532 PM EST


-  INDICATES NEGATIVE NUMBERS.
R  INDICATES RECORD WAS SET OR TIED.
MM INDICATES DATA IS MISSING.
T  INDICATES TRACE AMOUNT.




$$
