000
CDUS41 KCLE 030900
CLIMFD


CLIMATE REPORT
NATIONAL WEATHER SERVICE CLEVELAND OH
500 AM EDT WED JUN 3 2015


...................................

...THE MANSFIELD OH CLIMATE SUMMARY FOR JUNE 2 2015...

CLIMATE NORMAL PERIOD 1981 TO 2010
CLIMATE RECORD PERIOD 1916 TO 2015


WEATHER ITEM   OBSERVED TIME   RECORD YEAR NORMAL DEPARTURE LAST
                VALUE   (LST)  VALUE       VALUE  FROM      YEAR
                                                  NORMAL
..................................................................
TEMPERATURE (F)
 YESTERDAY
  MAXIMUM         70    419 PM  96    1934  74     -4       80
  MINIMUM         48   1253 AM  37    2003  54     -6       68
  AVERAGE         59                        64     -5       74

PRECIPITATION (IN)
  YESTERDAY        0.00                      0.16  -0.16     0.09
  MONTH TO DATE    0.00                      0.33  -0.33     0.09
  SINCE JUN 1      0.00                      0.33  -0.33     0.09
  SINCE JAN 1     17.79                     17.66   0.13    16.42

SNOWFALL (IN)
  YESTERDAY        0.0                       0.0    0.0      0.0
  MONTH TO DATE    0.0                       0.0    0.0      0.0
  SINCE JUN 1      0.0                       0.0    0.0      0.0
  SINCE JUL 1     63.2                      48.3   14.9     65.4
  SNOW DEPTH       0

DEGREE DAYS
 HEATING
  YESTERDAY        6                         4      2        0
  MONTH TO DATE   23                         8     15        0
  SINCE JUN 1     23                         8     15        0
  SINCE JUL 1   6592                      6225    367     6691

 COOLING
  YESTERDAY        0                         3     -3        9
  MONTH TO DATE    0                         6     -6       13
  SINCE JUN 1      0                         6     -6       13
  SINCE JAN 1    118                        52     66       76
..................................................................


WIND (MPH)
  HIGHEST WIND SPEED    12   HIGHEST WIND DIRECTION    NE (50)
  HIGHEST GUST SPEED    MM   HIGHEST GUST DIRECTION    MM
  AVERAGE WIND SPEED     7.6


SKY COVER
  POSSIBLE SUNSHINE  MM
  AVERAGE SKY COVER 0.8


WEATHER CONDITIONS
 THE FOLLOWING WEATHER WAS RECORDED YESTERDAY.
  FOG


RELATIVE HUMIDITY (PERCENT)
 HIGHEST   100          1200 AM
 LOWEST     63           100 PM
 AVERAGE    82

..........................................................


THE MANSFIELD OH CLIMATE NORMALS FOR TODAY
                         NORMAL    RECORD    YEAR
 MAXIMUM TEMPERATURE (F)   75        95      1934
 MINIMUM TEMPERATURE (F)   54        38      1929
                                             1928


SUNRISE AND SUNSET
JUNE  3 2015..........SUNRISE   600 AM EDT   SUNSET   857 PM EDT
JUNE  4 2015..........SUNRISE   600 AM EDT   SUNSET   857 PM EDT


-  INDICATES NEGATIVE NUMBERS.
R  INDICATES RECORD WAS SET OR TIED.
MM INDICATES DATA IS MISSING.
T  INDICATES TRACE AMOUNT.




$$
