000
CDUS44 KBRO 260644
CLIMFE


CLIMATE REPORT
NATIONAL WEATHER SERVICE BROWNSVILLE TX
143 AM CDT SAT JUL 26 2014


...................................

...THE MCALLEN CLIMATE SUMMARY FOR JULY 25 2014...

CLIMATE NORMAL PERIOD 1981 TO 2010
CLIMATE RECORD PERIOD 1941 TO 2014


WEATHER ITEM   OBSERVED TIME   RECORD YEAR NORMAL DEPARTURE LAST
                VALUE   (LST)  VALUE       VALUE  FROM      YEAR
                                                  NORMAL
..................................................................
TEMPERATURE (F)
 YESTERDAY
  MAXIMUM        102    239 PM 105    2009  98      4      101
  MINIMUM         79    632 AM  67    1976  77      2       80
  AVERAGE         91                        87      4

PRECIPITATION (IN)
  YESTERDAY        0.00          1.02 2001   0.05  -0.05     0.00
  MONTH TO DATE    0.60                      1.71  -1.11     1.16
  SINCE JUN 1      0.90                      4.29  -3.39     2.04
  SINCE JAN 1      3.78                     11.07  -7.29     5.46

SNOWFALL (IN)
  YESTERDAY        0.0
  MONTH TO DATE    0.0
  SINCE JUN 1      0.0
  SINCE JUL 1      0.0

DEGREE DAYS
 HEATING
  YESTERDAY        0                         0      0        0
  MONTH TO DATE    0                         0      0        0
  SINCE JUN 1      0                         0      0        0
  SINCE JUL 1      0                         0      0        0

 COOLING
  YESTERDAY       26                        22      4       26
  MONTH TO DATE  561                       540     21      543
  SINCE JUN 1   1231                      1168     63     1220
  SINCE JAN 1   2287                      2423   -136     2516
..................................................................


WIND (MPH)
  HIGHEST WIND SPEED    26   HIGHEST WIND DIRECTION    SE (130)
  HIGHEST GUST SPEED    32   HIGHEST GUST DIRECTION    SE (130)
  AVERAGE WIND SPEED    14.0



WEATHER CONDITIONS
 THE FOLLOWING WEATHER WAS RECORDED YESTERDAY.
  NO SIGNIFICANT WEATHER WAS OBSERVED.


RELATIVE HUMIDITY (PERCENT)
 HIGHEST    91
 LOWEST     29
 AVERAGE    60

..........................................................


THE MCALLEN CLIMATE NORMALS FOR TODAY
                         NORMAL    RECORD    YEAR
 MAXIMUM TEMPERATURE (F)   98       105      2009
 MINIMUM TEMPERATURE (F)   77        67      1976


SUNRISE AND SUNSET
JULY 26 2014..........SUNRISE   656 AM CDT   SUNSET   823 PM CDT
JULY 27 2014..........SUNRISE   656 AM CDT   SUNSET   822 PM CDT


-  INDICATES NEGATIVE NUMBERS.
R  INDICATES RECORD WAS SET OR TIED.
MM INDICATES DATA IS MISSING.
T  INDICATES TRACE AMOUNT.




$$
