000
CDUS44 KBRO 290817
CLIMFE


CLIMATE REPORT
NATIONAL WEATHER SERVICE BROWNSVILLE TX
217 AM CST MON DEC 29 2014


...................................

...THE MCALLEN CLIMATE SUMMARY FOR DECEMBER 28 2014...

CLIMATE NORMAL PERIOD 1981 TO 2010
CLIMATE RECORD PERIOD 1941 TO 2014


WEATHER ITEM   OBSERVED TIME   RECORD YEAR NORMAL DEPARTURE LAST
                VALUE   (LST)  VALUE       VALUE  FROM      YEAR
                                                  NORMAL
..................................................................
TEMPERATURE (F)
 YESTERDAY
  MAXIMUM         53    403 PM  93    1968  70    -17       62
  MINIMUM         43   1123 PM  32    1983  50     -7       52
                                      1997
  AVERAGE         48                        60    -12

PRECIPITATION (IN)
  YESTERDAY        0.25R         0.25 2014   0.04   0.21      T
  MONTH TO DATE    0.79                      1.06  -0.27     0.97
  SINCE DEC 1      0.79                      1.06  -0.27     0.97
  SINCE JAN 1     20.06                     22.07  -2.01    16.44

SNOWFALL (IN)
  YESTERDAY       MM
  MONTH TO DATE    0.0
  SINCE DEC 1      0.0
  SINCE JUL 1      0.0

DEGREE DAYS
 HEATING
  YESTERDAY       17                         7     10        8
  MONTH TO DATE   76                       157    -81      202
  SINCE DEC 1     76                       157    -81      202
  SINCE JUL 1    205                       217    -12      328

 COOLING
  YESTERDAY        0                         2     -2        0
  MONTH TO DATE   83                        76      7       46
  SINCE DEC 1     83                        76      7       46
  SINCE JAN 1   4317                      4445   -128     4581
..................................................................


WIND (MPH)
  HIGHEST WIND SPEED    21   HIGHEST WIND DIRECTION    NW (330)
  HIGHEST GUST SPEED    27   HIGHEST GUST DIRECTION    NW (320)
  AVERAGE WIND SPEED     9.9



WEATHER CONDITIONS
 THE FOLLOWING WEATHER WAS RECORDED YESTERDAY.
  THUNDERSTORM
  HEAVY RAIN
  RAIN
  LIGHT RAIN
  FOG


RELATIVE HUMIDITY (PERCENT)
 HIGHEST    93
 LOWEST     74
 AVERAGE    84

..........................................................


THE MCALLEN CLIMATE NORMALS FOR TODAY
                         NORMAL    RECORD    YEAR
 MAXIMUM TEMPERATURE (F)   70        85      2010
                                             1951
                                             1970
 MINIMUM TEMPERATURE (F)   50        29      1942
                                             1983


SUNRISE AND SUNSET
DECEMBER 29 2014......SUNRISE   719 AM CST   SUNSET   551 PM CST
DECEMBER 30 2014......SUNRISE   720 AM CST   SUNSET   551 PM CST


-  INDICATES NEGATIVE NUMBERS.
R  INDICATES RECORD WAS SET OR TIED.
MM INDICATES DATA IS MISSING.
T  INDICATES TRACE AMOUNT.




$$
