733
CDUS44 KBRO 122241
CLIMFE


CLIMATE REPORT
NATIONAL WEATHER SERVICE BROWNSVILLE TX
440 PM CST TUE DEC 12 2017


...................................

...THE MCALLEN CLIMATE SUMMARY FOR DECEMBER 12 2017...
VALID TODAY AS OF 0400 PM LOCAL TIME.

CLIMATE NORMAL PERIOD 1981 TO 2010
CLIMATE RECORD PERIOD 1961 TO 2017


WEATHER ITEM   OBSERVED TIME   RECORD YEAR NORMAL DEPARTURE LAST
                VALUE   (LST)  VALUE       VALUE  FROM      YEAR
                                                  NORMAL
..................................................................
TEMPERATURE (F)
 TODAY
  MAXIMUM         76    249 PM  89    1981  72      4       72
  MINIMUM         49    731 AM  31    1966  52     -3       60
  AVERAGE         63                        62      1       66

PRECIPITATION (IN)
  TODAY            0.00          0.80 1985   0.04  -0.04     0.00
  MONTH TO DATE    0.83                      0.42   0.41     0.55
  SINCE DEC 1      0.83                      0.42   0.41     0.55
  SINCE JAN 1     19.35                     21.43  -2.08    13.70

SNOWFALL (IN)
  TODAY            0.0
  MONTH TO DATE    0.0
  SINCE DEC 1      0.0
  SINCE JUL 1      0.0
  SNOW DEPTH       0

DEGREE DAYS
 HEATING
  TODAY            2                         5     -3        0
  MONTH TO DATE   85                        55     30       49
  SINCE DEC 1     85                        55     30       49
  SINCE JUL 1    114                       115     -1       56

 COOLING
  TODAY            0                         3     -3        1
  MONTH TO DATE   47                        38      9       36
  SINCE DEC 1     47                        38      9       36
  SINCE JAN 1   5657                      4407   1250     5550
..................................................................


WIND (MPH)
  HIGHEST WIND SPEED    16   HIGHEST WIND DIRECTION     N (350)
  HIGHEST GUST SPEED    21   HIGHEST GUST DIRECTION     N (340)
  AVERAGE WIND SPEED     5.1



WEATHER CONDITIONS
 THE FOLLOWING WEATHER WAS RECORDED TODAY.
  NO SIGNIFICANT WEATHER WAS OBSERVED.


..........................................................


THE MCALLEN CLIMATE NORMALS FOR TOMORROW
                         NORMAL    RECORD    YEAR
 MAXIMUM TEMPERATURE (F)   72        87      1984
 MINIMUM TEMPERATURE (F)   52        27      1966


SUNRISE AND SUNSET
DECEMBER 12 2017......SUNRISE   711 AM CST   SUNSET   543 PM CST
DECEMBER 13 2017......SUNRISE   712 AM CST   SUNSET   543 PM CST


-  INDICATES NEGATIVE NUMBERS.
R  INDICATES RECORD WAS SET OR TIED.
MM INDICATES DATA IS MISSING.
T  INDICATES TRACE AMOUNT.




$$
