000
CDUS44 KBRO 280625
CLIMFE


CLIMATE REPORT
NATIONAL WEATHER SERVICE BROWNSVILLE TX
125 AM CDT THU AUG 28 2014


...................................

...THE MCALLEN CLIMATE SUMMARY FOR AUGUST 27 2014...

CLIMATE NORMAL PERIOD 1981 TO 2010
CLIMATE RECORD PERIOD 1941 TO 2014


WEATHER ITEM   OBSERVED TIME   RECORD YEAR NORMAL DEPARTURE LAST
                VALUE   (LST)  VALUE       VALUE  FROM      YEAR
                                                  NORMAL
..................................................................
TEMPERATURE (F)
 YESTERDAY
  MAXIMUM        102    259 PM 103    2009  97      5       96
  MINIMUM         78    503 AM  67    1961  76      2       75
  AVERAGE         90                        87      3

PRECIPITATION (IN)
  YESTERDAY        0.00          1.00 1953   0.11  -0.11     0.06
  MONTH TO DATE    1.11                      1.75  -0.64     0.48
  SINCE JUN 1      2.01                      6.33  -4.32     2.52
  SINCE JAN 1      4.89                     13.11  -8.22     5.94

SNOWFALL (IN)
  YESTERDAY        0.0
  MONTH TO DATE    0.0
  SINCE JUN 1      0.0
  SINCE JUL 1      0.0

DEGREE DAYS
 HEATING
  YESTERDAY        0                         0      0        0
  MONTH TO DATE    0                         0      0        0
  SINCE JUN 1      0                         0      0        0
  SINCE JUL 1      0                         0      0        0

 COOLING
  YESTERDAY       25                        22      3       21
  MONTH TO DATE  670                       612     58      626
  SINCE JUN 1   2052                      1914    138     2001
  SINCE JAN 1   3108                      3169    -61     3297
..................................................................


WIND (MPH)
  HIGHEST WIND SPEED    21   HIGHEST WIND DIRECTION     E (70)
  HIGHEST GUST SPEED    28   HIGHEST GUST DIRECTION     E (80)
  AVERAGE WIND SPEED     7.6



WEATHER CONDITIONS
 THE FOLLOWING WEATHER WAS RECORDED YESTERDAY.
  NO SIGNIFICANT WEATHER WAS OBSERVED.


RELATIVE HUMIDITY (PERCENT)
 HIGHEST    85
 LOWEST     29
 AVERAGE    57

..........................................................


THE MCALLEN CLIMATE NORMALS FOR TODAY
                         NORMAL    RECORD    YEAR
 MAXIMUM TEMPERATURE (F)   97       104      2012
 MINIMUM TEMPERATURE (F)   76        67      1958


SUNRISE AND SUNSET
AUGUST 28 2014........SUNRISE   711 AM CDT   SUNSET   757 PM CDT
AUGUST 29 2014........SUNRISE   712 AM CDT   SUNSET   756 PM CDT


-  INDICATES NEGATIVE NUMBERS.
R  INDICATES RECORD WAS SET OR TIED.
MM INDICATES DATA IS MISSING.
T  INDICATES TRACE AMOUNT.




$$
