000
CDUS44 KBRO 230728
CLIMFE


CLIMATE REPORT
NATIONAL WEATHER SERVICE BROWNSVILLE TX
128 AM CST SUN NOV 23 2014


...................................

...THE MCALLEN CLIMATE SUMMARY FOR NOVEMBER 22 2014...

CLIMATE NORMAL PERIOD 1981 TO 2010
CLIMATE RECORD PERIOD 1941 TO 2014


WEATHER ITEM   OBSERVED TIME   RECORD YEAR NORMAL DEPARTURE LAST
                VALUE   (LST)  VALUE       VALUE  FROM      YEAR
                                                  NORMAL
..................................................................
TEMPERATURE (F)
 YESTERDAY
  MAXIMUM         81    234 PM  92    1982  78      3       88
  MINIMUM         64   1159 PM  33    1906  57      7       46
  AVERAGE         73                        67      6

PRECIPITATION (IN)
  YESTERDAY        0.34          1.95 2013   0.02   0.32     1.95
  MONTH TO DATE    0.56                      0.68  -0.12     2.69
  SINCE SEP 1     12.41                      7.23   5.18     9.06
  SINCE JAN 1     19.27                     20.80  -1.53    15.00

SNOWFALL (IN)
  YESTERDAY        0.0
  MONTH TO DATE    0.0
  SINCE SEP 1      0.0
  SINCE JUL 1      0.0

DEGREE DAYS
 HEATING
  YESTERDAY        0                         3     -3        0
  MONTH TO DATE  108                        31     77       21
  SINCE SEP 1    108                        36     72       21
  SINCE JUL 1    108                        36     72       21

 COOLING
  YESTERDAY        8                         5      3        2
  MONTH TO DATE   59                       153    -94      169
  SINCE SEP 1   1023                      1084    -61     1147
  SINCE JAN 1   4218                      4335   -117     4534
..................................................................


WIND (MPH)
  HIGHEST WIND SPEED    28   HIGHEST WIND DIRECTION     S (160)
  HIGHEST GUST SPEED    35   HIGHEST GUST DIRECTION     S (160)
  AVERAGE WIND SPEED    12.6



WEATHER CONDITIONS
 THE FOLLOWING WEATHER WAS RECORDED YESTERDAY.
  THUNDERSTORM
  HEAVY RAIN
  RAIN
  LIGHT RAIN
  FOG


RELATIVE HUMIDITY (PERCENT)
 HIGHEST    97
 LOWEST     67
 AVERAGE    82

..........................................................


THE MCALLEN CLIMATE NORMALS FOR TODAY
                         NORMAL    RECORD    YEAR
 MAXIMUM TEMPERATURE (F)   78        90      1965
 MINIMUM TEMPERATURE (F)   57        38      1912


SUNRISE AND SUNSET
NOVEMBER 23 2014......SUNRISE   657 AM CST   SUNSET   541 PM CST
NOVEMBER 24 2014......SUNRISE   658 AM CST   SUNSET   541 PM CST


-  INDICATES NEGATIVE NUMBERS.
R  INDICATES RECORD WAS SET OR TIED.
MM INDICATES DATA IS MISSING.
T  INDICATES TRACE AMOUNT.




$$
