000
CDUS44 KBRO 280626
CLIMFE


CLIMATE REPORT
NATIONAL WEATHER SERVICE BROWNSVILLE TX
126 AM CDT SUN AUG 28 2016


...................................

...THE MCALLEN CLIMATE SUMMARY FOR AUGUST 27 2016...

CLIMATE NORMAL PERIOD 1981 TO 2010
CLIMATE RECORD PERIOD 1961 TO 2016


WEATHER ITEM   OBSERVED TIME   RECORD YEAR NORMAL DEPARTURE LAST
                VALUE   (LST)  VALUE       VALUE  FROM      YEAR
                                                  NORMAL
..................................................................
TEMPERATURE (F)
 YESTERDAY
  MAXIMUM        103R   331 PM 103    2009  97      6       97
  MINIMUM         78    616 AM  68    1961  76      2       76
  AVERAGE         91                        87      4

PRECIPITATION (IN)
  YESTERDAY        0.00          3.24 1979   0.11  -0.11     0.00
  MONTH TO DATE    0.80                      1.75  -0.95     2.65
  SINCE JUN 1      1.29                      6.33  -5.04     8.29
  SINCE JAN 1      9.26                     13.11  -3.85    19.76

SNOWFALL (IN)
  YESTERDAY        0.0
  MONTH TO DATE    0.0
  SINCE JUN 1      0.0
  SINCE JUL 1      0.0

DEGREE DAYS
 HEATING
  YESTERDAY        0                         0      0        0
  MONTH TO DATE    0                         0      0        0
  SINCE JUN 1      0                         0      0        0
  SINCE JUL 1      0                         0      0        0

 COOLING
  YESTERDAY       26                        22      4       22
  MONTH TO DATE  709                       612     97      703
  SINCE JUN 1   2187                      1914    273     2097
  SINCE JAN 1   3805                      3169    636     3342
..................................................................


WIND (MPH)
  HIGHEST WIND SPEED    20   HIGHEST WIND DIRECTION    SE (120)
  HIGHEST GUST SPEED    26   HIGHEST GUST DIRECTION     E (100)
  AVERAGE WIND SPEED     5.8



WEATHER CONDITIONS
 THE FOLLOWING WEATHER WAS RECORDED YESTERDAY.
  NO SIGNIFICANT WEATHER WAS OBSERVED.


RELATIVE HUMIDITY (PERCENT)
 HIGHEST    91
 LOWEST     33
 AVERAGE    62

..........................................................


THE MCALLEN CLIMATE NORMALS FOR TODAY
                         NORMAL    RECORD    YEAR
 MAXIMUM TEMPERATURE (F)   97       104      2012
 MINIMUM TEMPERATURE (F)   76        69      1970


SUNRISE AND SUNSET
AUGUST 28 2016........SUNRISE   711 AM CDT   SUNSET   756 PM CDT
AUGUST 29 2016........SUNRISE   712 AM CDT   SUNSET   755 PM CDT


-  INDICATES NEGATIVE NUMBERS.
R  INDICATES RECORD WAS SET OR TIED.
MM INDICATES DATA IS MISSING.
T  INDICATES TRACE AMOUNT.




$$
