000
CDUS44 KBRO 232125
CLIMFE


CLIMATE REPORT
NATIONAL WEATHER SERVICE BROWNSVILLE TX
425 PM CDT TUE SEP 23 2014


...................................

...THE MCALLEN CLIMATE SUMMARY FOR SEPTEMBER 23 2014...
VALID TODAY AS OF 0400 PM LOCAL TIME.

CLIMATE NORMAL PERIOD 1981 TO 2010
CLIMATE RECORD PERIOD 1941 TO 2014


WEATHER ITEM   OBSERVED TIME   RECORD YEAR NORMAL DEPARTURE LAST
                VALUE   (LST)  VALUE       VALUE  FROM      YEAR
                                                  NORMAL
..................................................................
TEMPERATURE (F)
 TODAY
  MAXIMUM         89   1150 AM 105    2005  92     -3       93
  MINIMUM         71    617 AM  56    1975  72     -1       66
                                      1995
  AVERAGE         80                        82     -2       80

PRECIPITATION (IN)
  TODAY            0.02          4.18 1974   0.13  -0.11     0.00
  MONTH TO DATE    8.80                      3.62   5.18     6.22
  SINCE SEP 1      8.80                      3.62   5.18     6.22
  SINCE JAN 1     15.66                     17.19  -1.53    12.16

SNOWFALL (IN)
  TODAY            0.0
  MONTH TO DATE    0.0
  SINCE SEP 1      0.0
  SINCE JUL 1      0.0
  SNOW DEPTH       0

DEGREE DAYS
 HEATING
  TODAY            0                         0      0        0
  MONTH TO DATE    0                         0      0        0
  SINCE SEP 1      0                         0      0        0
  SINCE JUL 1      0                         0      0        0

 COOLING
  TODAY           15                        17     -2       15
  MONTH TO DATE  420                       437    -17      416
  SINCE SEP 1    420                       437    -17      416
  SINCE JAN 1   3615                      3688    -73     3803
..................................................................


WIND (MPH)
  HIGHEST WIND SPEED    16   HIGHEST WIND DIRECTION     N (10)
  HIGHEST GUST SPEED    21   HIGHEST GUST DIRECTION     N (10)
  AVERAGE WIND SPEED     5.4



WEATHER CONDITIONS
 THE FOLLOWING WEATHER WAS RECORDED TODAY.
  FOG


..........................................................


THE MCALLEN CLIMATE NORMALS FOR TOMORROW
                         NORMAL    RECORD    YEAR
 MAXIMUM TEMPERATURE (F)   91       105      2005
 MINIMUM TEMPERATURE (F)   72        56      1975


SUNRISE AND SUNSET
SEPTEMBER 23 2014.....SUNRISE   722 AM CDT   SUNSET   728 PM CDT
SEPTEMBER 24 2014.....SUNRISE   722 AM CDT   SUNSET   727 PM CDT


-  INDICATES NEGATIVE NUMBERS.
R  INDICATES RECORD WAS SET OR TIED.
MM INDICATES DATA IS MISSING.
T  INDICATES TRACE AMOUNT.




$$
