000
CDUS44 KBRO 050625
CLIMFE


CLIMATE REPORT
NATIONAL WEATHER SERVICE BROWNSVILLE TX
125 AM CDT THU MAY 5 2016


...................................

...THE MCALLEN CLIMATE SUMMARY FOR MAY 4 2016...

CLIMATE NORMAL PERIOD 1981 TO 2010
CLIMATE RECORD PERIOD 1961 TO 2016


WEATHER ITEM   OBSERVED TIME   RECORD YEAR NORMAL DEPARTURE LAST
                VALUE   (LST)  VALUE       VALUE  FROM      YEAR
                                                  NORMAL
..................................................................
TEMPERATURE (F)
 YESTERDAY
  MAXIMUM         93    433 PM 110    1999  89      4       87
  MINIMUM         66   1144 PM  52    2013  70     -4       74
  AVERAGE         80                        80      0

PRECIPITATION (IN)
  YESTERDAY        0.00          2.94 1966   0.07  -0.07     0.00
  MONTH TO DATE    T                         0.26  -0.26      T
  SINCE MAR 1      0.62                      2.63  -2.01     5.98
  SINCE JAN 1      1.02                      4.79  -3.77     6.57

SNOWFALL (IN)
  YESTERDAY        0.0
  MONTH TO DATE    0.0
  SINCE MAR 1      0.0
  SINCE JUL 1      0.0

DEGREE DAYS
 HEATING
  YESTERDAY        0                         0      0        0
  MONTH TO DATE    0                         0      0        0
  SINCE MAR 1      7                        46    -39       66
  SINCE JUL 1    318                       579   -261      756

 COOLING
  YESTERDAY       15                        15      0       16
  MONTH TO DATE   56                        57     -1       51
  SINCE MAR 1    878                       629    249      647
  SINCE JAN 1   1083                       788    295      732
..................................................................


WIND (MPH)
  HIGHEST WIND SPEED    18   HIGHEST WIND DIRECTION    SE (120)
  HIGHEST GUST SPEED    22   HIGHEST GUST DIRECTION    SE (120)
  AVERAGE WIND SPEED     8.0



WEATHER CONDITIONS
 THE FOLLOWING WEATHER WAS RECORDED YESTERDAY.
  NO SIGNIFICANT WEATHER WAS OBSERVED.


RELATIVE HUMIDITY (PERCENT)
 HIGHEST    73
 LOWEST     20
 AVERAGE    47

..........................................................


THE MCALLEN CLIMATE NORMALS FOR TODAY
                         NORMAL    RECORD    YEAR
 MAXIMUM TEMPERATURE (F)   90       106      1999
 MINIMUM TEMPERATURE (F)   70        52      1970


SUNRISE AND SUNSET
MAY  5 2016...........SUNRISE   652 AM CDT   SUNSET   807 PM CDT
MAY  6 2016...........SUNRISE   652 AM CDT   SUNSET   808 PM CDT


-  INDICATES NEGATIVE NUMBERS.
R  INDICATES RECORD WAS SET OR TIED.
MM INDICATES DATA IS MISSING.
T  INDICATES TRACE AMOUNT.




$$
