000
CDUS44 KBRO 250627
CLIMFE


CLIMATE REPORT
NATIONAL WEATHER SERVICE BROWNSVILLE TX
127 AM CDT SUN JUN 25 2017


...................................

...THE MCALLEN CLIMATE SUMMARY FOR JUNE 24 2017...

CLIMATE NORMAL PERIOD 1981 TO 2010
CLIMATE RECORD PERIOD 1961 TO 2017


WEATHER ITEM   OBSERVED TIME   RECORD YEAR NORMAL DEPARTURE LAST
                VALUE   (LST)  VALUE       VALUE  FROM      YEAR
                                                  NORMAL
..................................................................
TEMPERATURE (F)
 YESTERDAY
  MAXIMUM        103R   300 PM 102    1990  97      6       99
  MINIMUM         80   1159 PM  70    1974  76      4       77
  AVERAGE         92                        86      6

PRECIPITATION (IN)
  YESTERDAY        T             1.83 1973   0.10  -0.10     0.00
  MONTH TO DATE    0.07                      2.06  -1.99     0.22
  SINCE JUN 1      0.07                      2.06  -1.99     0.22
  SINCE JAN 1      5.94                      8.84  -2.90     8.19

SNOWFALL (IN)
  YESTERDAY        0.0
  MONTH TO DATE    0.0
  SINCE JUN 1      0.0
  SINCE JUL 1      0.0

DEGREE DAYS
 HEATING
  YESTERDAY        0                         0      0        0
  MONTH TO DATE    0                         0      0        0
  SINCE JUN 1      0                         0      0        0
  SINCE JUL 1    189                       579   -390      318

 COOLING
  YESTERDAY       27                        21      6       23
  MONTH TO DATE  603                       498    105      515
  SINCE JUN 1    603                       498    105      515
  SINCE JAN 1   2542                      1753    789     2133
..................................................................


WIND (MPH)
  HIGHEST WIND SPEED    23   HIGHEST WIND DIRECTION    SE (150)
  HIGHEST GUST SPEED    30   HIGHEST GUST DIRECTION    NE (60)
  AVERAGE WIND SPEED    11.6



WEATHER CONDITIONS
 THE FOLLOWING WEATHER WAS RECORDED YESTERDAY.
  THUNDERSTORM
  LIGHT RAIN


RELATIVE HUMIDITY (PERCENT)
 HIGHEST    88
 LOWEST     37
 AVERAGE    63

..........................................................


THE MCALLEN CLIMATE NORMALS FOR TODAY
                         NORMAL    RECORD    YEAR
 MAXIMUM TEMPERATURE (F)   97       103      2012
 MINIMUM TEMPERATURE (F)   76        68      1974


SUNRISE AND SUNSET
JUNE 25 2017..........SUNRISE   642 AM CDT   SUNSET   829 PM CDT
JUNE 26 2017..........SUNRISE   643 AM CDT   SUNSET   829 PM CDT


-  INDICATES NEGATIVE NUMBERS.
R  INDICATES RECORD WAS SET OR TIED.
MM INDICATES DATA IS MISSING.
T  INDICATES TRACE AMOUNT.




$$
